000
CDUS43 KMPX 152226
CLIMPX


CLIMATE REPORT
NATIONAL WEATHER SERVICE CHANHASSEN MN
426 PM CST WED FEB 15 2017


...................................

...THE CHANHASSEN MN CLIMATE SUMMARY FOR FEBRUARY 15 2017...
VALID AS OF 0400 PM LOCAL TIME.

CLIMATE NORMAL PERIOD 1981 TO 2010
CLIMATE RECORD PERIOD 1995 TO 2017


WEATHER ITEM   OBSERVED TIME   RECORD YEAR NORMAL DEPARTURE LAST
                VALUE   (LST)  VALUE       VALUE  FROM      YEAR
                                                  NORMAL
..................................................................
TEMPERATURE (F)
 TODAY
  MAXIMUM         36        MM  43    2002  28      8       32
  MINIMUM         18        MM -13    2001  10      8       16
  AVERAGE         27                        19      8       24

PRECIPITATION (IN)
  TODAY            0.00          0.08 2014   0.03  -0.03      T
  MONTH TO DATE    0.04                      0.46  -0.42     0.78
  SINCE DEC 1      3.17                      2.58   0.59     3.06
  SINCE JAN 1      0.92                      1.33  -0.41     1.09

SNOWFALL (IN)
  TODAY            0.0           1.5  2014   0.3   -0.3       T
  MONTH TO DATE    T                         5.2   -5.2     12.4
  SINCE DEC 1     27.3                      29.4   -2.1     26.4
  SINCE JUL 1     32.4                      35.2   -2.8     29.4
  SNOW DEPTH       0

DEGREE DAYS
 HEATING
  TODAY           38                        46     -8       41
  MONTH TO DATE  627                       718    -91      753
  SINCE DEC 1   3482                      3742   -260     3412
  SINCE JUL 1   4705                      5449   -744     4744

 COOLING
  TODAY            0                         0      0        0
  MONTH TO DATE    0                         0      0        0
  SINCE DEC 1      0                         0      0        0
  SINCE JAN 1      0                         0      0        0
..................................................................




SKY COVER
  POSSIBLE SUNSHINE  MM
  AVERAGE SKY COVER  MM


WEATHER CONDITIONS
 THE FOLLOWING WEATHER WAS RECORDED TODAY.
  NO SIGNIFICANT WEATHER WAS OBSERVED.


RELATIVE HUMIDITY (PERCENT)
 HIGHEST    MM
 LOWEST     MM
 AVERAGE    MM

..........................................................


THE CHANHASSEN MN CLIMATE NORMALS FOR TOMORROW
                         NORMAL    RECORD    YEAR
 MAXIMUM TEMPERATURE (F)   28        54      2011
 MINIMUM TEMPERATURE (F)   11        -5      2007


SUNRISE AND SUNSET
FEBRUARY 15 2017......SUNRISE   714 AM CST   SUNSET   543 PM CST
FEBRUARY 16 2017......SUNRISE   713 AM CST   SUNSET   544 PM CST


-  INDICATES NEGATIVE NUMBERS.
R  INDICATES RECORD WAS SET OR TIED.
MM INDICATES DATA IS MISSING.
T  INDICATES TRACE AMOUNT.




$$
