000
CDUS43 KMPX 250045
CLIMPX


CLIMATE REPORT
NATIONAL WEATHER SERVICE CHANHASSEN MN
745 PM CDT WED SEP 24 2014


...................................

...THE CHANHASSEN MN CLIMATE SUMMARY FOR SEPTEMBER 24 2014...
VALID TODAY AS OF 0700 PM LOCAL TIME.

CLIMATE NORMAL PERIOD 1981 TO 2010
CLIMATE RECORD PERIOD 1995 TO 2014


WEATHER ITEM   OBSERVED NORMAL DEPARTURE LAST
                VALUE   VALUE  FROM      YEAR
                               NORMAL
...............................................
TEMPERATURE (F)
 TODAY
  MAXIMUM         63     67     -4       74
  MINIMUM         57     47     10       50
  AVERAGE         60     57      3       62

PRECIPITATION (IN)
  TODAY            0.11   0.11   0.00     0.00
  MONTH TO DATE    1.12   2.83  -1.71     1.38
  SINCE SEP 1      1.12   2.83  -1.71     1.38
  SINCE JAN 1     33.63  24.83   8.80    29.59

SNOWFALL (IN)
  TODAY            0.0    0.0    0.0      0.0
  MONTH TO DATE    0.0    0.0    0.0      0.0
  SINCE SEP 1      0.0    0.0    0.0      0.0
  SINCE JUL 1      0.0    0.0    0.0      0.0
  SNOW DEPTH       0

DEGREE DAYS
 HEATING
  TODAY            5      9     -4        3
  MONTH TO DATE  139    115     24       90
  SINCE SEP 1    139    115     24       90
  SINCE JUL 1    155    138     17      111

 COOLING
  TODAY            0      1     -1        0
  MONTH TO DATE   22     45    -23       73
  SINCE SEP 1     22     45    -23       73
  SINCE JAN 1    501    598    -97      652
...............................................







THE CHANHASSEN MN CLIMATE NORMALS FOR TOMORROW
                         NORMAL
 MAXIMUM TEMPERATURE (F)   67
 MINIMUM TEMPERATURE (F)   46



-  INDICATES NEGATIVE NUMBERS.
R  INDICATES RECORD WAS SET OR TIED.
MM INDICATES DATA IS MISSING.
T  INDICATES TRACE AMOUNT.




$$
