000
CDUS43 KMPX 240632
CLIMPX


CLIMATE REPORT
NATIONAL WEATHER SERVICE CHANHASSEN MN
131 AM CDT FRI MAR 24 2017


...................................

...THE CHANHASSEN MN CLIMATE SUMMARY FOR MARCH 23 2017...

CLIMATE NORMAL PERIOD 1981 TO 2010
CLIMATE RECORD PERIOD 1995 TO 2017


WEATHER ITEM   OBSERVED TIME   RECORD YEAR NORMAL DEPARTURE LAST
                VALUE   (LST)  VALUE       VALUE  FROM      YEAR
                                                  NORMAL
..................................................................
TEMPERATURE (F)
 YESTERDAY
  MAXIMUM         38        MM  MM      MM  44     -6       34
  MINIMUM         35        MM  MM      MM  26      9       28
  AVERAGE         37                        35      2       31

PRECIPITATION (IN)
  YESTERDAY        0.20         MM      MM   0.07   0.13     0.21
  MONTH TO DATE    0.55                      1.18  -0.63     0.37
  SINCE MAR 1      0.55                      1.18  -0.63     0.37
  SINCE JAN 1      2.15                      2.99  -0.84     1.86

SNOWFALL (IN)
  YESTERDAY        0.0          MM      MM   0.3   -0.3      3.2
  MONTH TO DATE    5.5                       8.7   -3.2      5.1
  SINCE MAR 1      5.5                       8.7   -3.2      5.1
  SINCE JUL 1     37.9                      48.4  -10.5     35.0
  SNOW DEPTH       0

DEGREE DAYS
 HEATING
  YESTERDAY       28                        30     -2       34
  MONTH TO DATE  835                       820     15      601
  SINCE MAR 1    835                       820     15      601
  SINCE JUL 1   5904                      6835   -931     5816

 COOLING
  YESTERDAY        0                         0      0        0
  MONTH TO DATE    0                         0      0        0
  SINCE MAR 1      0                         0      0        0
  SINCE JAN 1      0                         0      0        0
..................................................................


WIND (MPH)
  HIGHEST WIND SPEED    MM   HIGHEST WIND DIRECTION    MM
  HIGHEST GUST SPEED    MM   HIGHEST GUST DIRECTION    MM
  AVERAGE WIND SPEED    MM


SKY COVER
  POSSIBLE SUNSHINE  MM
  AVERAGE SKY COVER  MM


WEATHER CONDITIONS
 THE FOLLOWING WEATHER WAS RECORDED YESTERDAY.
  NO SIGNIFICANT WEATHER WAS OBSERVED.


RELATIVE HUMIDITY (PERCENT)
 HIGHEST    MM
 LOWEST     MM
 AVERAGE    MM

..........................................................


THE CHANHASSEN MN CLIMATE NORMALS FOR TODAY
                         NORMAL    RECORD    YEAR
 MAXIMUM TEMPERATURE (F)   44        MM        MM
 MINIMUM TEMPERATURE (F)   26        MM        MM


SUNRISE AND SUNSET
MARCH 24 2017.........SUNRISE   709 AM CDT   SUNSET   732 PM CDT
MARCH 25 2017.........SUNRISE   708 AM CDT   SUNSET   733 PM CDT


-  INDICATES NEGATIVE NUMBERS.
R  INDICATES RECORD WAS SET OR TIED.
MM INDICATES DATA IS MISSING.
T  INDICATES TRACE AMOUNT.




$$
