000
CDUS43 KMPX 192237
CLIMPX


CLIMATE REPORT
NATIONAL WEATHER SERVICE CHANHASSEN MN
436 PM CST THU JAN 19 2017


...................................

...THE CHANHASSEN MN CLIMATE SUMMARY FOR JANUARY 19 2017...
VALID AS OF 0400 PM LOCAL TIME.

CLIMATE NORMAL PERIOD 1981 TO 2010
CLIMATE RECORD PERIOD 1995 TO 2017


WEATHER ITEM   OBSERVED TIME   RECORD YEAR NORMAL DEPARTURE LAST
                VALUE   (LST)  VALUE       VALUE  FROM      YEAR
                                                  NORMAL
..................................................................
TEMPERATURE (F)
 TODAY
  MAXIMUM         40R       MM  39    2015  23     17        7
                                      2013
  MINIMUM         31        MM -16    2008   5     26      -11
  AVERAGE         36                        14     22       -2

PRECIPITATION (IN)
  TODAY            0.00          0.05 2002   0.03  -0.03      T
  MONTH TO DATE    0.50                      0.56  -0.06     0.21
  SINCE DEC 1      2.75                      1.81   0.94     2.18
  SINCE JAN 1      0.50                      0.56  -0.06     0.21

SNOWFALL (IN)
  TODAY            0.0           1.7  2002   0.4   -0.4      0.2
  MONTH TO DATE    4.8                       6.2   -1.4      3.1
  SINCE DEC 1     23.2                      20.1    3.1     12.4
  SINCE JUL 1     28.3                      25.9    2.4     15.4
  SNOW DEPTH       3

DEGREE DAYS
 HEATING
  TODAY           29                        51    -22       67
  MONTH TO DATE  980                       967     13     1036
  SINCE DEC 1   2412                      2421     -9     2164
  SINCE JUL 1   3635                      4128   -493     3496

 COOLING
  TODAY            0                         0      0        0
  MONTH TO DATE    0                         0      0        0
  SINCE DEC 1      0                         0      0        0
  SINCE JAN 1      0                         0      0        0
..................................................................




SKY COVER
  POSSIBLE SUNSHINE  MM
  AVERAGE SKY COVER  MM


WEATHER CONDITIONS
 THE FOLLOWING WEATHER WAS RECORDED TODAY.
  NO SIGNIFICANT WEATHER WAS OBSERVED.


RELATIVE HUMIDITY (PERCENT)
 HIGHEST    MM
 LOWEST     MM
 AVERAGE    MM

..........................................................


THE CHANHASSEN MN CLIMATE NORMALS FOR TOMORROW
                         NORMAL    RECORD    YEAR
 MAXIMUM TEMPERATURE (F)   23        31      2015
                                             2006
                                             2002
 MINIMUM TEMPERATURE (F)    5       -15      2011
                                             2008


SUNRISE AND SUNSET
JANUARY 19 2017.......SUNRISE   746 AM CST   SUNSET   505 PM CST
JANUARY 20 2017.......SUNRISE   745 AM CST   SUNSET   506 PM CST


-  INDICATES NEGATIVE NUMBERS.
R  INDICATES RECORD WAS SET OR TIED.
MM INDICATES DATA IS MISSING.
T  INDICATES TRACE AMOUNT.




$$
