000
CDUS43 KMPX 010052
CLIMPX


CLIMATE REPORT
NATIONAL WEATHER SERVICE CHANHASSEN MN
752 PM CDT THU JUL 31 2014


...................................

...THE CHANHASSEN MN CLIMATE SUMMARY FOR JULY 31 2014...
VALID TODAY AS OF 0700 PM LOCAL TIME.

CLIMATE NORMAL PERIOD 1981 TO 2010
CLIMATE RECORD PERIOD 1995 TO 2014


WEATHER ITEM   OBSERVED NORMAL DEPARTURE LAST
                VALUE   VALUE  FROM      YEAR
                               NORMAL
...............................................
TEMPERATURE (F)
 TODAY
  MAXIMUM         81     82     -1       79
  MINIMUM         58     62     -4       59
  AVERAGE         70     72     -2       69

PRECIPITATION (IN)
  TODAY            0.00   0.12  -0.12     0.07
  MONTH TO DATE    3.33   3.59  -0.26     4.69
  SINCE JUN 1     13.75   7.61   6.14    10.97
  SINCE JAN 1     29.65  17.86  11.79    26.47

SNOWFALL (IN)
  TODAY            0.0    0.0    0.0      0.0
  MONTH TO DATE    0.0    0.0    0.0      0.0
  SINCE JUN 1      0.0    0.0    0.0      0.0
  SINCE JUL 1      0.0    0.0    0.0      0.0
  SNOW DEPTH       0

DEGREE DAYS
 HEATING
  TODAY            0      0      0        0
  MONTH TO DATE   13      0     13       16
  SINCE JUN 1     46     57    -11       78
  SINCE JUL 1     13      8      5       16

 COOLING
  TODAY            5      7     -2        4
  MONTH TO DATE  142    225    -83      239
  SINCE JUN 1    254    352    -98      351
  SINCE JAN 1    291    385    -94      374
...............................................







THE CHANHASSEN MN CLIMATE NORMALS FOR TOMORROW
                         NORMAL
 MAXIMUM TEMPERATURE (F)   82
 MINIMUM TEMPERATURE (F)   62



-  INDICATES NEGATIVE NUMBERS.
R  INDICATES RECORD WAS SET OR TIED.
MM INDICATES DATA IS MISSING.
T  INDICATES TRACE AMOUNT.




$$
