000
CDUS43 KMPX 312222
CLIMPX


CLIMATE REPORT
NATIONAL WEATHER SERVICE CHANHASSEN MN
422 PM CST SAT JAN 31 2015


...................................

...THE CHANHASSEN MN CLIMATE SUMMARY FOR JANUARY 31 2015...
VALID AS OF 0400 PM LOCAL TIME.

CLIMATE NORMAL PERIOD 1981 TO 2010
CLIMATE RECORD PERIOD 1995 TO 2015


WEATHER ITEM   OBSERVED TIME   RECORD YEAR NORMAL DEPARTURE LAST
                VALUE   (LST)  VALUE       VALUE  FROM      YEAR
                                                  NORMAL
..................................................................
TEMPERATURE (F)
 TODAY
  MAXIMUM         28        MM  MM      MM  24      4        8
  MINIMUM         16        MM  MM      MM   6     10      -15
  AVERAGE         22                        15      7       -3

PRECIPITATION (IN)
  TODAY            0.00         MM      MM   0.03  -0.03     0.00
  MONTH TO DATE    0.37                      0.87  -0.50     1.32
  SINCE DEC 1      1.34                      2.12  -0.78     2.58
  SINCE JAN 1      0.37                      0.87  -0.50     1.32

SNOWFALL (IN)
  TODAY            0.0          MM      MM   0.3   -0.3      0.0
  MONTH TO DATE    4.5                      10.3   -5.8     18.3
  SINCE DEC 1     11.2                      24.2  -13.0     35.1
  SINCE JUL 1     19.3                      30.0  -10.7     36.9
  SNOW DEPTH       0

DEGREE DAYS
 HEATING
  TODAY           43                        50     -7       68
  MONTH TO DATE 1483                      1572    -89     1821
  SINCE DEC 1   2782                      3024   -242     3528
  SINCE JUL 1   4719                      4731    -12     5250

 COOLING
  TODAY            0                         0      0        0
  MONTH TO DATE    0                         0      0        0
  SINCE DEC 1      0                         0      0        0
  SINCE JAN 1      0                         0      0        0
..................................................................




SKY COVER
  POSSIBLE SUNSHINE  MM
  AVERAGE SKY COVER  MM


WEATHER CONDITIONS
 THE FOLLOWING WEATHER WAS RECORDED TODAY.
  NO SIGNIFICANT WEATHER WAS OBSERVED.


RELATIVE HUMIDITY (PERCENT)
 HIGHEST    MM
 LOWEST     MM
 AVERAGE    MM

..........................................................


THE CHANHASSEN MN CLIMATE NORMALS FOR TOMORROW
                         NORMAL    RECORD    YEAR
 MAXIMUM TEMPERATURE (F)   25        MM        MM
 MINIMUM TEMPERATURE (F)    7        MM        MM


SUNRISE AND SUNSET
JANUARY 31 2015.......SUNRISE   735 AM CST   SUNSET   521 PM CST
FEBRUARY  1 2015......SUNRISE   734 AM CST   SUNSET   522 PM CST


-  INDICATES NEGATIVE NUMBERS.
R  INDICATES RECORD WAS SET OR TIED.
MM INDICATES DATA IS MISSING.
T  INDICATES TRACE AMOUNT.




$$
