000
CDUS43 KMPX 042217
CLIMPX


CLIMATE REPORT
NATIONAL WEATHER SERVICE CHANHASSEN MN
417 PM CST THU JAN 4 2018


...................................

...THE CHANHASSEN MN CLIMATE SUMMARY FOR JANUARY 4 2018...
VALID TODAY AS OF 0400 PM LOCAL TIME.

CLIMATE NORMAL PERIOD 1981 TO 2010
CLIMATE RECORD PERIOD 1995 TO 2018


WEATHER ITEM   OBSERVED TIME   RECORD YEAR NORMAL DEPARTURE LAST
                VALUE   (LST)  VALUE       VALUE  FROM      YEAR
                                                  NORMAL
..................................................................
TEMPERATURE (F)
 TODAY
  MAXIMUM          2        MM  39    2007  23    -21        1
  MINIMUM         -4        MM -12           6    -10       -8
  AVERAGE         -1                        14    -15       -3

PRECIPITATION (IN)
  TODAY            0.00          T    2003   0.04  -0.04      T
                                      2003
                                      2017
  MONTH TO DATE    T                         0.13  -0.13     0.01
  SINCE DEC 1      0.65                      1.38  -0.73     2.26
  SINCE JAN 1      T                         0.13  -0.13     0.01

SNOWFALL (IN)
  TODAY            0.0           0.2  2004   0.3   -0.3       T
  MONTH TO DATE    0.1                       1.4   -1.3       T
  SINCE DEC 1      6.7                      15.3   -8.6     18.4
  SINCE JUL 1      8.5                      21.1  -12.6     23.5
  SNOW DEPTH       2

DEGREE DAYS
 HEATING
  TODAY           66                        51     15       68
  MONTH TO DATE  269                       202     67      196
  SINCE DEC 1   1748                      1656     92     1628
  SINCE JUL 1   3361                      3363     -2     2851

 COOLING
  TODAY            0                         0      0        0
  MONTH TO DATE    0                         0      0        0
  SINCE DEC 1      0                         0      0        0
  SINCE JAN 1      0                         0      0        0
..................................................................


WIND (MPH)
  HIGHEST WIND SPEED    MM   HIGHEST WIND DIRECTION    MM
  HIGHEST GUST SPEED    MM   HIGHEST GUST DIRECTION    MM
  AVERAGE WIND SPEED    MM


SKY COVER
  POSSIBLE SUNSHINE  MM
  AVERAGE SKY COVER  MM


WEATHER CONDITIONS
 THE FOLLOWING WEATHER WAS RECORDED TODAY.
  NO SIGNIFICANT WEATHER WAS OBSERVED.


RELATIVE HUMIDITY (PERCENT)
 HIGHEST    MM
 LOWEST     MM
 AVERAGE    MM

..........................................................


THE CHANHASSEN MN CLIMATE NORMALS FOR TOMORROW
                         NORMAL    RECORD    YEAR
 MAXIMUM TEMPERATURE (F)   23        46      2012
 MINIMUM TEMPERATURE (F)    6       -22      2014


SUNRISE AND SUNSET
JANUARY  4 2018.......SUNRISE   752 AM CST   SUNSET   447 PM CST
JANUARY  5 2018.......SUNRISE   752 AM CST   SUNSET   448 PM CST


-  INDICATES NEGATIVE NUMBERS.
R  INDICATES RECORD WAS SET OR TIED.
MM INDICATES DATA IS MISSING.
T  INDICATES TRACE AMOUNT.




$$
