000
CDUS43 KMPX 120030
CLIMPX


CLIMATE REPORT
NATIONAL WEATHER SERVICE CHANHASSEN MN
729 PM CDT WED MAY 11 2016


...................................

...THE CHANHASSEN MN CLIMATE SUMMARY FOR MAY 11 2016...
VALID TODAY AS OF 0700 PM LOCAL TIME.

CLIMATE NORMAL PERIOD 1981 TO 2010
CLIMATE RECORD PERIOD 1995 TO 2016


WEATHER ITEM   OBSERVED TIME   RECORD YEAR NORMAL DEPARTURE LAST
                VALUE   (LST)  VALUE       VALUE  FROM      YEAR
                                                  NORMAL
..................................................................
TEMPERATURE (F)
 TODAY
  MAXIMUM         54        MM  MM      MM  67    -13       54
  MINIMUM         48        MM  MM          46      2       41
  AVERAGE         51                        57     -6       48

PRECIPITATION (IN)
  TODAY            0.13         MM      MM   0.12   0.01     0.04
  MONTH TO DATE    0.97                      1.27  -0.30     1.84
  SINCE MAR 1      5.70                      6.05  -0.35     4.84
  SINCE JAN 1      7.19                      7.86  -0.67     5.60

SNOWFALL (IN)
  TODAY            0.0          MM      MM   0.1   -0.1      0.0
  MONTH TO DATE    0.0                       0.3   -0.3       T
  SINCE MAR 1      5.6                      14.5   -8.9      9.3
  SINCE JUL 1     35.5                      54.2  -18.7     33.4
  SNOW DEPTH       0

DEGREE DAYS
 HEATING
  TODAY           14                         9      5       17
  MONTH TO DATE  109                       115     -6       74
  SINCE MAR 1   1450                      1719   -269     1550
  SINCE JUL 1   6665                      7734  -1069     7808

 COOLING
  TODAY            0                         1     -1        0
  MONTH TO DATE    9                         5      4        1
  SINCE MAR 1     16                         8      8        1
  SINCE JAN 1     16                         8      8        1
..................................................................


WIND (MPH)
  HIGHEST WIND SPEED    MM   HIGHEST WIND DIRECTION    MM
  HIGHEST GUST SPEED    MM   HIGHEST GUST DIRECTION    MM
  AVERAGE WIND SPEED    MM


SKY COVER
  POSSIBLE SUNSHINE  MM
  AVERAGE SKY COVER  MM


WEATHER CONDITIONS
 THE FOLLOWING WEATHER WAS RECORDED TODAY.
  NO SIGNIFICANT WEATHER WAS OBSERVED.


RELATIVE HUMIDITY (PERCENT)
 HIGHEST    MM
 LOWEST     MM
 AVERAGE    MM

..........................................................


THE CHANHASSEN MN CLIMATE NORMALS FOR TOMORROW
                         NORMAL    RECORD    YEAR
 MAXIMUM TEMPERATURE (F)   68        MM        MM
 MINIMUM TEMPERATURE (F)   46        MM        MM


SUNRISE AND SUNSET
MAY 11 2016...........SUNRISE   550 AM CDT   SUNSET   832 PM CDT
MAY 12 2016...........SUNRISE   549 AM CDT   SUNSET   833 PM CDT


-  INDICATES NEGATIVE NUMBERS.
R  INDICATES RECORD WAS SET OR TIED.
MM INDICATES DATA IS MISSING.
T  INDICATES TRACE AMOUNT.




$$
