000
CDUS43 KMPX 050719
CLIMPX


CLIMATE REPORT
NATIONAL WEATHER SERVICE CHANHASSEN MN
118 AM CST MON FEB 5 2018


...................................

...THE CHANHASSEN MN CLIMATE SUMMARY FOR FEBRUARY 4 2018...

CLIMATE NORMAL PERIOD 1981 TO 2010
CLIMATE RECORD PERIOD 1995 TO 2018


WEATHER ITEM   OBSERVED TIME   RECORD YEAR NORMAL DEPARTURE LAST
                VALUE   (LST)  VALUE       VALUE  FROM      YEAR
                                                  NORMAL
..................................................................
TEMPERATURE (F)
 YESTERDAY
  MAXIMUM          7        MM  MM      MM  25    -18       33
  MINIMUM         -8        MM  MM      MM   7    -15       12
  AVERAGE          0                        16    -16       23

PRECIPITATION (IN)
  YESTERDAY        T            MM      MM   0.03  -0.03     0.00
  MONTH TO DATE    0.15                      0.12   0.03      T
  SINCE DEC 1      2.22                      2.24  -0.02     3.13
  SINCE JAN 1      1.57                      0.99   0.58     0.88

SNOWFALL (IN)
  YESTERDAY        T            MM      MM   0.3   -0.3      0.0
  MONTH TO DATE    2.3                       1.4    0.9       T
  SINCE DEC 1     27.8                      25.6    2.2     27.3
  SINCE JUL 1     29.6                      31.4   -1.8     32.4
  SNOW DEPTH       7

DEGREE DAYS
 HEATING
  YESTERDAY       65                        49     16       42
  MONTH TO DATE  249                       197     52      194
  SINCE DEC 1   3289                      3221     68     3049
  SINCE JUL 1   4902                      4928    -26     4272

 COOLING
  YESTERDAY        0                         0      0        0
  MONTH TO DATE    0                         0      0        0
  SINCE DEC 1      0                         0      0        0
  SINCE JAN 1      0                         0      0        0
..................................................................


WIND (MPH)
  HIGHEST WIND SPEED    MM   HIGHEST WIND DIRECTION    MM
  HIGHEST GUST SPEED    MM   HIGHEST GUST DIRECTION    MM
  AVERAGE WIND SPEED    MM


SKY COVER
  POSSIBLE SUNSHINE  MM
  AVERAGE SKY COVER  MM


WEATHER CONDITIONS
 THE FOLLOWING WEATHER WAS RECORDED YESTERDAY.
  NO SIGNIFICANT WEATHER WAS OBSERVED.


RELATIVE HUMIDITY (PERCENT)
 HIGHEST    MM
 LOWEST     MM
 AVERAGE    MM

..........................................................


THE CHANHASSEN MN CLIMATE NORMALS FOR TODAY
                         NORMAL    RECORD    YEAR
 MAXIMUM TEMPERATURE (F)   25        MM        MM
 MINIMUM TEMPERATURE (F)    7        MM        MM


SUNRISE AND SUNSET
FEBRUARY  5 2018......SUNRISE   729 AM CST   SUNSET   528 PM CST
FEBRUARY  6 2018......SUNRISE   727 AM CST   SUNSET   530 PM CST


-  INDICATES NEGATIVE NUMBERS.
R  INDICATES RECORD WAS SET OR TIED.
MM INDICATES DATA IS MISSING.
T  INDICATES TRACE AMOUNT.




$$
