000
CDUS43 KMPX 312249
CLIMPX


CLIMATE REPORT
NATIONAL WEATHER SERVICE CHANHASSEN MN
449 PM CST SUN JAN 31 2016


...................................

...THE CHANHASSEN MN CLIMATE SUMMARY FOR JANUARY 31 2016...
VALID AS OF 0400 PM LOCAL TIME.

CLIMATE NORMAL PERIOD 1981 TO 2010
CLIMATE RECORD PERIOD 1995 TO 2016


WEATHER ITEM   OBSERVED TIME   RECORD YEAR NORMAL DEPARTURE LAST
                VALUE   (LST)  VALUE       VALUE  FROM      YEAR
                                                  NORMAL
..................................................................
TEMPERATURE (F)
 TODAY
  MAXIMUM         39        MM  MM      MM  24     15       28
  MINIMUM         28        MM  MM      MM   6     22       16
  AVERAGE         34                        15     19       22

PRECIPITATION (IN)
  TODAY            0.00         MM      MM   0.03  -0.03     0.00
  MONTH TO DATE    0.31                      0.87  -0.56     0.37
  SINCE DEC 1      2.28                      2.12   0.16     1.34
  SINCE JAN 1      0.31                      0.87  -0.56     0.37

SNOWFALL (IN)
  TODAY            0.0          MM      MM   0.3   -0.3      0.0
  MONTH TO DATE    4.7                      10.3   -5.6      4.5
  SINCE DEC 1     14.0                      24.2  -10.2     11.2
  SINCE JUL 1     17.0                      30.0  -13.0     19.3
  SNOW DEPTH       2

DEGREE DAYS
 HEATING
  TODAY           31                        50    -19       43
  MONTH TO DATE 1530                      1572    -42     1483
  SINCE DEC 1   2658                      3024   -366     2782
  SINCE JUL 1   3990                      4731   -741     4719

 COOLING
  TODAY            0                         0      0        0
  MONTH TO DATE    0                         0      0        0
  SINCE DEC 1      0                         0      0        0
  SINCE JAN 1      0                         0      0        0
..................................................................




SKY COVER
  POSSIBLE SUNSHINE  MM
  AVERAGE SKY COVER  MM


WEATHER CONDITIONS
 THE FOLLOWING WEATHER WAS RECORDED TODAY.
  NO SIGNIFICANT WEATHER WAS OBSERVED.


RELATIVE HUMIDITY (PERCENT)
 HIGHEST    MM
 LOWEST     MM
 AVERAGE    MM

..........................................................


THE CHANHASSEN MN CLIMATE NORMALS FOR TOMORROW
                         NORMAL    RECORD    YEAR
 MAXIMUM TEMPERATURE (F)   25        MM        MM
 MINIMUM TEMPERATURE (F)    7        MM        MM


SUNRISE AND SUNSET
JANUARY 31 2016.......SUNRISE   735 AM CST   SUNSET   521 PM CST
FEBRUARY  1 2016......SUNRISE   734 AM CST   SUNSET   522 PM CST


-  INDICATES NEGATIVE NUMBERS.
R  INDICATES RECORD WAS SET OR TIED.
MM INDICATES DATA IS MISSING.
T  INDICATES TRACE AMOUNT.




$$
