000
CDUS43 KMPX 160648
CLIMPX


CLIMATE REPORT
NATIONAL WEATHER SERVICE CHANHASSEN MN
1248 AM CST MON JAN 16 2017


...................................

...THE CHANHASSEN MN CLIMATE SUMMARY FOR JANUARY 15 2017...

CLIMATE NORMAL PERIOD 1981 TO 2010
CLIMATE RECORD PERIOD 1995 TO 2017


WEATHER ITEM   OBSERVED TIME   RECORD YEAR NORMAL DEPARTURE LAST
                VALUE   (LST)  VALUE       VALUE  FROM      YEAR
                                                  NORMAL
..................................................................
TEMPERATURE (F)
 YESTERDAY
  MAXIMUM         31        MM  42    2012  23      8       22
  MINIMUM         -3        MM -25    2009   5     -8       11
  AVERAGE         14                        14      0       17

PRECIPITATION (IN)
  YESTERDAY        0.00          0.07 2014   0.02  -0.02      T
  MONTH TO DATE    0.35                      0.45  -0.10     0.21
  SINCE DEC 1      2.60                      1.70   0.90     2.18
  SINCE JAN 1      0.35                      0.45  -0.10     0.21

SNOWFALL (IN)
  YESTERDAY        0.0           1.6  2007   0.3   -0.3       T
  MONTH TO DATE    4.5                       4.9   -0.4      2.9
  SINCE DEC 1     22.9                      18.8    4.1     12.2
  SINCE JUL 1     28.0                      24.6    3.4     15.2
  SNOW DEPTH       4

DEGREE DAYS
 HEATING
  YESTERDAY       51                        51      0       48
  MONTH TO DATE  849                       763     86      756
  SINCE DEC 1   2281                      2217     64     1884
  SINCE JUL 1   3504                      3924   -420     3216

 COOLING
  YESTERDAY        0                         0      0        0
  MONTH TO DATE    0                         0      0        0
  SINCE DEC 1      0                         0      0        0
  SINCE JAN 1      0                         0      0        0
..................................................................


WIND (MPH)
  HIGHEST WIND SPEED    MM   HIGHEST WIND DIRECTION    MM
  HIGHEST GUST SPEED    MM   HIGHEST GUST DIRECTION    MM
  AVERAGE WIND SPEED    MM


SKY COVER
  POSSIBLE SUNSHINE  MM
  AVERAGE SKY COVER  MM


WEATHER CONDITIONS
 THE FOLLOWING WEATHER WAS RECORDED YESTERDAY.
  NO SIGNIFICANT WEATHER WAS OBSERVED.


RELATIVE HUMIDITY (PERCENT)
 HIGHEST    MM
 LOWEST     MM
 AVERAGE    MM

..........................................................


THE CHANHASSEN MN CLIMATE NORMALS FOR TODAY
                         NORMAL    RECORD    YEAR
 MAXIMUM TEMPERATURE (F)   23        36      2013
 MINIMUM TEMPERATURE (F)    5       -26      2009


SUNRISE AND SUNSET
JANUARY 16 2017.......SUNRISE   748 AM CST   SUNSET   501 PM CST
JANUARY 17 2017.......SUNRISE   747 AM CST   SUNSET   502 PM CST


-  INDICATES NEGATIVE NUMBERS.
R  INDICATES RECORD WAS SET OR TIED.
MM INDICATES DATA IS MISSING.
T  INDICATES TRACE AMOUNT.




$$
