000
CDUS43 KMPX 190645
CLIMPX


CLIMATE REPORT
NATIONAL WEATHER SERVICE CHANHASSEN MN
1245 AM CST MON JAN 19 2015


...................................

...THE CHANHASSEN MN CLIMATE SUMMARY FOR JANUARY 18 2015...

CLIMATE NORMAL PERIOD 1981 TO 2010
CLIMATE RECORD PERIOD 1995 TO 2015


WEATHER ITEM   OBSERVED TIME   RECORD YEAR NORMAL DEPARTURE LAST
                VALUE   (LST)  VALUE       VALUE  FROM      YEAR
                                                  NORMAL
..................................................................
TEMPERATURE (F)
 YESTERDAY
  MAXIMUM         MM        MM  40    2013  23     MM       20
  MINIMUM         MM        MM -12    2008   5     MM        8
  AVERAGE         MM                        14     MM       14

PRECIPITATION (IN)
  YESTERDAY       MM             0.26 2014   0.02  MM        0.26
  MONTH TO DATE    0.22                      0.53  -0.31     0.74
  SINCE DEC 1      1.19                      1.78  -0.59     2.00
  SINCE JAN 1      0.22                      0.53  -0.31     0.74

SNOWFALL (IN)
  YESTERDAY       MM             4.5  2014   0.3   MM        4.5
  MONTH TO DATE    2.8                       5.8   -3.0      8.9
  SINCE DEC 1      9.5                      19.7  -10.2     25.7
  SINCE JUL 1     17.6                      25.5   -7.9     27.5
  SNOW DEPTH      MM

DEGREE DAYS
 HEATING
  YESTERDAY       MM                        51     MM       51
  MONTH TO DATE  953                       916     37     1027
  SINCE DEC 1   2252                      2370   -118     2734
  SINCE JUL 1   4189                      4077    112     4456

 COOLING
  YESTERDAY       MM                         0     MM        0
  MONTH TO DATE    0                         0      0        0
  SINCE DEC 1      0                         0      0        0
  SINCE JAN 1      0                         0      0        0
..................................................................


WIND (MPH)
  HIGHEST WIND SPEED    MM   HIGHEST WIND DIRECTION    MM
  HIGHEST GUST SPEED    MM   HIGHEST GUST DIRECTION    MM
  AVERAGE WIND SPEED    MM


SKY COVER
  POSSIBLE SUNSHINE  MM
  AVERAGE SKY COVER  MM


WEATHER CONDITIONS
 THE FOLLOWING WEATHER WAS RECORDED YESTERDAY.
  NO SIGNIFICANT WEATHER WAS OBSERVED.


RELATIVE HUMIDITY (PERCENT)
 HIGHEST    MM
 LOWEST     MM
 AVERAGE    MM

..........................................................


THE CHANHASSEN MN CLIMATE NORMALS FOR TODAY
                         NORMAL    RECORD    YEAR
 MAXIMUM TEMPERATURE (F)   23        39      2013
 MINIMUM TEMPERATURE (F)    5       -16      2008


SUNRISE AND SUNSET
JANUARY 19 2015.......SUNRISE   746 AM CST   SUNSET   504 PM CST
JANUARY 20 2015.......SUNRISE   745 AM CST   SUNSET   506 PM CST


-  INDICATES NEGATIVE NUMBERS.
R  INDICATES RECORD WAS SET OR TIED.
MM INDICATES DATA IS MISSING.
T  INDICATES TRACE AMOUNT.




$$
