000
CDUS43 KMPX 200859
CLIMPX


CLIMATE REPORT
NATIONAL WEATHER SERVICE CHANHASSEN MN
258 AM CST FRI FEB 20 2015


...................................

...THE CHANHASSEN MN CLIMATE SUMMARY FOR FEBRUARY 19 2015...

CLIMATE NORMAL PERIOD 1981 TO 2010
CLIMATE RECORD PERIOD 1995 TO 2015


WEATHER ITEM   OBSERVED TIME   RECORD YEAR NORMAL DEPARTURE LAST
                VALUE   (LST)  VALUE       VALUE  FROM      YEAR
                                                  NORMAL
..................................................................
TEMPERATURE (F)
 YESTERDAY
  MAXIMUM          9        MM  43    2012  29    -20       39
  MINIMUM        -13R       MM -11    2008  12    -25       12
  AVERAGE         -2                        20    -22       26

PRECIPITATION (IN)
  YESTERDAY        0.00          0.15 2005   0.03  -0.03     0.00
  MONTH TO DATE    0.24                      0.59  -0.35     0.69
  SINCE DEC 1      1.58                      2.71  -1.13     3.27
  SINCE JAN 1      0.61                      1.46  -0.85     2.01

SNOWFALL (IN)
  YESTERDAY        0.0           T    2013   0.4   -0.4      0.0
                                      2004
                                      2003
  MONTH TO DATE    3.5                       6.6   -3.1      8.8
  SINCE DEC 1     14.7                      30.8  -16.1     43.9
  SINCE JUL 1     22.8                      36.6  -13.8     45.7
  SNOW DEPTH       T

DEGREE DAYS
 HEATING
  YESTERDAY       67                        45     22       39
  MONTH TO DATE 1021                       899    122     1093
  SINCE DEC 1   3803                      3923   -120     4621
  SINCE JUL 1   5740                      5630    110     6343

 COOLING
  YESTERDAY        0                         0      0        0
  MONTH TO DATE    0                         0      0        0
  SINCE DEC 1      0                         0      0        0
  SINCE JAN 1      0                         0      0        0
..................................................................


WIND (MPH)
  HIGHEST WIND SPEED    MM   HIGHEST WIND DIRECTION    MM
  HIGHEST GUST SPEED    MM   HIGHEST GUST DIRECTION    MM
  AVERAGE WIND SPEED    MM


SKY COVER
  POSSIBLE SUNSHINE  MM
  AVERAGE SKY COVER  MM


WEATHER CONDITIONS
 THE FOLLOWING WEATHER WAS RECORDED YESTERDAY.
  NO SIGNIFICANT WEATHER WAS OBSERVED.


RELATIVE HUMIDITY (PERCENT)
 HIGHEST    MM
 LOWEST     MM
 AVERAGE    MM

..........................................................


THE CHANHASSEN MN CLIMATE NORMALS FOR TODAY
                         NORMAL    RECORD    YEAR
 MAXIMUM TEMPERATURE (F)   29        47      2003
 MINIMUM TEMPERATURE (F)   12       -14      2008


SUNRISE AND SUNSET
FEBRUARY 20 2015......SUNRISE   707 AM CST   SUNSET   549 PM CST
FEBRUARY 21 2015......SUNRISE   706 AM CST   SUNSET   551 PM CST


-  INDICATES NEGATIVE NUMBERS.
R  INDICATES RECORD WAS SET OR TIED.
MM INDICATES DATA IS MISSING.
T  INDICATES TRACE AMOUNT.




$$
