000
CDUS43 KMPX 120714
CLIMPX


CLIMATE REPORT
NATIONAL WEATHER SERVICE CHANHASSEN MN
213 AM CDT WED APR 12 2017


...................................

...THE CHANHASSEN MN CLIMATE SUMMARY FOR APRIL 11 2017...

CLIMATE NORMAL PERIOD 1981 TO 2010
CLIMATE RECORD PERIOD 1995 TO 2017


WEATHER ITEM   OBSERVED TIME   RECORD YEAR NORMAL DEPARTURE LAST
                VALUE   (LST)  VALUE       VALUE  FROM      YEAR
                                                  NORMAL
..................................................................
TEMPERATURE (F)
 YESTERDAY
  MAXIMUM         52        MM  MM      MM  55     -3       42
  MINIMUM         31        MM  MM      MM  34     -3       29
  AVERAGE         42                        44     -2       36

PRECIPITATION (IN)
  YESTERDAY        T            MM      MM   0.11  -0.11      T
  MONTH TO DATE    0.57                      1.05  -0.48     0.12
  SINCE MAR 1      1.31                      2.83  -1.52     1.54
  SINCE JAN 1      2.91                      4.64  -1.73     3.03

SNOWFALL (IN)
  YESTERDAY        T            MM      MM   0.1   -0.1       T
  MONTH TO DATE    0.6                       1.9   -1.3      0.5
  SINCE MAR 1      6.1                      12.7   -6.6      5.6
  SINCE JUL 1     38.5                      52.4  -13.9     35.5
  SNOW DEPTH       1

DEGREE DAYS
 HEATING
  YESTERDAY       23                        21      2       29
  MONTH TO DATE  191                       256    -65      320
  SINCE MAR 1   1205                      1302    -97     1113
  SINCE JUL 1   6274                      7317  -1043     6328

 COOLING
  YESTERDAY        0                         0      0        0
  MONTH TO DATE    0                         0      0        0
  SINCE MAR 1      0                         0      0        0
  SINCE JAN 1      0                         0      0        0
..................................................................


WIND (MPH)
  HIGHEST WIND SPEED    MM   HIGHEST WIND DIRECTION    MM
  HIGHEST GUST SPEED    MM   HIGHEST GUST DIRECTION    MM
  AVERAGE WIND SPEED    MM


SKY COVER
  POSSIBLE SUNSHINE  MM
  AVERAGE SKY COVER  MM


WEATHER CONDITIONS
 THE FOLLOWING WEATHER WAS RECORDED YESTERDAY.
  NO SIGNIFICANT WEATHER WAS OBSERVED.


RELATIVE HUMIDITY (PERCENT)
 HIGHEST    MM
 LOWEST     MM
 AVERAGE    MM

..........................................................


THE CHANHASSEN MN CLIMATE NORMALS FOR TODAY
                         NORMAL    RECORD    YEAR
 MAXIMUM TEMPERATURE (F)   56        MM        MM
 MINIMUM TEMPERATURE (F)   34        MM        MM


SUNRISE AND SUNSET
APRIL 12 2017.........SUNRISE   635 AM CDT   SUNSET   756 PM CDT
APRIL 13 2017.........SUNRISE   633 AM CDT   SUNSET   757 PM CDT


-  INDICATES NEGATIVE NUMBERS.
R  INDICATES RECORD WAS SET OR TIED.
MM INDICATES DATA IS MISSING.
T  INDICATES TRACE AMOUNT.




$$
