000
CDUS43 KMPX 110858
CLIMPX


CLIMATE REPORT
NATIONAL WEATHER SERVICE CHANHASSEN MN
257 AM CST TUE NOV 11 2014


...................................

...THE CHANHASSEN MN CLIMATE SUMMARY FOR NOVEMBER 10 2014...

CLIMATE NORMAL PERIOD 1981 TO 2010
CLIMATE RECORD PERIOD 1995 TO 2014


WEATHER ITEM   OBSERVED NORMAL DEPARTURE LAST
                VALUE   VALUE  FROM      YEAR
                               NORMAL
...............................................
TEMPERATURE (F)
 YESTERDAY
  MAXIMUM         31     44    -13       40
  MINIMUM         24     28     -4       33
  AVERAGE         28     36     -8       37

PRECIPITATION (IN)
  YESTERDAY        0.26   0.07   0.19     0.00
  MONTH TO DATE    0.28   0.68  -0.40     0.37
  SINCE SEP 1      2.50   6.62  -4.12     5.47
  SINCE JAN 1     35.01  28.62   6.39    33.68

SNOWFALL (IN)
  YESTERDAY        2.0    0.2    1.8      0.0
  MONTH TO DATE    2.0    0.9    1.1      1.6
  SINCE SEP 1      2.0    1.3    0.7      1.6
  SINCE JUL 1      2.0    1.3    0.7      1.6
  SNOW DEPTH       2

DEGREE DAYS
 HEATING
  YESTERDAY       37     29      8       28
  MONTH TO DATE  268    264      4      280
  SINCE SEP 1    969    977     -8      959
  SINCE JUL 1    985   1000    -15      980

 COOLING
  YESTERDAY        0      0      0        0
  MONTH TO DATE    0      0      0        0
  SINCE SEP 1     35     52    -17       88
  SINCE JAN 1    514    605    -91      667
...............................................







THE CHANHASSEN MN CLIMATE NORMALS FOR TODAY
                         NORMAL
 MAXIMUM TEMPERATURE (F)   43
 MINIMUM TEMPERATURE (F)   28



-  INDICATES NEGATIVE NUMBERS.
R  INDICATES RECORD WAS SET OR TIED.
MM INDICATES DATA IS MISSING.
T  INDICATES TRACE AMOUNT.




$$
