000
CDUS43 KMPX 112157
CLIMPX


CLIMATE REPORT
NATIONAL WEATHER SERVICE CHANHASSEN MN
456 PM CDT FRI APR 11 2014


...................................

...THE CHANHASSEN MN CLIMATE SUMMARY FOR APRIL 11 2014...
VALID AS OF 0400 PM LOCAL TIME.

CLIMATE NORMAL PERIOD 1981 TO 2010
CLIMATE RECORD PERIOD 1995 TO 2014


WEATHER ITEM   OBSERVED NORMAL DEPARTURE LAST
                VALUE   VALUE  FROM      YEAR
                               NORMAL
...............................................
TEMPERATURE (F)
 TODAY
  MAXIMUM         61     55      6       35
  MINIMUM         36     34      2       29
  AVERAGE         49     44      5       32

PRECIPITATION (IN)
  TODAY            T      0.11  -0.11     0.98
  MONTH TO DATE    0.77   1.05  -0.28     2.67
  SINCE MAR 1      1.46   2.83  -1.37     4.31
  SINCE JAN 1      4.37   4.64  -0.27     6.02

SNOWFALL (IN)
  TODAY            0.0    0.1   -0.1      5.0
  MONTH TO DATE    8.7    1.9    6.8      7.4
  SINCE MAR 1     12.1   12.7   -0.6     18.9
  SINCE JUL 1     67.4   52.4   15.0     56.5
  SNOW DEPTH       0

DEGREE DAYS
 HEATING
  TODAY           16     21     -5       33
  MONTH TO DATE  273    256     17      326
  SINCE MAR 1   1541   1302    239     1571
  SINCE JUL 1   8424   7317   1107     7393

 COOLING
  TODAY            0      0      0        0
  MONTH TO DATE    0      0      0        0
  SINCE MAR 1      0      0      0        0
  SINCE JAN 1      0      0      0        0
...............................................







THE CHANHASSEN MN CLIMATE NORMALS FOR TOMORROW
                         NORMAL
 MAXIMUM TEMPERATURE (F)   56
 MINIMUM TEMPERATURE (F)   34



-  INDICATES NEGATIVE NUMBERS.
R  INDICATES RECORD WAS SET OR TIED.
MM INDICATES DATA IS MISSING.
T  INDICATES TRACE AMOUNT.




$$
