000
CDUS43 KMPX 210100
CLIMPX


CLIMATE REPORT
NATIONAL WEATHER SERVICE CHANHASSEN MN
700 PM CST FRI FEB 20 2015


...................................

...THE CHANHASSEN MN CLIMATE SUMMARY FOR FEBRUARY 20 2015...
VALID TODAY AS OF 0700 PM LOCAL TIME.

CLIMATE NORMAL PERIOD 1981 TO 2010
CLIMATE RECORD PERIOD 1995 TO 2015


WEATHER ITEM   OBSERVED TIME   RECORD YEAR NORMAL DEPARTURE LAST
                VALUE   (LST)  VALUE       VALUE  FROM      YEAR
                                                  NORMAL
..................................................................
TEMPERATURE (F)
 TODAY
  MAXIMUM         24        MM  47    2003  29     -5       37
  MINIMUM          7        MM -14          12     -5       13
  AVERAGE         16                        21     -5       25

PRECIPITATION (IN)
  TODAY            0.06          0.87 2011   0.04   0.02     0.86
  MONTH TO DATE    0.30                      0.63  -0.33     1.55
  SINCE DEC 1      1.64                      2.75  -1.11     4.13
  SINCE JAN 1      0.67                      1.50  -0.83     2.87

SNOWFALL (IN)
  TODAY            0.7          11.0  2011   0.3    0.4      8.6
  MONTH TO DATE    4.2                       6.9   -2.7     17.4
  SINCE DEC 1     15.4                      31.1  -15.7     52.5
  SINCE JUL 1     23.5                      36.9  -13.4     54.3
  SNOW DEPTH       1

DEGREE DAYS
 HEATING
  TODAY           49                        44      5       40
  MONTH TO DATE 1070                       943    127     1133
  SINCE DEC 1   3852                      3967   -115     4661
  SINCE JUL 1   5789                      5674    115     6383

 COOLING
  TODAY            0                         0      0        0
  MONTH TO DATE    0                         0      0        0
  SINCE DEC 1      0                         0      0        0
  SINCE JAN 1      0                         0      0        0
..................................................................


WIND (MPH)
  HIGHEST WIND SPEED    MM   HIGHEST WIND DIRECTION    MM
  HIGHEST GUST SPEED    MM   HIGHEST GUST DIRECTION    MM
  AVERAGE WIND SPEED    MM


SKY COVER
  POSSIBLE SUNSHINE  MM
  AVERAGE SKY COVER  MM


WEATHER CONDITIONS
 THE FOLLOWING WEATHER WAS RECORDED TODAY.
  NO SIGNIFICANT WEATHER WAS OBSERVED.


RELATIVE HUMIDITY (PERCENT)
 HIGHEST    MM
 LOWEST     MM
 AVERAGE    MM

..........................................................


THE CHANHASSEN MN CLIMATE NORMALS FOR TOMORROW
                         NORMAL    RECORD    YEAR
 MAXIMUM TEMPERATURE (F)   30        44      2007
 MINIMUM TEMPERATURE (F)   13       -15      2001


SUNRISE AND SUNSET
FEBRUARY 20 2015......SUNRISE   707 AM CST   SUNSET   549 PM CST
FEBRUARY 21 2015......SUNRISE   706 AM CST   SUNSET   551 PM CST


-  INDICATES NEGATIVE NUMBERS.
R  INDICATES RECORD WAS SET OR TIED.
MM INDICATES DATA IS MISSING.
T  INDICATES TRACE AMOUNT.




$$
