000
CDUS43 KMPX 072220
CLIMPX


CLIMATE REPORT
NATIONAL WEATHER SERVICE CHANHASSEN MN
420 PM CST WED FEB 7 2018


...................................

...THE CHANHASSEN MN CLIMATE SUMMARY FOR FEBRUARY 7 2018...
VALID TODAY AS OF 0400 PM LOCAL TIME.

CLIMATE NORMAL PERIOD 1981 TO 2010
CLIMATE RECORD PERIOD 1995 TO 2018


WEATHER ITEM   OBSERVED TIME   RECORD YEAR NORMAL DEPARTURE LAST
                VALUE   (LST)  VALUE       VALUE  FROM      YEAR
                                                  NORMAL
..................................................................
TEMPERATURE (F)
 TODAY
  MAXIMUM         12        MM  41    2002  26    -14       28
  MINIMUM         -2        MM -18           8    -10        8
  AVERAGE          5                        17    -12       18

PRECIPITATION (IN)
  TODAY            0.01          0.33 2001   0.03  -0.02      T
  MONTH TO DATE    0.17                      0.21  -0.04      T
  SINCE DEC 1      2.24                      2.33  -0.09     3.13
  SINCE JAN 1      1.59                      1.08   0.51     0.88

SNOWFALL (IN)
  TODAY            0.3           5.0  2001   0.4   -0.1       T
  MONTH TO DATE    3.0                       2.5    0.5       T
  SINCE DEC 1     28.5                      26.7    1.8     27.3
  SINCE JUL 1     30.3                      32.5   -2.2     32.4
  SNOW DEPTH       6

DEGREE DAYS
 HEATING
  TODAY           60                        48     12       47
  MONTH TO DATE  439                       342     97      323
  SINCE DEC 1   3479                      3366    113     3178
  SINCE JUL 1   5092                      5073     19     4401

 COOLING
  TODAY            0                         0      0        0
  MONTH TO DATE    0                         0      0        0
  SINCE DEC 1      0                         0      0        0
  SINCE JAN 1      0                         0      0        0
..................................................................


WIND (MPH)
  HIGHEST WIND SPEED    MM   HIGHEST WIND DIRECTION    MM
  HIGHEST GUST SPEED    MM   HIGHEST GUST DIRECTION    MM
  AVERAGE WIND SPEED    MM


SKY COVER
  POSSIBLE SUNSHINE  MM
  AVERAGE SKY COVER  MM


WEATHER CONDITIONS
 THE FOLLOWING WEATHER WAS RECORDED TODAY.
  NO SIGNIFICANT WEATHER WAS OBSERVED.


RELATIVE HUMIDITY (PERCENT)
 HIGHEST    MM
 LOWEST     MM
 AVERAGE    MM

..........................................................


THE CHANHASSEN MN CLIMATE NORMALS FOR TOMORROW
                         NORMAL    RECORD    YEAR
 MAXIMUM TEMPERATURE (F)   26        51      2002
 MINIMUM TEMPERATURE (F)    8       -16      2007


SUNRISE AND SUNSET
FEBRUARY  7 2018......SUNRISE   726 AM CST   SUNSET   531 PM CST
FEBRUARY  8 2018......SUNRISE   725 AM CST   SUNSET   533 PM CST


-  INDICATES NEGATIVE NUMBERS.
R  INDICATES RECORD WAS SET OR TIED.
MM INDICATES DATA IS MISSING.
T  INDICATES TRACE AMOUNT.




$$
