000
CDUS43 KMPX 180629
CLIMPX


CLIMATE REPORT
NATIONAL WEATHER SERVICE CHANHASSEN MN
129 AM CDT FRI APR 18 2014


...................................

...THE CHANHASSEN MN CLIMATE SUMMARY FOR APRIL 17 2014...

CLIMATE NORMAL PERIOD 1981 TO 2010
CLIMATE RECORD PERIOD 1995 TO 2014


WEATHER ITEM   OBSERVED NORMAL DEPARTURE LAST
                VALUE   VALUE  FROM      YEAR
                               NORMAL
...............................................
TEMPERATURE (F)
 YESTERDAY
  MAXIMUM         41     58    -17       40
  MINIMUM         26     37    -11       34
  AVERAGE         34     47    -13       37

PRECIPITATION (IN)
  YESTERDAY        T      0.09  -0.09     0.24
  MONTH TO DATE    1.44   1.63  -0.19     3.53
  SINCE MAR 1      2.13   3.41  -1.28     5.17
  SINCE JAN 1      5.04   5.22  -0.18     6.88

SNOWFALL (IN)
  YESTERDAY        T      0.0    0.0       T
  MONTH TO DATE   10.8    2.6    8.2      8.7
  SINCE MAR 1     14.2   13.4    0.8     20.2
  SINCE JUL 1     69.5   53.1   16.4     57.8
  SNOW DEPTH       2

DEGREE DAYS
 HEATING
  YESTERDAY       31     18     13       28
  MONTH TO DATE  451    370     81      507
  SINCE MAR 1   1719   1416    303     1752
  SINCE JUL 1   8602   7431   1171     7574

 COOLING
  YESTERDAY        0      0      0        0
  MONTH TO DATE    0      0      0        0
  SINCE MAR 1      0      0      0        0
  SINCE JAN 1      0      0      0        0
...............................................







THE CHANHASSEN MN CLIMATE NORMALS FOR TODAY
                         NORMAL
 MAXIMUM TEMPERATURE (F)   59
 MINIMUM TEMPERATURE (F)   37



-  INDICATES NEGATIVE NUMBERS.
R  INDICATES RECORD WAS SET OR TIED.
MM INDICATES DATA IS MISSING.
T  INDICATES TRACE AMOUNT.




$$
