000
CDUS43 KMPX 222242
CLIMPX


CLIMATE REPORT
NATIONAL WEATHER SERVICE CHANHASSEN MN
440 PM CST SUN FEB 22 2015


...................................

...THE CHANHASSEN MN CLIMATE SUMMARY FOR FEBRUARY 22 2015...
VALID AS OF 0400 PM LOCAL TIME.

CLIMATE NORMAL PERIOD 1981 TO 2010
CLIMATE RECORD PERIOD 1995 TO 2015


WEATHER ITEM   OBSERVED TIME   RECORD YEAR NORMAL DEPARTURE LAST
                VALUE   (LST)  VALUE       VALUE  FROM      YEAR
                                                  NORMAL
..................................................................
TEMPERATURE (F)
 TODAY
  MAXIMUM         -1        MM  37    2006  30    -31       13
                                      2002
  MINIMUM        -10R       MM  -2    2009  13    -23        2
  AVERAGE         -5                        22    -27        8

PRECIPITATION (IN)
  TODAY            0.00          0.22 2013   0.04  -0.04     0.00
  MONTH TO DATE    0.30                      0.70  -0.40     1.57
  SINCE DEC 1      1.64                      2.82  -1.18     4.15
  SINCE JAN 1      0.67                      1.57  -0.90     2.89

SNOWFALL (IN)
  TODAY            0.0           3.4  2013   0.3   -0.3      0.0
  MONTH TO DATE    4.2                       7.6   -3.4     17.9
  SINCE DEC 1     15.4                      31.8  -16.4     53.0
  SINCE JUL 1     23.5                      37.6  -14.1     54.8
  SNOW DEPTH       1

DEGREE DAYS
 HEATING
  TODAY           70                        44     26       57
  MONTH TO DATE 1194                      1031    163     1245
  SINCE DEC 1   3976                      4055    -79     4773
  SINCE JUL 1   5913                      5762    151     6495

 COOLING
  TODAY            0                         0      0        0
  MONTH TO DATE    0                         0      0        0
  SINCE DEC 1      0                         0      0        0
  SINCE JAN 1      0                         0      0        0
..................................................................




SKY COVER
  POSSIBLE SUNSHINE  MM
  AVERAGE SKY COVER  MM


WEATHER CONDITIONS
 THE FOLLOWING WEATHER WAS RECORDED TODAY.
  NO SIGNIFICANT WEATHER WAS OBSERVED.


RELATIVE HUMIDITY (PERCENT)
 HIGHEST    MM
 LOWEST     MM
 AVERAGE    MM

..........................................................


THE CHANHASSEN MN CLIMATE NORMALS FOR TOMORROW
                         NORMAL    RECORD    YEAR
 MAXIMUM TEMPERATURE (F)   30        54      2002
 MINIMUM TEMPERATURE (F)   13        -6      2009


SUNRISE AND SUNSET
FEBRUARY 22 2015......SUNRISE   704 AM CST   SUNSET   552 PM CST
FEBRUARY 23 2015......SUNRISE   702 AM CST   SUNSET   553 PM CST


-  INDICATES NEGATIVE NUMBERS.
R  INDICATES RECORD WAS SET OR TIED.
MM INDICATES DATA IS MISSING.
T  INDICATES TRACE AMOUNT.




$$
