000
CDUS43 KMPX 110053
CLIMPX


CLIMATE REPORT
NATIONAL WEATHER SERVICE CHANHASSEN MN
753 PM CDT TUE MAY 10 2016


...................................

...THE CHANHASSEN MN CLIMATE SUMMARY FOR MAY 10 2016...
VALID TODAY AS OF 0700 PM LOCAL TIME.

CLIMATE NORMAL PERIOD 1981 TO 2010
CLIMATE RECORD PERIOD 1995 TO 2016


WEATHER ITEM   OBSERVED TIME   RECORD YEAR NORMAL DEPARTURE LAST
                VALUE   (LST)  VALUE       VALUE  FROM      YEAR
                                                  NORMAL
..................................................................
TEMPERATURE (F)
 TODAY
  MAXIMUM         55        MM  MM      MM  67    -12       58
  MINIMUM         47        MM  MM          46      1       47
  AVERAGE         51                        56     -5       53

PRECIPITATION (IN)
  TODAY            0.36         MM      MM   0.11   0.25     0.94
  MONTH TO DATE    0.84                      1.15  -0.31     1.80
  SINCE MAR 1      5.57                      5.93  -0.36     4.80
  SINCE JAN 1      7.06                      7.74  -0.68     5.56

SNOWFALL (IN)
  TODAY            0.0          MM      MM   0.0    0.0      0.0
  MONTH TO DATE    0.0                       0.2   -0.2       T
  SINCE MAR 1      5.6                      14.4   -8.8      9.3
  SINCE JUL 1     35.5                      54.1  -18.6     33.4
  SNOW DEPTH       0

DEGREE DAYS
 HEATING
  TODAY           14                         9      5       12
  MONTH TO DATE   95                       106    -11       57
  SINCE MAR 1   1436                      1710   -274     1533
  SINCE JUL 1   6651                      7725  -1074     7791

 COOLING
  TODAY            0                         1     -1        0
  MONTH TO DATE    9                         4      5        1
  SINCE MAR 1     16                         7      9        1
  SINCE JAN 1     16                         7      9        1
..................................................................


WIND (MPH)
  HIGHEST WIND SPEED    MM   HIGHEST WIND DIRECTION    MM
  HIGHEST GUST SPEED    MM   HIGHEST GUST DIRECTION    MM
  AVERAGE WIND SPEED    MM


SKY COVER
  POSSIBLE SUNSHINE  MM
  AVERAGE SKY COVER  MM


WEATHER CONDITIONS
 THE FOLLOWING WEATHER WAS RECORDED TODAY.
  NO SIGNIFICANT WEATHER WAS OBSERVED.


RELATIVE HUMIDITY (PERCENT)
 HIGHEST    MM
 LOWEST     MM
 AVERAGE    MM

..........................................................


THE CHANHASSEN MN CLIMATE NORMALS FOR TOMORROW
                         NORMAL    RECORD    YEAR
 MAXIMUM TEMPERATURE (F)   67        MM        MM
 MINIMUM TEMPERATURE (F)   46        MM        MM


SUNRISE AND SUNSET
MAY 10 2016...........SUNRISE   551 AM CDT   SUNSET   831 PM CDT
MAY 11 2016...........SUNRISE   550 AM CDT   SUNSET   832 PM CDT


-  INDICATES NEGATIVE NUMBERS.
R  INDICATES RECORD WAS SET OR TIED.
MM INDICATES DATA IS MISSING.
T  INDICATES TRACE AMOUNT.




$$
