000
CDUS43 KMPX 292218
CLIMPX


CLIMATE REPORT
NATIONAL WEATHER SERVICE CHANHASSEN MN
418 PM CST FRI JAN 29 2016


...................................

...THE CHANHASSEN MN CLIMATE SUMMARY FOR JANUARY 29 2016...
VALID AS OF 0400 PM LOCAL TIME.

CLIMATE NORMAL PERIOD 1981 TO 2010
CLIMATE RECORD PERIOD 1995 TO 2016


WEATHER ITEM   OBSERVED TIME   RECORD YEAR NORMAL DEPARTURE LAST
                VALUE   (LST)  VALUE       VALUE  FROM      YEAR
                                                  NORMAL
..................................................................
TEMPERATURE (F)
 TODAY
  MAXIMUM         31        MM  MM      MM  24      7       33
  MINIMUM         13        MM  MM      MM   6      7       13
  AVERAGE         22                        15      7       23

PRECIPITATION (IN)
  TODAY            T            MM      MM   0.02  -0.02      T
  MONTH TO DATE    0.30                      0.82  -0.52     0.37
  SINCE DEC 1      2.27                      2.07   0.20     1.34
  SINCE JAN 1      0.30                      0.82  -0.52     0.37

SNOWFALL (IN)
  TODAY            0.0          MM      MM   0.4   -0.4       T
  MONTH TO DATE    4.7                       9.7   -5.0      4.5
  SINCE DEC 1     14.0                      23.6   -9.6     11.2
  SINCE JUL 1     17.0                      29.4  -12.4     19.3
  SNOW DEPTH       3

DEGREE DAYS
 HEATING
  TODAY           43                        50     -7       42
  MONTH TO DATE 1469                      1472     -3     1393
  SINCE DEC 1   2597                      2926   -329     2692
  SINCE JUL 1   3929                      4633   -704     4629

 COOLING
  TODAY            0                         0      0        0
  MONTH TO DATE    0                         0      0        0
  SINCE DEC 1      0                         0      0        0
  SINCE JAN 1      0                         0      0        0
..................................................................




SKY COVER
  POSSIBLE SUNSHINE  MM
  AVERAGE SKY COVER  MM


WEATHER CONDITIONS
 THE FOLLOWING WEATHER WAS RECORDED TODAY.
  NO SIGNIFICANT WEATHER WAS OBSERVED.


RELATIVE HUMIDITY (PERCENT)
 HIGHEST    MM
 LOWEST     MM
 AVERAGE    MM

..........................................................


THE CHANHASSEN MN CLIMATE NORMALS FOR TOMORROW
                         NORMAL    RECORD    YEAR
 MAXIMUM TEMPERATURE (F)   24        MM        MM
 MINIMUM TEMPERATURE (F)    6        MM        MM


SUNRISE AND SUNSET
JANUARY 29 2016.......SUNRISE   737 AM CST   SUNSET   518 PM CST
JANUARY 30 2016.......SUNRISE   736 AM CST   SUNSET   519 PM CST


-  INDICATES NEGATIVE NUMBERS.
R  INDICATES RECORD WAS SET OR TIED.
MM INDICATES DATA IS MISSING.
T  INDICATES TRACE AMOUNT.




$$
