000
CDUS43 KMPX 160745
CLIMPX


CLIMATE REPORT
NATIONAL WEATHER SERVICE CHANHASSEN MN
243 AM CDT WED JUL 16 2014


...................................

...THE CHANHASSEN MN CLIMATE SUMMARY FOR JULY 15 2014...

CLIMATE NORMAL PERIOD 1981 TO 2010
CLIMATE RECORD PERIOD 1995 TO 2014


WEATHER ITEM   OBSERVED NORMAL DEPARTURE LAST
                VALUE   VALUE  FROM      YEAR
                               NORMAL
...............................................
TEMPERATURE (F)
 YESTERDAY
  MAXIMUM         69     82    -13       86
  MINIMUM         54     62     -8       66
  AVERAGE         62     72    -10       76

PRECIPITATION (IN)
  YESTERDAY        0.00   0.12  -0.12     0.00
  MONTH TO DATE    2.81   1.79   1.02     3.83
  SINCE JUN 1     13.23   5.81   7.42    10.11
  SINCE JAN 1     29.13  16.06  13.07    25.61

SNOWFALL (IN)
  YESTERDAY        0.0    0.0    0.0      0.0
  MONTH TO DATE    0.0    0.0    0.0      0.0
  SINCE JUN 1      0.0    0.0    0.0      0.0
  SINCE JUL 1      0.0    0.0    0.0      0.0
  SNOW DEPTH       0

DEGREE DAYS
 HEATING
  YESTERDAY        3      0      3        0
  MONTH TO DATE   12      0     12        0
  SINCE JUN 1     45     49     -4       62
  SINCE JUL 1     12      0     12        0

 COOLING
  YESTERDAY        0      7     -7       11
  MONTH TO DATE   53    109    -56      144
  SINCE JUN 1    165    236    -71      256
  SINCE JAN 1    202    269    -67      279
...............................................







THE CHANHASSEN MN CLIMATE NORMALS FOR TODAY
                         NORMAL
 MAXIMUM TEMPERATURE (F)   82
 MINIMUM TEMPERATURE (F)   62



-  INDICATES NEGATIVE NUMBERS.
R  INDICATES RECORD WAS SET OR TIED.
MM INDICATES DATA IS MISSING.
T  INDICATES TRACE AMOUNT.




$$
