000
CDUS43 KMPX 150645
CLIMPX


CLIMATE REPORT
NATIONAL WEATHER SERVICE CHANHASSEN MN
143 AM CDT WED OCT 15 2014


...................................

...THE CHANHASSEN MN CLIMATE SUMMARY FOR OCTOBER 14 2014...

CLIMATE NORMAL PERIOD 1981 TO 2010
CLIMATE RECORD PERIOD 1995 TO 2014


WEATHER ITEM   OBSERVED NORMAL DEPARTURE LAST
                VALUE   VALUE  FROM      YEAR
                               NORMAL
...............................................
TEMPERATURE (F)
 YESTERDAY
  MAXIMUM         63     59      4       53
  MINIMUM         46     39      7       37
  AVERAGE         55     49      6       45

PRECIPITATION (IN)
  YESTERDAY        0.00   0.08  -0.08     0.83
  MONTH TO DATE    1.03   1.31  -0.28     2.55
  SINCE SEP 1      2.18   4.74  -2.56     4.12
  SINCE JAN 1     34.69  26.74   7.95    32.33

SNOWFALL (IN)
  YESTERDAY        0.0    0.0    0.0      0.0
  MONTH TO DATE    T      0.1   -0.1      0.0
  SINCE SEP 1      T      0.1   -0.1      0.0
  SINCE JUL 1      T      0.1   -0.1      0.0
  SNOW DEPTH       0

DEGREE DAYS
 HEATING
  YESTERDAY       10     16     -6       20
  MONTH TO DATE  244    197     47      142
  SINCE SEP 1    411    373     38      249
  SINCE JUL 1    427    396     31      270

 COOLING
  YESTERDAY        0      0      0        0
  MONTH TO DATE    0      0      0        0
  SINCE SEP 1     35     47    -12       88
  SINCE JAN 1    514    600    -86      667
...............................................







THE CHANHASSEN MN CLIMATE NORMALS FOR TODAY
                         NORMAL
 MAXIMUM TEMPERATURE (F)   58
 MINIMUM TEMPERATURE (F)   38



-  INDICATES NEGATIVE NUMBERS.
R  INDICATES RECORD WAS SET OR TIED.
MM INDICATES DATA IS MISSING.
T  INDICATES TRACE AMOUNT.




$$
