000
CDUS43 KMPX 280641
CLIMPX


CLIMATE REPORT
NATIONAL WEATHER SERVICE CHANHASSEN MN
1239 AM CST MON NOV 28 2016


...................................

...THE CHANHASSEN MN CLIMATE SUMMARY FOR NOVEMBER 27 2016...

CLIMATE NORMAL PERIOD 1981 TO 2010
CLIMATE RECORD PERIOD 1995 TO 2016


WEATHER ITEM   OBSERVED TIME   RECORD YEAR NORMAL DEPARTURE LAST
                VALUE   (LST)  VALUE       VALUE  FROM      YEAR
                                                  NORMAL
..................................................................
TEMPERATURE (F)
 YESTERDAY
  MAXIMUM         44        MM  MM      MM  33     11       26
  MINIMUM         26        MM  MM      MM  19      7       12
  AVERAGE         35                        26      9       19

PRECIPITATION (IN)
  YESTERDAY        0.21         MM      MM   0.06   0.15     0.00
  MONTH TO DATE    1.54                      1.80  -0.26     4.44
  SINCE SEP 1     10.15                      7.74   2.41    10.17
  SINCE JAN 1     38.11                     29.74   8.37    33.15

SNOWFALL (IN)
  YESTERDAY        0.0          MM      MM   0.3   -0.3      0.0
  MONTH TO DATE    5.1                       4.5    0.6      0.9
  SINCE SEP 1      5.1                       4.9    0.2      0.9
  SINCE JUL 1      5.1                       4.9    0.2      0.9
  SNOW DEPTH       0

DEGREE DAYS
 HEATING
  YESTERDAY       30                        39     -9       46
  MONTH TO DATE  616                       849   -233      631
  SINCE SEP 1   1130                      1562   -432     1169
  SINCE JUL 1   1143                      1585   -442     1211

 COOLING
  YESTERDAY        0                         0      0        0
  MONTH TO DATE    0                         0      0        0
  SINCE SEP 1     45                        52     -7      119
  SINCE JAN 1    631                       605     26      551
..................................................................


WIND (MPH)
  HIGHEST WIND SPEED    MM   HIGHEST WIND DIRECTION    MM
  HIGHEST GUST SPEED    MM   HIGHEST GUST DIRECTION    MM
  AVERAGE WIND SPEED    MM


SKY COVER
  POSSIBLE SUNSHINE  MM
  AVERAGE SKY COVER  MM


WEATHER CONDITIONS
 THE FOLLOWING WEATHER WAS RECORDED YESTERDAY.
  NO SIGNIFICANT WEATHER WAS OBSERVED.


RELATIVE HUMIDITY (PERCENT)
 HIGHEST    MM
 LOWEST     MM
 AVERAGE    MM

..........................................................


THE CHANHASSEN MN CLIMATE NORMALS FOR TODAY
                         NORMAL    RECORD    YEAR
 MAXIMUM TEMPERATURE (F)   32        MM        MM
 MINIMUM TEMPERATURE (F)   18        MM        MM


SUNRISE AND SUNSET
NOVEMBER 28 2016......SUNRISE   729 AM CST   SUNSET   436 PM CST
NOVEMBER 29 2016......SUNRISE   730 AM CST   SUNSET   435 PM CST


-  INDICATES NEGATIVE NUMBERS.
R  INDICATES RECORD WAS SET OR TIED.
MM INDICATES DATA IS MISSING.
T  INDICATES TRACE AMOUNT.




$$
