000
CDUS43 KMPX 170635
CLIMPX


CLIMATE REPORT
NATIONAL WEATHER SERVICE CHANHASSEN MN
1234 AM CST FRI FEB 17 2017


...................................

...THE CHANHASSEN MN CLIMATE SUMMARY FOR FEBRUARY 16 2017...

CLIMATE NORMAL PERIOD 1981 TO 2010
CLIMATE RECORD PERIOD 1995 TO 2017


WEATHER ITEM   OBSERVED TIME   RECORD YEAR NORMAL DEPARTURE LAST
                VALUE   (LST)  VALUE       VALUE  FROM      YEAR
                                                  NORMAL
..................................................................
TEMPERATURE (F)
 YESTERDAY
  MAXIMUM         42        MM  54    2011  28     14       33
  MINIMUM         26        MM  -5    2007  11     15       15
  AVERAGE         34                        19     15       24

PRECIPITATION (IN)
  YESTERDAY        0.00          0.01 2005   0.03  -0.03      T
                                      2005
                                      2015
  MONTH TO DATE    0.04                      0.49  -0.45     0.78
  SINCE DEC 1      3.17                      2.61   0.56     3.06
  SINCE JAN 1      0.92                      1.36  -0.44     1.09

SNOWFALL (IN)
  YESTERDAY        0.0           0.3  2015   0.4   -0.4       T
  MONTH TO DATE    T                         5.6   -5.6     12.4
  SINCE DEC 1     27.3                      29.8   -2.5     26.4
  SINCE JUL 1     32.4                      35.6   -3.2     29.4
  SNOW DEPTH       0

DEGREE DAYS
 HEATING
  YESTERDAY       31                        46    -15       41
  MONTH TO DATE  658                       764   -106      794
  SINCE DEC 1   3513                      3788   -275     3453
  SINCE JUL 1   4736                      5495   -759     4785

 COOLING
  YESTERDAY        0                         0      0        0
  MONTH TO DATE    0                         0      0        0
  SINCE DEC 1      0                         0      0        0
  SINCE JAN 1      0                         0      0        0
..................................................................


WIND (MPH)
  HIGHEST WIND SPEED    MM   HIGHEST WIND DIRECTION    MM
  HIGHEST GUST SPEED    MM   HIGHEST GUST DIRECTION    MM
  AVERAGE WIND SPEED    MM


SKY COVER
  POSSIBLE SUNSHINE  MM
  AVERAGE SKY COVER  MM


WEATHER CONDITIONS
 THE FOLLOWING WEATHER WAS RECORDED YESTERDAY.
  NO SIGNIFICANT WEATHER WAS OBSERVED.


RELATIVE HUMIDITY (PERCENT)
 HIGHEST    MM
 LOWEST     MM
 AVERAGE    MM

..........................................................


THE CHANHASSEN MN CLIMATE NORMALS FOR TODAY
                         NORMAL    RECORD    YEAR
 MAXIMUM TEMPERATURE (F)   28        44      2002
 MINIMUM TEMPERATURE (F)   11       -15      2006


SUNRISE AND SUNSET
FEBRUARY 17 2017......SUNRISE   711 AM CST   SUNSET   546 PM CST
FEBRUARY 18 2017......SUNRISE   710 AM CST   SUNSET   547 PM CST


-  INDICATES NEGATIVE NUMBERS.
R  INDICATES RECORD WAS SET OR TIED.
MM INDICATES DATA IS MISSING.
T  INDICATES TRACE AMOUNT.




$$
