000
CDUS43 KMPX 110655
CLIMPX


CLIMATE REPORT
NATIONAL WEATHER SERVICE CHANHASSEN MN
154 AM CDT THU SEP 11 2014


...................................

...THE CHANHASSEN MN CLIMATE SUMMARY FOR SEPTEMBER 10 2014...

CLIMATE NORMAL PERIOD 1981 TO 2010
CLIMATE RECORD PERIOD 1995 TO 2014


WEATHER ITEM   OBSERVED NORMAL DEPARTURE LAST
                VALUE   VALUE  FROM      YEAR
                               NORMAL
...............................................
TEMPERATURE (F)
 YESTERDAY
  MAXIMUM         66     73     -7       79
  MINIMUM         46     54     -8       62
  AVERAGE         56     63     -7       71

PRECIPITATION (IN)
  YESTERDAY        0.06   0.13  -0.07     0.01
  MONTH TO DATE    0.49   1.24  -0.75     0.16
  SINCE SEP 1      0.49   1.24  -0.75     0.16
  SINCE JAN 1     33.00  23.24   9.76    28.37

SNOWFALL (IN)
  YESTERDAY        0.0    0.0    0.0      0.0
  MONTH TO DATE    0.0    0.0    0.0      0.0
  SINCE SEP 1      0.0    0.0    0.0      0.0
  SINCE JUL 1      0.0    0.0    0.0      0.0
  SNOW DEPTH       0

DEGREE DAYS
 HEATING
  YESTERDAY        9      4      5        0
  MONTH TO DATE   22     28     -6       12
  SINCE SEP 1     22     28     -6       12
  SINCE JUL 1     38     51    -13       33

 COOLING
  YESTERDAY        0      2     -2        6
  MONTH TO DATE   19     27     -8       63
  SINCE SEP 1     19     27     -8       63
  SINCE JAN 1    498    580    -82      642
...............................................







THE CHANHASSEN MN CLIMATE NORMALS FOR TODAY
                         NORMAL
 MAXIMUM TEMPERATURE (F)   73
 MINIMUM TEMPERATURE (F)   53



-  INDICATES NEGATIVE NUMBERS.
R  INDICATES RECORD WAS SET OR TIED.
MM INDICATES DATA IS MISSING.
T  INDICATES TRACE AMOUNT.




$$
