000
CDUS43 KMPX 210021
CLIMPX


CLIMATE REPORT
NATIONAL WEATHER SERVICE CHANHASSEN MN
720 PM CDT WED APR 20 2016


...................................

...THE CHANHASSEN MN CLIMATE SUMMARY FOR APRIL 20 2016...
VALID TODAY AS OF 0700 PM LOCAL TIME.

CLIMATE NORMAL PERIOD 1981 TO 2010
CLIMATE RECORD PERIOD 1995 TO 2016


WEATHER ITEM   OBSERVED TIME   RECORD YEAR NORMAL DEPARTURE LAST
                VALUE   (LST)  VALUE       VALUE  FROM      YEAR
                                                  NORMAL
..................................................................
TEMPERATURE (F)
 TODAY
  MAXIMUM         65        MM  MM      MM  60      5       43
  MINIMUM         50        MM  MM          38     12       35
  AVERAGE         58                        49      9       39

PRECIPITATION (IN)
  TODAY            T            MM      MM   0.09  -0.09      T
  MONTH TO DATE    0.37                      1.92  -1.55     1.78
  SINCE MAR 1      1.79                      3.70  -1.91     2.56
  SINCE JAN 1      3.28                      5.51  -2.23     3.32

SNOWFALL (IN)
  TODAY            0.0          MM      MM   0.1   -0.1       T
  MONTH TO DATE    0.5                       2.9   -2.4      0.5
  SINCE MAR 1      5.6                      13.7   -8.1      9.3
  SINCE JUL 1     35.5                      53.4  -17.9     33.4
  SNOW DEPTH       0

DEGREE DAYS
 HEATING
  TODAY            7                        16     -9       26
  MONTH TO DATE  388                       420    -32      335
  SINCE MAR 1   1181                      1466   -285     1300
  SINCE JUL 1   6396                      7481  -1085     7558

 COOLING
  TODAY            0                         0      0        0
  MONTH TO DATE    7                         0      7        0
  SINCE MAR 1      7                         0      7        0
  SINCE JAN 1      7                         0      7        0
..................................................................


WIND (MPH)
  HIGHEST WIND SPEED    MM   HIGHEST WIND DIRECTION    MM
  HIGHEST GUST SPEED    MM   HIGHEST GUST DIRECTION    MM
  AVERAGE WIND SPEED    MM


SKY COVER
  POSSIBLE SUNSHINE  MM
  AVERAGE SKY COVER  MM


WEATHER CONDITIONS
 THE FOLLOWING WEATHER WAS RECORDED TODAY.
  NO SIGNIFICANT WEATHER WAS OBSERVED.


RELATIVE HUMIDITY (PERCENT)
 HIGHEST    MM
 LOWEST     MM
 AVERAGE    MM

..........................................................


THE CHANHASSEN MN CLIMATE NORMALS FOR TOMORROW
                         NORMAL    RECORD    YEAR
 MAXIMUM TEMPERATURE (F)   60        MM        MM
 MINIMUM TEMPERATURE (F)   38        MM        MM


SUNRISE AND SUNSET
APRIL 20 2016.........SUNRISE   620 AM CDT   SUNSET   806 PM CDT
APRIL 21 2016.........SUNRISE   619 AM CDT   SUNSET   808 PM CDT


-  INDICATES NEGATIVE NUMBERS.
R  INDICATES RECORD WAS SET OR TIED.
MM INDICATES DATA IS MISSING.
T  INDICATES TRACE AMOUNT.




$$
