000
CDUS43 KMPX 182139
CLIMPX


CLIMATE REPORT
NATIONAL WEATHER SERVICE CHANHASSEN MN
439 PM CDT WED MAY 18 2016


...................................

...THE CHANHASSEN MN CLIMATE SUMMARY FOR MAY 18 2016...
VALID AS OF 0400 PM LOCAL TIME.

CLIMATE NORMAL PERIOD 1981 TO 2010
CLIMATE RECORD PERIOD 1995 TO 2016


WEATHER ITEM   OBSERVED TIME   RECORD YEAR NORMAL DEPARTURE LAST
                VALUE   (LST)  VALUE       VALUE  FROM      YEAR
                                                  NORMAL
..................................................................
TEMPERATURE (F)
 TODAY
  MAXIMUM         67        MM  MM      MM  69     -2       45
  MINIMUM         37        MM  MM      MM  48    -11       38
  AVERAGE         52                        59     -7       42

PRECIPITATION (IN)
  TODAY            0.00         MM      MM   0.12  -0.12      T
  MONTH TO DATE    1.19                      2.09  -0.90     3.01
  SINCE MAR 1      5.92                      6.87  -0.95     6.01
  SINCE JAN 1      7.41                      8.68  -1.27     6.77

SNOWFALL (IN)
  TODAY            0.0          MM      MM   0.0    0.0      0.0
  MONTH TO DATE    0.0                       0.3   -0.3       T
  SINCE MAR 1      5.6                      14.5   -8.9      9.3
  SINCE JUL 1     35.5                      54.2  -18.7     33.4
  SNOW DEPTH       0

DEGREE DAYS
 HEATING
  TODAY           13                         7      6       23
  MONTH TO DATE  222                       172     50      150
  SINCE MAR 1   1563                      1776   -213     1626
  SINCE JUL 1   6778                      7791  -1013     7884

 COOLING
  TODAY            0                         1     -1        0
  MONTH TO DATE    9                        12     -3        1
  SINCE MAR 1     16                        15      1        1
  SINCE JAN 1     16                        15      1        1
..................................................................




SKY COVER
  POSSIBLE SUNSHINE  MM
  AVERAGE SKY COVER  MM


WEATHER CONDITIONS
 THE FOLLOWING WEATHER WAS RECORDED TODAY.
  NO SIGNIFICANT WEATHER WAS OBSERVED.


RELATIVE HUMIDITY (PERCENT)
 HIGHEST    MM
 LOWEST     MM
 AVERAGE    MM

..........................................................


THE CHANHASSEN MN CLIMATE NORMALS FOR TOMORROW
                         NORMAL    RECORD    YEAR
 MAXIMUM TEMPERATURE (F)   69        MM        MM
 MINIMUM TEMPERATURE (F)   49        MM        MM


SUNRISE AND SUNSET
MAY 18 2016...........SUNRISE   542 AM CDT   SUNSET   840 PM CDT
MAY 19 2016...........SUNRISE   541 AM CDT   SUNSET   841 PM CDT


-  INDICATES NEGATIVE NUMBERS.
R  INDICATES RECORD WAS SET OR TIED.
MM INDICATES DATA IS MISSING.
T  INDICATES TRACE AMOUNT.




$$
