000
CDUS43 KMPX 080623
CLIMPX


CLIMATE REPORT
NATIONAL WEATHER SERVICE CHANHASSEN MN
123 AM CDT MON SEP 8 2014


...................................

...THE CHANHASSEN MN CLIMATE SUMMARY FOR SEPTEMBER 7 2014...

CLIMATE NORMAL PERIOD 1981 TO 2010
CLIMATE RECORD PERIOD 1995 TO 2014


WEATHER ITEM   OBSERVED NORMAL DEPARTURE LAST
                VALUE   VALUE  FROM      YEAR
                               NORMAL
...............................................
TEMPERATURE (F)
 YESTERDAY
  MAXIMUM         74     74      0       91
  MINIMUM         51     55     -4       65
  AVERAGE         63     64     -1       78

PRECIPITATION (IN)
  YESTERDAY        0.00   0.11  -0.11     0.00
  MONTH TO DATE    0.24   0.88  -0.64     0.15
  SINCE SEP 1      0.24   0.88  -0.64     0.15
  SINCE JAN 1     32.75  22.88   9.87    28.36

SNOWFALL (IN)
  YESTERDAY        0.0    0.0    0.0      0.0
  MONTH TO DATE    0.0    0.0    0.0      0.0
  SINCE SEP 1      0.0    0.0    0.0      0.0
  SINCE JUL 1      0.0    0.0    0.0      0.0
  SNOW DEPTH       0

DEGREE DAYS
 HEATING
  YESTERDAY        2      3     -1        0
  MONTH TO DATE   13     17     -4       12
  SINCE SEP 1     13     17     -4       12
  SINCE JUL 1     29     40    -11       33

 COOLING
  YESTERDAY        0      3     -3       13
  MONTH TO DATE   18     21     -3       38
  SINCE SEP 1     18     21     -3       38
  SINCE JAN 1    497    574    -77      617
...............................................







THE CHANHASSEN MN CLIMATE NORMALS FOR TODAY
                         NORMAL
 MAXIMUM TEMPERATURE (F)   74
 MINIMUM TEMPERATURE (F)   55



-  INDICATES NEGATIVE NUMBERS.
R  INDICATES RECORD WAS SET OR TIED.
MM INDICATES DATA IS MISSING.
T  INDICATES TRACE AMOUNT.




$$
