000
CDUS43 KMPX 200642
CLIMPX


CLIMATE REPORT
NATIONAL WEATHER SERVICE CHANHASSEN MN
1240 AM CST SUN NOV 20 2016


...................................

...THE CHANHASSEN MN CLIMATE SUMMARY FOR NOVEMBER 19 2016...

CLIMATE NORMAL PERIOD 1981 TO 2010
CLIMATE RECORD PERIOD 1995 TO 2016


WEATHER ITEM   OBSERVED TIME   RECORD YEAR NORMAL DEPARTURE LAST
                VALUE   (LST)  VALUE       VALUE  FROM      YEAR
                                                  NORMAL
..................................................................
TEMPERATURE (F)
 YESTERDAY
  MAXIMUM         30        MM  MM      MM  38     -8       35
  MINIMUM         20        MM  MM      MM  23     -3       29
  AVERAGE         25                        30     -5       32

PRECIPITATION (IN)
  YESTERDAY        T            MM      MM   0.07  -0.07      T
  MONTH TO DATE    0.57                      1.29  -0.72     4.36
  SINCE SEP 1      9.18                      7.23   1.95    10.09
  SINCE JAN 1     37.14                     29.23   7.91    33.07

SNOWFALL (IN)
  YESTERDAY        T            MM      MM   0.2   -0.2       T
  MONTH TO DATE    0.8                       2.4   -1.6       T
  SINCE SEP 1      0.8                       2.8   -2.0       T
  SINCE JUL 1      0.8                       2.8   -2.0       T
  SNOW DEPTH       1

DEGREE DAYS
 HEATING
  YESTERDAY       40                        34      6       33
  MONTH TO DATE  351                       552   -201      344
  SINCE SEP 1    865                      1265   -400      882
  SINCE JUL 1    878                      1288   -410      924

 COOLING
  YESTERDAY        0                         0      0        0
  MONTH TO DATE    0                         0      0        0
  SINCE SEP 1     45                        52     -7      119
  SINCE JAN 1    631                       605     26      551
..................................................................


WIND (MPH)
  HIGHEST WIND SPEED    MM   HIGHEST WIND DIRECTION    MM
  HIGHEST GUST SPEED    MM   HIGHEST GUST DIRECTION    MM
  AVERAGE WIND SPEED    MM


SKY COVER
  POSSIBLE SUNSHINE  MM
  AVERAGE SKY COVER  MM


WEATHER CONDITIONS
 THE FOLLOWING WEATHER WAS RECORDED YESTERDAY.
  NO SIGNIFICANT WEATHER WAS OBSERVED.


RELATIVE HUMIDITY (PERCENT)
 HIGHEST    MM
 LOWEST     MM
 AVERAGE    MM

..........................................................


THE CHANHASSEN MN CLIMATE NORMALS FOR TODAY
                         NORMAL    RECORD    YEAR
 MAXIMUM TEMPERATURE (F)   37        MM        MM
 MINIMUM TEMPERATURE (F)   23        MM        MM


SUNRISE AND SUNSET
NOVEMBER 20 2016......SUNRISE   719 AM CST   SUNSET   441 PM CST
NOVEMBER 21 2016......SUNRISE   720 AM CST   SUNSET   440 PM CST


-  INDICATES NEGATIVE NUMBERS.
R  INDICATES RECORD WAS SET OR TIED.
MM INDICATES DATA IS MISSING.
T  INDICATES TRACE AMOUNT.




$$
