000
CDUS43 KMPX 110941
CLIMPX


CLIMATE REPORT
NATIONAL WEATHER SERVICE CHANHASSEN MN
340 AM CST THU DEC 11 2014


...................................

...THE CHANHASSEN MN CLIMATE SUMMARY FOR DECEMBER 10 2014...

CLIMATE NORMAL PERIOD 1981 TO 2010
CLIMATE RECORD PERIOD 1995 TO 2014


WEATHER ITEM   OBSERVED TIME   RECORD YEAR NORMAL DEPARTURE LAST
                VALUE   (LST)  VALUE       VALUE  FROM      YEAR
                                                  NORMAL
..................................................................
TEMPERATURE (F)
 YESTERDAY
  MAXIMUM         28        MM  45    2006  27      1       13
                                      2002
  MINIMUM         20        MM  -8    2000  12      8        0
  AVERAGE         24                        20      4        7

PRECIPITATION (IN)
  YESTERDAY        0.00          0.12 2010   0.04  -0.04     0.02
  MONTH TO DATE    0.01                      0.43  -0.42     0.90
  SINCE DEC 1      0.01                      0.43  -0.42     0.90
  SINCE JAN 1     35.47                     30.34   5.13    34.72

SNOWFALL (IN)
  YESTERDAY        0.0           1.7  2000   0.5   -0.5      0.6
  MONTH TO DATE    0.1                       4.3   -4.2      9.2
  SINCE DEC 1      0.1                       4.3   -4.2      9.2
  SINCE JUL 1      8.2                      10.1   -1.9     11.0
  SNOW DEPTH       1

DEGREE DAYS
 HEATING
  YESTERDAY       41                        45     -4       58
  MONTH TO DATE  452                       434     18      538
  SINCE DEC 1    452                       434     18      538
  SINCE JUL 1   2389                      2141    248     2260

 COOLING
  YESTERDAY        0                         0      0        0
  MONTH TO DATE    0                         0      0        0
  SINCE DEC 1      0                         0      0        0
  SINCE JAN 1    514                       605    -91      667
..................................................................


WIND (MPH)
  HIGHEST WIND SPEED    MM   HIGHEST WIND DIRECTION    MM
  HIGHEST GUST SPEED    MM   HIGHEST GUST DIRECTION    MM
  AVERAGE WIND SPEED    MM


SKY COVER
  POSSIBLE SUNSHINE  MM
  AVERAGE SKY COVER  MM


WEATHER CONDITIONS
 THE FOLLOWING WEATHER WAS RECORDED YESTERDAY.
  NO SIGNIFICANT WEATHER WAS OBSERVED.


RELATIVE HUMIDITY (PERCENT)
 HIGHEST    MM
 LOWEST     MM
 AVERAGE    MM

..........................................................


THE CHANHASSEN MN CLIMATE NORMALS FOR TODAY
                         NORMAL    RECORD    YEAR
 MAXIMUM TEMPERATURE (F)   27        47      2001
 MINIMUM TEMPERATURE (F)   12       -10      2013


SUNRISE AND SUNSET
DECEMBER 11 2014......SUNRISE   742 AM CST   SUNSET   433 PM CST
DECEMBER 12 2014......SUNRISE   743 AM CST   SUNSET   433 PM CST


-  INDICATES NEGATIVE NUMBERS.
R  INDICATES RECORD WAS SET OR TIED.
MM INDICATES DATA IS MISSING.
T  INDICATES TRACE AMOUNT.




$$
