833
CDUS43 KMPX 120022
CLIMPX


CLIMATE REPORT
NATIONAL WEATHER SERVICE CHANHASSEN MN
621 PM CST SUN FEB 11 2018


...................................

...THE CHANHASSEN MN CLIMATE SUMMARY FOR FEBRUARY 11 2018...
VALID TODAY AS OF 0600 PM LOCAL TIME.

CLIMATE NORMAL PERIOD 1981 TO 2010
CLIMATE RECORD PERIOD 1995 TO 2018


WEATHER ITEM   OBSERVED TIME   RECORD YEAR NORMAL DEPARTURE LAST
                VALUE   (LST)  VALUE       VALUE  FROM      YEAR
                                                  NORMAL
..................................................................
TEMPERATURE (F)
 TODAY
  MAXIMUM         20        MM  48    2005  27     -7       42
  MINIMUM         -7        MM -18           9    -16       34
  AVERAGE          7                        18    -11       38

PRECIPITATION (IN)
  TODAY            0.00          T    2002   0.03  -0.03     0.04
                                      2002
                                      2015
  MONTH TO DATE    0.19                      0.33  -0.14     0.04
  SINCE DEC 1      2.26                      2.45  -0.19     3.17
  SINCE JAN 1      1.61                      1.20   0.41     0.92

SNOWFALL (IN)
  TODAY            0.0           T    2015   0.3   -0.3      0.0
                                      2014
                                      2013
  MONTH TO DATE    3.3                       3.8   -0.5       T
  SINCE DEC 1     28.8                      28.0    0.8     27.3
  SINCE JUL 1     30.6                      33.8   -3.2     32.4
  SNOW DEPTH       6

DEGREE DAYS
 HEATING
  TODAY           58                        47     11       27
  MONTH TO DATE  681                       532    149      495
  SINCE DEC 1   3721                      3556    165     3350
  SINCE JUL 1   5334                      5263     71     4573

 COOLING
  TODAY            0                         0      0        0
  MONTH TO DATE    0                         0      0        0
  SINCE DEC 1      0                         0      0        0
  SINCE JAN 1      0                         0      0        0
..................................................................


WIND (MPH)
  HIGHEST WIND SPEED    MM   HIGHEST WIND DIRECTION    MM
  HIGHEST GUST SPEED    MM   HIGHEST GUST DIRECTION    MM
  AVERAGE WIND SPEED    MM


SKY COVER
  POSSIBLE SUNSHINE  MM
  AVERAGE SKY COVER  MM


WEATHER CONDITIONS
 THE FOLLOWING WEATHER WAS RECORDED TODAY.
  NO SIGNIFICANT WEATHER WAS OBSERVED.


RELATIVE HUMIDITY (PERCENT)
 HIGHEST    MM
 LOWEST     MM
 AVERAGE    MM

..........................................................


THE CHANHASSEN MN CLIMATE NORMALS FOR TOMORROW
                         NORMAL    RECORD    YEAR
 MAXIMUM TEMPERATURE (F)   27        53      2005
 MINIMUM TEMPERATURE (F)    9        -9      2003


SUNRISE AND SUNSET
FEBRUARY 11 2018......SUNRISE   721 AM CST   SUNSET   537 PM CST
FEBRUARY 12 2018......SUNRISE   719 AM CST   SUNSET   538 PM CST


-  INDICATES NEGATIVE NUMBERS.
R  INDICATES RECORD WAS SET OR TIED.
MM INDICATES DATA IS MISSING.
T  INDICATES TRACE AMOUNT.




$$
