000
CDUS43 KMPX 310657
CLIMPX


CLIMATE REPORT
NATIONAL WEATHER SERVICE CHANHASSEN MN
1256 AM CST SUN JAN 31 2016


...................................

...THE CHANHASSEN MN CLIMATE SUMMARY FOR JANUARY 30 2016...

CLIMATE NORMAL PERIOD 1981 TO 2010
CLIMATE RECORD PERIOD 1995 TO 2016


WEATHER ITEM   OBSERVED TIME   RECORD YEAR NORMAL DEPARTURE LAST
                VALUE   (LST)  VALUE       VALUE  FROM      YEAR
                                                  NORMAL
..................................................................
TEMPERATURE (F)
 YESTERDAY
  MAXIMUM         40        MM  MM      MM  24     16       26
  MINIMUM         27        MM  MM      MM   6     21        9
  AVERAGE         34                        15     19       18

PRECIPITATION (IN)
  YESTERDAY        T            MM      MM   0.02  -0.02     0.00
  MONTH TO DATE    0.31                      0.84  -0.53     0.37
  SINCE DEC 1      2.28                      2.09   0.19     1.34
  SINCE JAN 1      0.31                      0.84  -0.53     0.37

SNOWFALL (IN)
  YESTERDAY        T            MM      MM   0.3   -0.3      0.0
  MONTH TO DATE    4.7                      10.0   -5.3      4.5
  SINCE DEC 1     14.0                      23.9   -9.9     11.2
  SINCE JUL 1     17.0                      29.7  -12.7     19.3
  SNOW DEPTH       3

DEGREE DAYS
 HEATING
  YESTERDAY       31                        50    -19       47
  MONTH TO DATE 1499                      1522    -23     1440
  SINCE DEC 1   2627                      2976   -349     2739
  SINCE JUL 1   3959                      4683   -724     4676

 COOLING
  YESTERDAY        0                         0      0        0
  MONTH TO DATE    0                         0      0        0
  SINCE DEC 1      0                         0      0        0
  SINCE JAN 1      0                         0      0        0
..................................................................


WIND (MPH)
  HIGHEST WIND SPEED    MM   HIGHEST WIND DIRECTION    MM
  HIGHEST GUST SPEED    MM   HIGHEST GUST DIRECTION    MM
  AVERAGE WIND SPEED    MM


SKY COVER
  POSSIBLE SUNSHINE  MM
  AVERAGE SKY COVER  MM


WEATHER CONDITIONS
 THE FOLLOWING WEATHER WAS RECORDED YESTERDAY.
  NO SIGNIFICANT WEATHER WAS OBSERVED.


RELATIVE HUMIDITY (PERCENT)
 HIGHEST    MM
 LOWEST     MM
 AVERAGE    MM

..........................................................


THE CHANHASSEN MN CLIMATE NORMALS FOR TODAY
                         NORMAL    RECORD    YEAR
 MAXIMUM TEMPERATURE (F)   24        MM        MM
 MINIMUM TEMPERATURE (F)    6        MM        MM


SUNRISE AND SUNSET
JANUARY 31 2016.......SUNRISE   735 AM CST   SUNSET   521 PM CST
FEBRUARY  1 2016......SUNRISE   734 AM CST   SUNSET   522 PM CST


-  INDICATES NEGATIVE NUMBERS.
R  INDICATES RECORD WAS SET OR TIED.
MM INDICATES DATA IS MISSING.
T  INDICATES TRACE AMOUNT.




$$
