000
CDUS43 KMPX 082220
CLIMPX


CLIMATE REPORT
NATIONAL WEATHER SERVICE CHANHASSEN MN
420 PM CST WED NOV 8 2017


...................................

...THE CHANHASSEN MN CLIMATE SUMMARY FOR NOVEMBER 8 2017...
VALID TODAY AS OF 0400 PM LOCAL TIME.

CLIMATE NORMAL PERIOD 1981 TO 2010
CLIMATE RECORD PERIOD 1995 TO 2017


WEATHER ITEM   OBSERVED TIME   RECORD YEAR NORMAL DEPARTURE LAST
                VALUE   (LST)  VALUE       VALUE  FROM      YEAR
                                                  NORMAL
..................................................................
TEMPERATURE (F)
 TODAY
  MAXIMUM         41        MM  MM      MM  45     -4       57
  MINIMUM         24        MM  MM          29     -5       35
  AVERAGE         33                        37     -4       46

PRECIPITATION (IN)
  TODAY            0.00         MM      MM   0.07  -0.07     0.00
  MONTH TO DATE    0.15                      0.55  -0.40     0.00
  SINCE SEP 1      7.59                      6.49   1.10     8.61
  SINCE JAN 1     37.13                     28.49   8.64    36.57

SNOWFALL (IN)
  TODAY            0.0          MM      MM   0.1   -0.1      0.0
  MONTH TO DATE    0.8                       0.6    0.2      0.0
  SINCE SEP 1      1.5                       1.0    0.5      0.0
  SINCE JUL 1      1.5                       1.0    0.5      0.0
  SNOW DEPTH       0

DEGREE DAYS
 HEATING
  TODAY           32                        28      4       19
  MONTH TO DATE  265                       207     58      105
  SINCE SEP 1    876                       920    -44      619
  SINCE JUL 1    897                       943    -46      632

 COOLING
  TODAY            0                         0      0        0
  MONTH TO DATE    0                         0      0        0
  SINCE SEP 1     80                        52     28       45
  SINCE JAN 1    478                       605   -127      631
..................................................................


WIND (MPH)
  HIGHEST WIND SPEED    MM   HIGHEST WIND DIRECTION    MM
  HIGHEST GUST SPEED    MM   HIGHEST GUST DIRECTION    MM
  AVERAGE WIND SPEED    MM


SKY COVER
  POSSIBLE SUNSHINE  MM
  AVERAGE SKY COVER  MM


WEATHER CONDITIONS
 THE FOLLOWING WEATHER WAS RECORDED TODAY.
  NO SIGNIFICANT WEATHER WAS OBSERVED.


RELATIVE HUMIDITY (PERCENT)
 HIGHEST    MM
 LOWEST     MM
 AVERAGE    MM

..........................................................


THE CHANHASSEN MN CLIMATE NORMALS FOR TOMORROW
                         NORMAL    RECORD    YEAR
 MAXIMUM TEMPERATURE (F)   45        MM        MM
 MINIMUM TEMPERATURE (F)   29        MM        MM


SUNRISE AND SUNSET
NOVEMBER  8 2017......SUNRISE   702 AM CST   SUNSET   453 PM CST
NOVEMBER  9 2017......SUNRISE   704 AM CST   SUNSET   452 PM CST


-  INDICATES NEGATIVE NUMBERS.
R  INDICATES RECORD WAS SET OR TIED.
MM INDICATES DATA IS MISSING.
T  INDICATES TRACE AMOUNT.




$$
