000
CDUS43 KMPX 222156
CLIMPX


CLIMATE REPORT
NATIONAL WEATHER SERVICE CHANHASSEN MN
455 PM CDT SUN MAR 22 2015


...................................

...THE CHANHASSEN MN CLIMATE SUMMARY FOR MARCH 22 2015...
VALID AS OF 0400 PM LOCAL TIME.

CLIMATE NORMAL PERIOD 1981 TO 2010
CLIMATE RECORD PERIOD 1995 TO 2015


WEATHER ITEM   OBSERVED TIME   RECORD YEAR NORMAL DEPARTURE LAST
                VALUE   (LST)  VALUE       VALUE  FROM      YEAR
                                                  NORMAL
..................................................................
TEMPERATURE (F)
 TODAY
  MAXIMUM         34        MM  MM      MM  43     -9       21
  MINIMUM         30        MM  MM      MM  25      5        6
  AVERAGE         32                        34     -2       14

PRECIPITATION (IN)
  TODAY            T            MM      MM   0.06  -0.06     0.00
  MONTH TO DATE    0.19                      1.11  -0.92     0.29
  SINCE MAR 1      0.19                      1.11  -0.92     0.29
  SINCE JAN 1      0.95                      2.92  -1.97     3.20

SNOWFALL (IN)
  TODAY            T            MM      MM   0.3   -0.3      0.0
  MONTH TO DATE    2.4                       8.4   -6.0      2.9
  SINCE MAR 1      2.4                       8.4   -6.0      2.9
  SINCE JUL 1     26.5                      48.1  -21.6     58.2
  SNOW DEPTH       0

DEGREE DAYS
 HEATING
  TODAY           33                        31      2       51
  MONTH TO DATE  689                       790   -101      948
  SINCE MAR 1    689                       790   -101      948
  SINCE JUL 1   6947                      6805    142     7831

 COOLING
  TODAY            0                         0      0        0
  MONTH TO DATE    0                         0      0        0
  SINCE MAR 1      0                         0      0        0
  SINCE JAN 1      0                         0      0        0
..................................................................




SKY COVER
  POSSIBLE SUNSHINE  MM
  AVERAGE SKY COVER  MM


WEATHER CONDITIONS
 THE FOLLOWING WEATHER WAS RECORDED TODAY.
  NO SIGNIFICANT WEATHER WAS OBSERVED.


RELATIVE HUMIDITY (PERCENT)
 HIGHEST    MM
 LOWEST     MM
 AVERAGE    MM

..........................................................


THE CHANHASSEN MN CLIMATE NORMALS FOR TOMORROW
                         NORMAL    RECORD    YEAR
 MAXIMUM TEMPERATURE (F)   44        MM        MM
 MINIMUM TEMPERATURE (F)   26        MM        MM


SUNRISE AND SUNSET
MARCH 22 2015.........SUNRISE   714 AM CDT   SUNSET   729 PM CDT
MARCH 23 2015.........SUNRISE   712 AM CDT   SUNSET   730 PM CDT


-  INDICATES NEGATIVE NUMBERS.
R  INDICATES RECORD WAS SET OR TIED.
MM INDICATES DATA IS MISSING.
T  INDICATES TRACE AMOUNT.




$$
