000
CDUS43 KMPX 300416
CLIMPX


CLIMATE REPORT
NATIONAL WEATHER SERVICE CHANHASSEN MN
1105 PM CDT MON JUN 29 2015


...................................

...THE CHANHASSEN MN CLIMATE SUMMARY FOR JUNE 29 2015...
VALID TODAY AS OF 1100 PM LOCAL TIME.

CLIMATE NORMAL PERIOD 1981 TO 2010
CLIMATE RECORD PERIOD 1995 TO 2015


WEATHER ITEM   OBSERVED TIME   RECORD YEAR NORMAL DEPARTURE LAST
                VALUE   (LST)  VALUE       VALUE  FROM      YEAR
                                                  NORMAL
..................................................................
TEMPERATURE (F)
 TODAY
  MAXIMUM         82        MM  MM      MM  81      1       84
  MINIMUM         63        MM  MM          61      2       62
  AVERAGE         73                        71      2       73

PRECIPITATION (IN)
  TODAY            0.50         MM      MM   0.13   0.37     0.00
  MONTH TO DATE    3.66                      3.89  -0.23    10.41
  SINCE JUN 1      3.66                      3.89  -0.23    10.41
  SINCE JAN 1     12.38                     14.14  -1.76    26.31

SNOWFALL (IN)
  TODAY            T            MM      MM   0.0    0.0      0.0
  MONTH TO DATE    T                         0.0    0.0      0.0
  SINCE JUN 1      T                         0.0    0.0      0.0
  SINCE JUL 1     33.4                      53.9  -20.5     69.5
  SNOW DEPTH       0

DEGREE DAYS
 HEATING
  TODAY            0                         0      0        0
  MONTH TO DATE   18                        50    -32       33
  SINCE JUN 1     18                        50    -32       33
  SINCE JUL 1   8007                      7915     92     9174

 COOLING
  TODAY            8                         7      1        8
  MONTH TO DATE   99                       120    -21      106
  SINCE JUN 1     99                       120    -21      106
  SINCE JAN 1    107                       153    -46      143
..................................................................


WIND (MPH)
  HIGHEST WIND SPEED    MM   HIGHEST WIND DIRECTION    MM
  HIGHEST GUST SPEED    MM   HIGHEST GUST DIRECTION    MM
  AVERAGE WIND SPEED    MM


SKY COVER
  POSSIBLE SUNSHINE  MM
  AVERAGE SKY COVER  MM


WEATHER CONDITIONS
 THE FOLLOWING WEATHER WAS RECORDED TODAY.
  NO SIGNIFICANT WEATHER WAS OBSERVED.


RELATIVE HUMIDITY (PERCENT)
 HIGHEST    MM
 LOWEST     MM
 AVERAGE    MM

..........................................................


THE CHANHASSEN MN CLIMATE NORMALS FOR TOMORROW
                         NORMAL    RECORD    YEAR
 MAXIMUM TEMPERATURE (F)   81        MM        MM
 MINIMUM TEMPERATURE (F)   61        MM        MM


SUNRISE AND SUNSET
JUNE 29 2015..........SUNRISE   531 AM CDT   SUNSET   904 PM CDT
JUNE 30 2015..........SUNRISE   531 AM CDT   SUNSET   904 PM CDT


-  INDICATES NEGATIVE NUMBERS.
R  INDICATES RECORD WAS SET OR TIED.
MM INDICATES DATA IS MISSING.
T  INDICATES TRACE AMOUNT.




$$
