000
CDUS43 KMPX 190954
CLIMPX


CLIMATE REPORT
NATIONAL WEATHER SERVICE CHANHASSEN MN
354 AM CST THU FEB 19 2015


...................................

...THE CHANHASSEN MN CLIMATE SUMMARY FOR FEBRUARY 18 2015...

CLIMATE NORMAL PERIOD 1981 TO 2010
CLIMATE RECORD PERIOD 1995 TO 2015


WEATHER ITEM   OBSERVED TIME   RECORD YEAR NORMAL DEPARTURE LAST
                VALUE   (LST)  VALUE       VALUE  FROM      YEAR
                                                  NORMAL
..................................................................
TEMPERATURE (F)
 YESTERDAY
  MAXIMUM          1        MM  48    2002  29    -28       41
  MINIMUM        -11        MM -15    2006  11    -22       18
  AVERAGE         -5                        20    -25       30

PRECIPITATION (IN)
  YESTERDAY        0.00          0.08 2002   0.03  -0.03     0.00
  MONTH TO DATE    0.24                      0.56  -0.32     0.69
  SINCE DEC 1      1.58                      2.68  -1.10     3.27
  SINCE JAN 1      0.61                      1.43  -0.82     2.01

SNOWFALL (IN)
  YESTERDAY        0.0           T    2008   0.3   -0.3      0.0
                                      2003
                                      2001
  MONTH TO DATE    3.5                       6.2   -2.7      8.8
  SINCE DEC 1     14.7                      30.4  -15.7     43.9
  SINCE JUL 1     22.8                      36.2  -13.4     45.7
  SNOW DEPTH       T

DEGREE DAYS
 HEATING
  YESTERDAY       70                        45     25       35
  MONTH TO DATE  954                       854    100     1054
  SINCE DEC 1   3736                      3878   -142     4582
  SINCE JUL 1   5673                      5585     88     6304

 COOLING
  YESTERDAY        0                         0      0        0
  MONTH TO DATE    0                         0      0        0
  SINCE DEC 1      0                         0      0        0
  SINCE JAN 1      0                         0      0        0
..................................................................


WIND (MPH)
  HIGHEST WIND SPEED    MM   HIGHEST WIND DIRECTION    MM
  HIGHEST GUST SPEED    MM   HIGHEST GUST DIRECTION    MM
  AVERAGE WIND SPEED    MM


SKY COVER
  POSSIBLE SUNSHINE  MM
  AVERAGE SKY COVER  MM


WEATHER CONDITIONS
 THE FOLLOWING WEATHER WAS RECORDED YESTERDAY.
  NO SIGNIFICANT WEATHER WAS OBSERVED.


RELATIVE HUMIDITY (PERCENT)
 HIGHEST    MM
 LOWEST     MM
 AVERAGE    MM

..........................................................


THE CHANHASSEN MN CLIMATE NORMALS FOR TODAY
                         NORMAL    RECORD    YEAR
 MAXIMUM TEMPERATURE (F)   29        43      2012
 MINIMUM TEMPERATURE (F)   12       -11      2008


SUNRISE AND SUNSET
FEBRUARY 19 2015......SUNRISE   709 AM CST   SUNSET   548 PM CST
FEBRUARY 20 2015......SUNRISE   707 AM CST   SUNSET   549 PM CST


-  INDICATES NEGATIVE NUMBERS.
R  INDICATES RECORD WAS SET OR TIED.
MM INDICATES DATA IS MISSING.
T  INDICATES TRACE AMOUNT.




$$
