000
CDUS43 KMPX 180704
CLIMPX


CLIMATE REPORT
NATIONAL WEATHER SERVICE CHANHASSEN MN
103 AM CST FRI NOV 18 2016


...................................

...THE CHANHASSEN MN CLIMATE SUMMARY FOR NOVEMBER 17 2016...

CLIMATE NORMAL PERIOD 1981 TO 2010
CLIMATE RECORD PERIOD 1995 TO 2016


WEATHER ITEM   OBSERVED TIME   RECORD YEAR NORMAL DEPARTURE LAST
                VALUE   (LST)  VALUE       VALUE  FROM      YEAR
                                                  NORMAL
..................................................................
TEMPERATURE (F)
 YESTERDAY
  MAXIMUM         55        MM  MM      MM  39     16       53
  MINIMUM         45        MM  MM      MM  24     21       47
  AVERAGE         50                        32     18       50

PRECIPITATION (IN)
  YESTERDAY        0.00         MM      MM   0.06  -0.06     1.36
  MONTH TO DATE    0.00                      1.15  -1.15     3.71
  SINCE SEP 1      8.61                      7.09   1.52     9.44
  SINCE JAN 1     36.57                     29.09   7.48    32.42

SNOWFALL (IN)
  YESTERDAY        0.0          MM      MM   0.2   -0.2      0.0
  MONTH TO DATE    0.0                       2.0   -2.0       T
  SINCE SEP 1      0.0                       2.4   -2.4       T
  SINCE JUL 1      0.0                       2.4   -2.4       T
  SNOW DEPTH       0

DEGREE DAYS
 HEATING
  YESTERDAY       15                        33    -18       15
  MONTH TO DATE  284                       484   -200      292
  SINCE SEP 1    798                      1197   -399      830
  SINCE JUL 1    811                      1220   -409      872

 COOLING
  YESTERDAY        0                         0      0        0
  MONTH TO DATE    0                         0      0        0
  SINCE SEP 1     45                        52     -7      119
  SINCE JAN 1    631                       605     26      551
..................................................................


WIND (MPH)
  HIGHEST WIND SPEED    MM   HIGHEST WIND DIRECTION    MM
  HIGHEST GUST SPEED    MM   HIGHEST GUST DIRECTION    MM
  AVERAGE WIND SPEED    MM


SKY COVER
  POSSIBLE SUNSHINE  MM
  AVERAGE SKY COVER  MM


WEATHER CONDITIONS
 THE FOLLOWING WEATHER WAS RECORDED YESTERDAY.
  NO SIGNIFICANT WEATHER WAS OBSERVED.


RELATIVE HUMIDITY (PERCENT)
 HIGHEST    MM
 LOWEST     MM
 AVERAGE    MM

..........................................................


THE CHANHASSEN MN CLIMATE NORMALS FOR TODAY
                         NORMAL    RECORD    YEAR
 MAXIMUM TEMPERATURE (F)   39        MM        MM
 MINIMUM TEMPERATURE (F)   24        MM        MM


SUNRISE AND SUNSET
NOVEMBER 18 2016......SUNRISE   716 AM CST   SUNSET   442 PM CST
NOVEMBER 19 2016......SUNRISE   718 AM CST   SUNSET   442 PM CST


-  INDICATES NEGATIVE NUMBERS.
R  INDICATES RECORD WAS SET OR TIED.
MM INDICATES DATA IS MISSING.
T  INDICATES TRACE AMOUNT.




$$
