000
CDUS43 KMPX 080628
CLIMPX


CLIMATE REPORT
NATIONAL WEATHER SERVICE CHANHASSEN MN
128 AM CDT TUE APR 8 2014


...................................

...THE CHANHASSEN MN CLIMATE SUMMARY FOR APRIL 7 2014...

CLIMATE NORMAL PERIOD 1981 TO 2010
CLIMATE RECORD PERIOD 1995 TO 2014


WEATHER ITEM   OBSERVED NORMAL DEPARTURE LAST
                VALUE   VALUE  FROM      YEAR
                               NORMAL
...............................................
TEMPERATURE (F)
 YESTERDAY
  MAXIMUM         58     53      5       48
  MINIMUM         34     32      2       35
  AVERAGE         46     42      4       42

PRECIPITATION (IN)
  YESTERDAY        0.00   0.10  -0.10     0.18
  MONTH TO DATE    0.77   0.64   0.13     0.35
  SINCE MAR 1      1.46   2.42  -0.96     1.99
  SINCE JAN 1      4.37   4.23   0.14     3.70

SNOWFALL (IN)
  YESTERDAY        0.0    0.2   -0.2      0.0
  MONTH TO DATE    8.7    1.4    7.3      0.3
  SINCE MAR 1     12.1   12.2   -0.1     11.8
  SINCE JUL 1     67.4   51.9   15.5     49.4
  SNOW DEPTH       0

DEGREE DAYS
 HEATING
  YESTERDAY       19     23     -4       23
  MONTH TO DATE  190    170     20      211
  SINCE MAR 1   1458   1216    242     1456
  SINCE JUL 1   8341   7231   1110     7278

 COOLING
  YESTERDAY        0      0      0        0
  MONTH TO DATE    0      0      0        0
  SINCE MAR 1      0      0      0        0
  SINCE JAN 1      0      0      0        0
...............................................







THE CHANHASSEN MN CLIMATE NORMALS FOR TODAY
                         NORMAL
 MAXIMUM TEMPERATURE (F)   53
 MINIMUM TEMPERATURE (F)   33



-  INDICATES NEGATIVE NUMBERS.
R  INDICATES RECORD WAS SET OR TIED.
MM INDICATES DATA IS MISSING.
T  INDICATES TRACE AMOUNT.




$$
