680
CDUS43 KMPX 250706
CLIMPX


CLIMATE REPORT
NATIONAL WEATHER SERVICE CHANHASSEN MN
106 AM CST SUN FEB 25 2018


...................................

...THE CHANHASSEN MN CLIMATE SUMMARY FOR FEBRUARY 24 2018...

CLIMATE NORMAL PERIOD 1981 TO 2010
CLIMATE RECORD PERIOD 1995 TO 2018


WEATHER ITEM   OBSERVED TIME   RECORD YEAR NORMAL DEPARTURE LAST
                VALUE   (LST)  VALUE       VALUE  FROM      YEAR
                                                  NORMAL
..................................................................
TEMPERATURE (F)
 YESTERDAY
  MAXIMUM         26        MM  42    2006  31     -5       27
  MINIMUM          0        MM  -6    2003  14    -14       19
  AVERAGE         13                        22     -9       23

PRECIPITATION (IN)
  YESTERDAY        0.59          0.75 2007   0.04   0.55      T
  MONTH TO DATE    1.31                      0.78   0.53     0.72
  SINCE DEC 1      3.38                      2.90   0.48     3.85
  SINCE JAN 1      2.73                      1.65   1.08     1.60

SNOWFALL (IN)
  YESTERDAY        5.5           8.3  2007   0.3    5.2       T
  MONTH TO DATE   14.2                       8.3    5.9       T
  SINCE DEC 1     39.7                      32.5    7.2     27.3
  SINCE JUL 1     41.5                      38.3    3.2     32.4
  SNOW DEPTH       8

DEGREE DAYS
 HEATING
  YESTERDAY       52                        43      9       42
  MONTH TO DATE 1303                      1117    186      853
  SINCE DEC 1   4343                      4141    202     3708
  SINCE JUL 1   5956                      5848    108     4931

 COOLING
  YESTERDAY        0                         0      0        0
  MONTH TO DATE    0                         0      0        0
  SINCE DEC 1      0                         0      0        0
  SINCE JAN 1      0                         0      0        0
..................................................................


WIND (MPH)
  HIGHEST WIND SPEED    MM   HIGHEST WIND DIRECTION    MM
  HIGHEST GUST SPEED    MM   HIGHEST GUST DIRECTION    MM
  AVERAGE WIND SPEED    MM


SKY COVER
  POSSIBLE SUNSHINE  MM
  AVERAGE SKY COVER  MM


WEATHER CONDITIONS
 THE FOLLOWING WEATHER WAS RECORDED YESTERDAY.
  NO SIGNIFICANT WEATHER WAS OBSERVED.


RELATIVE HUMIDITY (PERCENT)
 HIGHEST    MM
 LOWEST     MM
 AVERAGE    MM

..........................................................


THE CHANHASSEN MN CLIMATE NORMALS FOR TODAY
                         NORMAL    RECORD    YEAR
 MAXIMUM TEMPERATURE (F)   31        37      2009
 MINIMUM TEMPERATURE (F)   14        -9      2014


SUNRISE AND SUNSET
FEBRUARY 25 2018......SUNRISE   659 AM CST   SUNSET   557 PM CST
FEBRUARY 26 2018......SUNRISE   657 AM CST   SUNSET   558 PM CST


-  INDICATES NEGATIVE NUMBERS.
R  INDICATES RECORD WAS SET OR TIED.
MM INDICATES DATA IS MISSING.
T  INDICATES TRACE AMOUNT.




$$
