000
CDUS43 KMPX 270825
CLIMPX


CLIMATE REPORT
NATIONAL WEATHER SERVICE CHANHASSEN MN
324 AM CDT WED AUG 27 2014


...................................

...THE CHANHASSEN MN CLIMATE SUMMARY FOR AUGUST 26 2014...

CLIMATE NORMAL PERIOD 1981 TO 2010
CLIMATE RECORD PERIOD 1995 TO 2014


WEATHER ITEM   OBSERVED NORMAL DEPARTURE LAST
                VALUE   VALUE  FROM      YEAR
                               NORMAL
...............................................
TEMPERATURE (F)
 YESTERDAY
  MAXIMUM         72     78     -6       92
  MINIMUM         54     59     -5       78
  AVERAGE         63     68     -5       85

PRECIPITATION (IN)
  YESTERDAY        T      0.13  -0.13     0.00
  MONTH TO DATE    1.26   3.46  -2.20     1.65
  SINCE JUN 1     15.01  11.07   3.94    12.62
  SINCE JAN 1     30.91  21.32   9.59    28.12

SNOWFALL (IN)
  YESTERDAY        0.0    0.0    0.0      0.0
  MONTH TO DATE    0.0    0.0    0.0      0.0
  SINCE JUN 1      0.0    0.0    0.0      0.0
  SINCE JUL 1      0.0    0.0    0.0      0.0
  SNOW DEPTH       0

DEGREE DAYS
 HEATING
  YESTERDAY        2      1      1        0
  MONTH TO DATE    2      3     -1        5
  SINCE JUN 1     48     60    -12       83
  SINCE JUL 1     15     11      4       21

 COOLING
  YESTERDAY        0      4     -4       20
  MONTH TO DATE  169    150     19      138
  SINCE JUN 1    423    502    -79      489
  SINCE JAN 1    460    535    -75      512
...............................................







THE CHANHASSEN MN CLIMATE NORMALS FOR TODAY
                         NORMAL
 MAXIMUM TEMPERATURE (F)   78
 MINIMUM TEMPERATURE (F)   59



-  INDICATES NEGATIVE NUMBERS.
R  INDICATES RECORD WAS SET OR TIED.
MM INDICATES DATA IS MISSING.
T  INDICATES TRACE AMOUNT.




$$
