000
CDUS43 KMPX 220135
CLIMPX


CLIMATE REPORT
NATIONAL WEATHER SERVICE CHANHASSEN MN
734 PM CST MON NOV 21 2016


...................................

...THE CHANHASSEN MN CLIMATE SUMMARY FOR NOVEMBER 21 2016...
VALID TODAY AS OF 0700 PM LOCAL TIME.

CLIMATE NORMAL PERIOD 1981 TO 2010
CLIMATE RECORD PERIOD 1995 TO 2016


WEATHER ITEM   OBSERVED TIME   RECORD YEAR NORMAL DEPARTURE LAST
                VALUE   (LST)  VALUE       VALUE  FROM      YEAR
                                                  NORMAL
..................................................................
TEMPERATURE (F)
 TODAY
  MAXIMUM         38        MM  MM      MM  37      1       26
  MINIMUM         21        MM  MM          22     -1       15
  AVERAGE         30                        29      1       21

PRECIPITATION (IN)
  TODAY            0.00         MM      MM   0.07  -0.07      T
  MONTH TO DATE    0.57                      1.43  -0.86     4.36
  SINCE SEP 1      9.18                      7.37   1.81    10.09
  SINCE JAN 1     37.14                     29.37   7.77    33.07

SNOWFALL (IN)
  TODAY            0.0          MM      MM   0.3   -0.3       T
  MONTH TO DATE    0.8                       2.9   -2.1       T
  SINCE SEP 1      0.8                       3.3   -2.5       T
  SINCE JUL 1      0.8                       3.3   -2.5       T
  SNOW DEPTH       T

DEGREE DAYS
 HEATING
  TODAY           35                        36     -1       44
  MONTH TO DATE  425                       623   -198      426
  SINCE SEP 1    939                      1336   -397      964
  SINCE JUL 1    952                      1359   -407     1006

 COOLING
  TODAY            0                         0      0        0
  MONTH TO DATE    0                         0      0        0
  SINCE SEP 1     45                        52     -7      119
  SINCE JAN 1    631                       605     26      551
..................................................................


WIND (MPH)
  HIGHEST WIND SPEED    MM   HIGHEST WIND DIRECTION    MM
  HIGHEST GUST SPEED    MM   HIGHEST GUST DIRECTION    MM
  AVERAGE WIND SPEED    MM


SKY COVER
  POSSIBLE SUNSHINE  MM
  AVERAGE SKY COVER  MM


WEATHER CONDITIONS
 THE FOLLOWING WEATHER WAS RECORDED TODAY.
  NO SIGNIFICANT WEATHER WAS OBSERVED.


RELATIVE HUMIDITY (PERCENT)
 HIGHEST    MM
 LOWEST     MM
 AVERAGE    MM

..........................................................


THE CHANHASSEN MN CLIMATE NORMALS FOR TOMORROW
                         NORMAL    RECORD    YEAR
 MAXIMUM TEMPERATURE (F)   36        MM        MM
 MINIMUM TEMPERATURE (F)   22        MM        MM


SUNRISE AND SUNSET
NOVEMBER 21 2016......SUNRISE   720 AM CST   SUNSET   440 PM CST
NOVEMBER 22 2016......SUNRISE   721 AM CST   SUNSET   439 PM CST


-  INDICATES NEGATIVE NUMBERS.
R  INDICATES RECORD WAS SET OR TIED.
MM INDICATES DATA IS MISSING.
T  INDICATES TRACE AMOUNT.




$$
