000
CDUS43 KMPX 112132
CLIMPX


CLIMATE REPORT
NATIONAL WEATHER SERVICE CHANHASSEN MN
432 PM CDT THU SEP 11 2014


...................................

...THE CHANHASSEN MN CLIMATE SUMMARY FOR SEPTEMBER 11 2014...
VALID AS OF 0400 PM LOCAL TIME.

CLIMATE NORMAL PERIOD 1981 TO 2010
CLIMATE RECORD PERIOD 1995 TO 2014


WEATHER ITEM   OBSERVED NORMAL DEPARTURE LAST
                VALUE   VALUE  FROM      YEAR
                               NORMAL
...............................................
TEMPERATURE (F)
 TODAY
  MAXIMUM         56     73    -17       81
  MINIMUM         43     53    -10       59
  AVERAGE         50     63    -13       70

PRECIPITATION (IN)
  TODAY            0.00   0.12  -0.12     0.00
  MONTH TO DATE    0.49   1.36  -0.87     0.16
  SINCE SEP 1      0.49   1.36  -0.87     0.16
  SINCE JAN 1     33.00  23.36   9.64    28.37

SNOWFALL (IN)
  TODAY            0.0    0.0    0.0      0.0
  MONTH TO DATE    0.0    0.0    0.0      0.0
  SINCE SEP 1      0.0    0.0    0.0      0.0
  SINCE JUL 1      0.0    0.0    0.0      0.0
  SNOW DEPTH       0

DEGREE DAYS
 HEATING
  TODAY           15      4     11        0
  MONTH TO DATE   37     32      5       12
  SINCE SEP 1     37     32      5       12
  SINCE JUL 1     53     55     -2       33

 COOLING
  TODAY            0      2     -2        5
  MONTH TO DATE   19     29    -10       68
  SINCE SEP 1     19     29    -10       68
  SINCE JAN 1    498    582    -84      647
...............................................







THE CHANHASSEN MN CLIMATE NORMALS FOR TOMORROW
                         NORMAL
 MAXIMUM TEMPERATURE (F)   72
 MINIMUM TEMPERATURE (F)   53



-  INDICATES NEGATIVE NUMBERS.
R  INDICATES RECORD WAS SET OR TIED.
MM INDICATES DATA IS MISSING.
T  INDICATES TRACE AMOUNT.




$$
