000
CDUS43 KMPX 040640
CLIMPX


CLIMATE REPORT
NATIONAL WEATHER SERVICE CHANHASSEN MN
1239 AM CST SUN FEB 4 2018


...................................

...THE CHANHASSEN MN CLIMATE SUMMARY FOR FEBRUARY 3 2018...

CLIMATE NORMAL PERIOD 1981 TO 2010
CLIMATE RECORD PERIOD 1995 TO 2018


WEATHER ITEM   OBSERVED TIME   RECORD YEAR NORMAL DEPARTURE LAST
                VALUE   (LST)  VALUE       VALUE  FROM      YEAR
                                                  NORMAL
..................................................................
TEMPERATURE (F)
 YESTERDAY
  MAXIMUM         19        MM  MM      MM  25     -6       22
  MINIMUM          6        MM  MM      MM   7     -1        4
  AVERAGE         13                        16     -3       13

PRECIPITATION (IN)
  YESTERDAY        0.15         MM      MM   0.03   0.12     0.00
  MONTH TO DATE    0.15                      0.09   0.06      T
  SINCE DEC 1      2.22                      2.21   0.01     3.13
  SINCE JAN 1      1.57                      0.96   0.61     0.88

SNOWFALL (IN)
  YESTERDAY        2.3          MM      MM   0.4    1.9      0.0
  MONTH TO DATE    2.3                       1.1    1.2       T
  SINCE DEC 1     27.8                      25.3    2.5     27.3
  SINCE JUL 1     29.6                      31.1   -1.5     32.4
  SNOW DEPTH       5

DEGREE DAYS
 HEATING
  YESTERDAY       52                        49      3       52
  MONTH TO DATE  184                       148     36      152
  SINCE DEC 1   3224                      3172     52     3007
  SINCE JUL 1   4837                      4879    -42     4230

 COOLING
  YESTERDAY        0                         0      0        0
  MONTH TO DATE    0                         0      0        0
  SINCE DEC 1      0                         0      0        0
  SINCE JAN 1      0                         0      0        0
..................................................................


WIND (MPH)
  HIGHEST WIND SPEED    MM   HIGHEST WIND DIRECTION    MM
  HIGHEST GUST SPEED    MM   HIGHEST GUST DIRECTION    MM
  AVERAGE WIND SPEED    MM


SKY COVER
  POSSIBLE SUNSHINE  MM
  AVERAGE SKY COVER  MM


WEATHER CONDITIONS
 THE FOLLOWING WEATHER WAS RECORDED YESTERDAY.
  NO SIGNIFICANT WEATHER WAS OBSERVED.


RELATIVE HUMIDITY (PERCENT)
 HIGHEST    MM
 LOWEST     MM
 AVERAGE    MM

..........................................................


THE CHANHASSEN MN CLIMATE NORMALS FOR TODAY
                         NORMAL    RECORD    YEAR
 MAXIMUM TEMPERATURE (F)   25        MM        MM
 MINIMUM TEMPERATURE (F)    7        MM        MM


SUNRISE AND SUNSET
FEBRUARY  4 2018......SUNRISE   730 AM CST   SUNSET   527 PM CST
FEBRUARY  5 2018......SUNRISE   729 AM CST   SUNSET   528 PM CST


-  INDICATES NEGATIVE NUMBERS.
R  INDICATES RECORD WAS SET OR TIED.
MM INDICATES DATA IS MISSING.
T  INDICATES TRACE AMOUNT.




$$
