000
CDUS43 KMPX 130921
CLIMPX


CLIMATE REPORT
NATIONAL WEATHER SERVICE CHANHASSEN MN
419 AM CDT WED APR 13 2016


...................................

...THE CHANHASSEN MN CLIMATE SUMMARY FOR APRIL 12 2016...

CLIMATE NORMAL PERIOD 1981 TO 2010
CLIMATE RECORD PERIOD 1995 TO 2016


WEATHER ITEM   OBSERVED TIME   RECORD YEAR NORMAL DEPARTURE LAST
                VALUE   (LST)  VALUE       VALUE  FROM      YEAR
                                                  NORMAL
..................................................................
TEMPERATURE (F)
 YESTERDAY
  MAXIMUM         48        MM  MM      MM  56     -8       74
  MINIMUM         20        MM  MM      MM  34    -14       49
  AVERAGE         34                        45    -11       62

PRECIPITATION (IN)
  YESTERDAY        T            MM      MM   0.10  -0.10     0.39
  MONTH TO DATE    0.12                      1.15  -1.03     1.59
  SINCE MAR 1      1.54                      2.93  -1.39     2.37
  SINCE JAN 1      3.03                      4.74  -1.71     3.13

SNOWFALL (IN)
  YESTERDAY        T            MM      MM   0.2   -0.2      0.0
  MONTH TO DATE    0.5                       2.1   -1.6      0.5
  SINCE MAR 1      5.6                      12.9   -7.3      9.3
  SINCE JUL 1     35.5                      52.6  -17.1     33.4
  SNOW DEPTH       0

DEGREE DAYS
 HEATING
  YESTERDAY       31                        20     11        3
  MONTH TO DATE  351                       276     75      244
  SINCE MAR 1   1144                      1322   -178     1209
  SINCE JUL 1   6359                      7337   -978     7467

 COOLING
  YESTERDAY        0                         0      0        0
  MONTH TO DATE    0                         0      0        0
  SINCE MAR 1      0                         0      0        0
  SINCE JAN 1      0                         0      0        0
..................................................................


WIND (MPH)
  HIGHEST WIND SPEED    MM   HIGHEST WIND DIRECTION    MM
  HIGHEST GUST SPEED    MM   HIGHEST GUST DIRECTION    MM
  AVERAGE WIND SPEED    MM


SKY COVER
  POSSIBLE SUNSHINE  MM
  AVERAGE SKY COVER  MM


WEATHER CONDITIONS
 THE FOLLOWING WEATHER WAS RECORDED YESTERDAY.
  NO SIGNIFICANT WEATHER WAS OBSERVED.


RELATIVE HUMIDITY (PERCENT)
 HIGHEST    MM
 LOWEST     MM
 AVERAGE    MM

..........................................................


THE CHANHASSEN MN CLIMATE NORMALS FOR TODAY
                         NORMAL    RECORD    YEAR
 MAXIMUM TEMPERATURE (F)   56        MM        MM
 MINIMUM TEMPERATURE (F)   35        MM        MM


SUNRISE AND SUNSET
APRIL 13 2016.........SUNRISE   632 AM CDT   SUNSET   758 PM CDT
APRIL 14 2016.........SUNRISE   631 AM CDT   SUNSET   759 PM CDT


-  INDICATES NEGATIVE NUMBERS.
R  INDICATES RECORD WAS SET OR TIED.
MM INDICATES DATA IS MISSING.
T  INDICATES TRACE AMOUNT.




$$
