000
CDUS43 KMPX 090027
CLIMPX


CLIMATE REPORT
NATIONAL WEATHER SERVICE CHANHASSEN MN
727 PM CDT TUE APR 8 2014


...................................

...THE CHANHASSEN MN CLIMATE SUMMARY FOR APRIL 8 2014...
VALID TODAY AS OF 0700 PM LOCAL TIME.

CLIMATE NORMAL PERIOD 1981 TO 2010
CLIMATE RECORD PERIOD 1995 TO 2014


WEATHER ITEM   OBSERVED NORMAL DEPARTURE LAST
                VALUE   VALUE  FROM      YEAR
                               NORMAL
...............................................
TEMPERATURE (F)
 TODAY
  MAXIMUM         51     53     -2       46
  MINIMUM         33     33      0       39
  AVERAGE         42     43     -1       43

PRECIPITATION (IN)
  TODAY            0.00   0.10  -0.10     0.60
  MONTH TO DATE    0.77   0.74   0.03     0.95
  SINCE MAR 1      1.46   2.52  -1.06     2.59
  SINCE JAN 1      4.37   4.33   0.04     4.30

SNOWFALL (IN)
  TODAY            0.0    0.1   -0.1      0.0
  MONTH TO DATE    8.7    1.5    7.2      0.3
  SINCE MAR 1     12.1   12.3   -0.2     11.8
  SINCE JUL 1     67.4   52.0   15.4     49.4
  SNOW DEPTH       0

DEGREE DAYS
 HEATING
  TODAY           23     22      1       22
  MONTH TO DATE  213    192     21      233
  SINCE MAR 1   1481   1238    243     1478
  SINCE JUL 1   8364   7253   1111     7300

 COOLING
  TODAY            0      0      0        0
  MONTH TO DATE    0      0      0        0
  SINCE MAR 1      0      0      0        0
  SINCE JAN 1      0      0      0        0
...............................................







THE CHANHASSEN MN CLIMATE NORMALS FOR TOMORROW
                         NORMAL
 MAXIMUM TEMPERATURE (F)   54
 MINIMUM TEMPERATURE (F)   33



-  INDICATES NEGATIVE NUMBERS.
R  INDICATES RECORD WAS SET OR TIED.
MM INDICATES DATA IS MISSING.
T  INDICATES TRACE AMOUNT.




$$
