000
CDUS43 KMPX 172229
CLIMPX


CLIMATE REPORT
NATIONAL WEATHER SERVICE CHANHASSEN MN
428 PM CST TUE FEB 17 2015


...................................

...THE CHANHASSEN MN CLIMATE SUMMARY FOR FEBRUARY 17 2015...
VALID AS OF 0400 PM LOCAL TIME.

CLIMATE NORMAL PERIOD 1981 TO 2010
CLIMATE RECORD PERIOD 1995 TO 2015


WEATHER ITEM   OBSERVED TIME   RECORD YEAR NORMAL DEPARTURE LAST
                VALUE   (LST)  VALUE       VALUE  FROM      YEAR
                                                  NORMAL
..................................................................
TEMPERATURE (F)
 TODAY
  MAXIMUM         10        MM  44    2002  28    -18       28
  MINIMUM         -1        MM -15    2006  11    -12       14
  AVERAGE          5                        20    -15       21

PRECIPITATION (IN)
  TODAY            T   R         T    2005   0.04  -0.04     0.56
                                      2005
                                      2011
  MONTH TO DATE    0.24                      0.53  -0.29     0.69
  SINCE DEC 1      1.58                      2.65  -1.07     3.27
  SINCE JAN 1      0.61                      1.40  -0.79     2.01

SNOWFALL (IN)
  TODAY            T   R         T    2008   0.3   -0.3      6.4
                                      2007
                                      2005
  MONTH TO DATE    3.5                       5.9   -2.4      8.8
  SINCE DEC 1     14.7                      30.1  -15.4     43.9
  SINCE JUL 1     22.8                      35.9  -13.1     45.7
  SNOW DEPTH       T

DEGREE DAYS
 HEATING
  TODAY           60                        45     15       44
  MONTH TO DATE  882                       809     73     1019
  SINCE DEC 1   3664                      3833   -169     4547
  SINCE JUL 1   5601                      5540     61     6269

 COOLING
  TODAY            0                         0      0        0
  MONTH TO DATE    0                         0      0        0
  SINCE DEC 1      0                         0      0        0
  SINCE JAN 1      0                         0      0        0
..................................................................




SKY COVER
  POSSIBLE SUNSHINE  MM
  AVERAGE SKY COVER  MM


WEATHER CONDITIONS
 THE FOLLOWING WEATHER WAS RECORDED TODAY.
  NO SIGNIFICANT WEATHER WAS OBSERVED.


RELATIVE HUMIDITY (PERCENT)
 HIGHEST    MM
 LOWEST     MM
 AVERAGE    MM

..........................................................


THE CHANHASSEN MN CLIMATE NORMALS FOR TOMORROW
                         NORMAL    RECORD    YEAR
 MAXIMUM TEMPERATURE (F)   29        48      2002
 MINIMUM TEMPERATURE (F)   11       -15      2006


SUNRISE AND SUNSET
FEBRUARY 17 2015......SUNRISE   712 AM CST   SUNSET   545 PM CST
FEBRUARY 18 2015......SUNRISE   711 AM CST   SUNSET   546 PM CST


-  INDICATES NEGATIVE NUMBERS.
R  INDICATES RECORD WAS SET OR TIED.
MM INDICATES DATA IS MISSING.
T  INDICATES TRACE AMOUNT.




$$
