000
CDUS43 KMPX 200711
CLIMPX


CLIMATE REPORT
NATIONAL WEATHER SERVICE CHANHASSEN MN
110 AM CST THU NOV 20 2014


...................................

...THE CHANHASSEN MN CLIMATE SUMMARY FOR NOVEMBER 19 2014...

CLIMATE NORMAL PERIOD 1981 TO 2010
CLIMATE RECORD PERIOD 1995 TO 2014


WEATHER ITEM   OBSERVED NORMAL DEPARTURE LAST
                VALUE   VALUE  FROM      YEAR
                               NORMAL
...............................................
TEMPERATURE (F)
 YESTERDAY
  MAXIMUM         24     38    -14       46
  MINIMUM         15     23     -8       18
  AVERAGE         20     30    -10       32

PRECIPITATION (IN)
  YESTERDAY        0.02   0.07  -0.05     0.00
  MONTH TO DATE    0.46   1.29  -0.83     0.50
  SINCE SEP 1      2.68   7.23  -4.55     5.60
  SINCE JAN 1     35.19  29.23   5.96    33.81

SNOWFALL (IN)
  YESTERDAY        0.4    0.2    0.2      0.0
  MONTH TO DATE    4.6    2.4    2.2      1.6
  SINCE SEP 1      4.6    2.8    1.8      1.6
  SINCE JUL 1      4.6    2.8    1.8      1.6
  SNOW DEPTH       3

DEGREE DAYS
 HEATING
  YESTERDAY       45     34     11       33
  MONTH TO DATE  719    552    167      562
  SINCE SEP 1   1420   1265    155     1241
  SINCE JUL 1   1436   1288    148     1262

 COOLING
  YESTERDAY        0      0      0        0
  MONTH TO DATE    0      0      0        0
  SINCE SEP 1     35     52    -17       88
  SINCE JAN 1    514    605    -91      667
...............................................







THE CHANHASSEN MN CLIMATE NORMALS FOR TODAY
                         NORMAL
 MAXIMUM TEMPERATURE (F)   37
 MINIMUM TEMPERATURE (F)   23



-  INDICATES NEGATIVE NUMBERS.
R  INDICATES RECORD WAS SET OR TIED.
MM INDICATES DATA IS MISSING.
T  INDICATES TRACE AMOUNT.




$$
