000
CDUS43 KMPX 020756
CLIMPX


CLIMATE REPORT
NATIONAL WEATHER SERVICE CHANHASSEN MN
254 AM CDT TUE SEP 2 2014


...................................

...THE CHANHASSEN MN CLIMATE SUMMARY FOR SEPTEMBER 1 2014...

CLIMATE NORMAL PERIOD 1981 TO 2010
CLIMATE RECORD PERIOD 1995 TO 2014


WEATHER ITEM   OBSERVED NORMAL DEPARTURE LAST
                VALUE   VALUE  FROM      YEAR
                               NORMAL
...............................................
TEMPERATURE (F)
 YESTERDAY
  MAXIMUM         76     76      0       71
  MINIMUM         62     57      5       58
  AVERAGE         69     67      2       65

PRECIPITATION (IN)
  YESTERDAY        0.02   0.14  -0.12     0.00
  MONTH TO DATE    0.02   0.14  -0.12     0.00
  SINCE SEP 1      0.02   0.14  -0.12     0.00
  SINCE JAN 1     32.53  22.14  10.39    28.21

SNOWFALL (IN)
  YESTERDAY        0.0    0.0    0.0      0.0
  MONTH TO DATE    0.0    0.0    0.0      0.0
  SINCE SEP 1      0.0    0.0    0.0      0.0
  SINCE JUL 1      0.0    0.0    0.0      0.0
  SNOW DEPTH       0

DEGREE DAYS
 HEATING
  YESTERDAY        0      2     -2        0
  MONTH TO DATE    0      2     -2        0
  SINCE SEP 1      0      2     -2        0
  SINCE JUL 1     16     25     -9       21

 COOLING
  YESTERDAY        4      3      1        0
  MONTH TO DATE    4      3      1        0
  SINCE SEP 1      4      3      1        0
  SINCE JAN 1    483    556    -73      579
...............................................







THE CHANHASSEN MN CLIMATE NORMALS FOR TODAY
                         NORMAL
 MAXIMUM TEMPERATURE (F)   76
 MINIMUM TEMPERATURE (F)   57



-  INDICATES NEGATIVE NUMBERS.
R  INDICATES RECORD WAS SET OR TIED.
MM INDICATES DATA IS MISSING.
T  INDICATES TRACE AMOUNT.




$$
