000
CDUS43 KMPX 210109
CLIMPX


CLIMATE REPORT
NATIONAL WEATHER SERVICE CHANHASSEN MN
809 PM CDT SAT MAY 20 2017


...................................

...THE CHANHASSEN MN CLIMATE SUMMARY FOR MAY 20 2017...
VALID TODAY AS OF 0800 PM LOCAL TIME.

CLIMATE NORMAL PERIOD 1981 TO 2010
CLIMATE RECORD PERIOD 1995 TO 2017


WEATHER ITEM   OBSERVED TIME   RECORD YEAR NORMAL DEPARTURE LAST
                VALUE   (LST)  VALUE       VALUE  FROM      YEAR
                                                  NORMAL
..................................................................
TEMPERATURE (F)
 TODAY
  MAXIMUM         MM        MM  MM      MM  70     MM       73
  MINIMUM         MM        MM  MM          49     MM       47
  AVERAGE         MM                        59     MM       60

PRECIPITATION (IN)
  TODAY            1.51         MM      MM   0.12   1.39     0.00
  MONTH TO DATE    4.89                      2.33   2.56     1.19
  SINCE MAR 1     10.59                      7.11   3.48     5.92
  SINCE JAN 1     12.19                      8.92   3.27     7.41

SNOWFALL (IN)
  TODAY            0.0          MM      MM   0.0    0.0      0.0
  MONTH TO DATE    T                         0.3   -0.3      0.0
  SINCE MAR 1      6.1                      14.5   -8.4      5.6
  SINCE JUL 1     38.5                      54.2  -15.7     35.5
  SNOW DEPTH       0

DEGREE DAYS
 HEATING
  TODAY           MM                         7     MM        5
  MONTH TO DATE  172                       186    -14      234
  SINCE MAR 1   1686                      1790   -104     1575
  SINCE JUL 1   6755                      7805  -1050     6790

 COOLING
  TODAY           MM                         1     MM        0
  MONTH TO DATE   11                        14     -3        9
  SINCE MAR 1     11                        17     -6       16
  SINCE JAN 1     11                        17     -6       16
..................................................................


WIND (MPH)
  HIGHEST WIND SPEED    MM   HIGHEST WIND DIRECTION    MM
  HIGHEST GUST SPEED    MM   HIGHEST GUST DIRECTION    MM
  AVERAGE WIND SPEED    MM


SKY COVER
  POSSIBLE SUNSHINE  MM
  AVERAGE SKY COVER  MM


WEATHER CONDITIONS
 THE FOLLOWING WEATHER WAS RECORDED TODAY.
  NO SIGNIFICANT WEATHER WAS OBSERVED.


RELATIVE HUMIDITY (PERCENT)
 HIGHEST    MM
 LOWEST     MM
 AVERAGE    MM

..........................................................


THE CHANHASSEN MN CLIMATE NORMALS FOR TOMORROW
                         NORMAL    RECORD    YEAR
 MAXIMUM TEMPERATURE (F)   70        MM        MM
 MINIMUM TEMPERATURE (F)   49        MM        MM


SUNRISE AND SUNSET
MAY 20 2017...........SUNRISE   540 AM CDT   SUNSET   842 PM CDT
MAY 21 2017...........SUNRISE   539 AM CDT   SUNSET   843 PM CDT


-  INDICATES NEGATIVE NUMBERS.
R  INDICATES RECORD WAS SET OR TIED.
MM INDICATES DATA IS MISSING.
T  INDICATES TRACE AMOUNT.




$$
