000
CDUS43 KMPX 280627
CLIMPX


CLIMATE REPORT
NATIONAL WEATHER SERVICE CHANHASSEN MN
126 AM CDT FRI APR 28 2017


...................................

...THE CHANHASSEN MN CLIMATE SUMMARY FOR APRIL 27 2017...

CLIMATE NORMAL PERIOD 1981 TO 2010
CLIMATE RECORD PERIOD 1995 TO 2017


WEATHER ITEM   OBSERVED TIME   RECORD YEAR NORMAL DEPARTURE LAST
                VALUE   (LST)  VALUE       VALUE  FROM      YEAR
                                                  NORMAL
..................................................................
TEMPERATURE (F)
 YESTERDAY
  MAXIMUM         34        MM  MM      MM  63    -29       51
  MINIMUM         31        MM  MM      MM  41    -10       39
  AVERAGE         33                        52    -19       45

PRECIPITATION (IN)
  YESTERDAY        0.02         MM      MM   0.11  -0.09     0.29
  MONTH TO DATE    4.17                      2.64   1.53     2.50
  SINCE MAR 1      4.91                      4.42   0.49     3.92
  SINCE JAN 1      6.51                      6.23   0.28     5.41

SNOWFALL (IN)
  YESTERDAY        T            MM      MM   0.1   -0.1      0.0
  MONTH TO DATE    0.6                       3.3   -2.7      0.5
  SINCE MAR 1      6.1                      14.1   -8.0      5.6
  SINCE JUL 1     38.5                      53.8  -15.3     35.5
  SNOW DEPTH       0

DEGREE DAYS
 HEATING
  YESTERDAY       32                        13     19       20
  MONTH TO DATE  435                       522    -87      486
  SINCE MAR 1   1449                      1568   -119     1279
  SINCE JUL 1   6518                      7583  -1065     6494

 COOLING
  YESTERDAY        0                         0      0        0
  MONTH TO DATE    0                         0      0        7
  SINCE MAR 1      0                         0      0        7
  SINCE JAN 1      0                         0      0        7
..................................................................


WIND (MPH)
  HIGHEST WIND SPEED    MM   HIGHEST WIND DIRECTION    MM
  HIGHEST GUST SPEED    MM   HIGHEST GUST DIRECTION    MM
  AVERAGE WIND SPEED    MM


SKY COVER
  POSSIBLE SUNSHINE  MM
  AVERAGE SKY COVER  MM


WEATHER CONDITIONS
 THE FOLLOWING WEATHER WAS RECORDED YESTERDAY.
  NO SIGNIFICANT WEATHER WAS OBSERVED.


RELATIVE HUMIDITY (PERCENT)
 HIGHEST    MM
 LOWEST     MM
 AVERAGE    MM

..........................................................


THE CHANHASSEN MN CLIMATE NORMALS FOR TODAY
                         NORMAL    RECORD    YEAR
 MAXIMUM TEMPERATURE (F)   63        MM        MM
 MINIMUM TEMPERATURE (F)   41        MM        MM


SUNRISE AND SUNSET
APRIL 28 2017.........SUNRISE   608 AM CDT   SUNSET   816 PM CDT
APRIL 29 2017.........SUNRISE   606 AM CDT   SUNSET   817 PM CDT


-  INDICATES NEGATIVE NUMBERS.
R  INDICATES RECORD WAS SET OR TIED.
MM INDICATES DATA IS MISSING.
T  INDICATES TRACE AMOUNT.




$$
