000
CDUS43 KMPX 210645
CLIMPX


CLIMATE REPORT
NATIONAL WEATHER SERVICE CHANHASSEN MN
143 AM CDT MON JUL 21 2014


...................................

...THE CHANHASSEN MN CLIMATE SUMMARY FOR JULY 20 2014...

CLIMATE NORMAL PERIOD 1981 TO 2010
CLIMATE RECORD PERIOD 1995 TO 2014


WEATHER ITEM   OBSERVED NORMAL DEPARTURE LAST
                VALUE   VALUE  FROM      YEAR
                               NORMAL
...............................................
TEMPERATURE (F)
 YESTERDAY
  MAXIMUM         84     82      2       79
  MINIMUM         68     62      6       64
  AVERAGE         76     72      4       72

PRECIPITATION (IN)
  YESTERDAY        0.00   0.12  -0.12      T
  MONTH TO DATE    2.81   2.34   0.47     3.83
  SINCE JUN 1     13.23   6.36   6.87    10.11
  SINCE JAN 1     29.13  16.61  12.52    25.61

SNOWFALL (IN)
  YESTERDAY        0.0    0.0    0.0      0.0
  MONTH TO DATE    0.0    0.0    0.0      0.0
  SINCE JUN 1      0.0    0.0    0.0      0.0
  SINCE JUL 1      0.0    0.0    0.0      0.0
  SNOW DEPTH       0

DEGREE DAYS
 HEATING
  YESTERDAY        0      0      0        0
  MONTH TO DATE   13      0     13        0
  SINCE JUN 1     46     49     -3       62
  SINCE JUL 1     13      0     13        0

 COOLING
  YESTERDAY       11      7      4        7
  MONTH TO DATE   74    144    -70      211
  SINCE JUN 1    186    271    -85      323
  SINCE JAN 1    223    304    -81      346
...............................................







THE CHANHASSEN MN CLIMATE NORMALS FOR TODAY
                         NORMAL
 MAXIMUM TEMPERATURE (F)   82
 MINIMUM TEMPERATURE (F)   62



-  INDICATES NEGATIVE NUMBERS.
R  INDICATES RECORD WAS SET OR TIED.
MM INDICATES DATA IS MISSING.
T  INDICATES TRACE AMOUNT.




$$
