000
CDUS43 KMPX 302145
CLIMPX


CLIMATE REPORT
NATIONAL WEATHER SERVICE CHANHASSEN MN
445 PM CDT WED JUL 30 2014


...................................

...THE CHANHASSEN MN CLIMATE SUMMARY FOR JULY 30 2014...
VALID AS OF 0400 PM LOCAL TIME.

CLIMATE NORMAL PERIOD 1981 TO 2010
CLIMATE RECORD PERIOD 1995 TO 2014


WEATHER ITEM   OBSERVED NORMAL DEPARTURE LAST
                VALUE   VALUE  FROM      YEAR
                               NORMAL
...............................................
TEMPERATURE (F)
 TODAY
  MAXIMUM         78     82     -4       70
  MINIMUM         58     62     -4       60
  AVERAGE         68     72     -4       65

PRECIPITATION (IN)
  TODAY            0.00   0.12  -0.12     0.01
  MONTH TO DATE    3.33   3.47  -0.14     4.62
  SINCE JUN 1     13.75   7.49   6.26    10.90
  SINCE JAN 1     29.65  17.74  11.91    26.40

SNOWFALL (IN)
  TODAY            0.0    0.0    0.0      0.0
  MONTH TO DATE    0.0    0.0    0.0      0.0
  SINCE JUN 1      0.0    0.0    0.0      0.0
  SINCE JUL 1      0.0    0.0    0.0      0.0
  SNOW DEPTH       0

DEGREE DAYS
 HEATING
  TODAY            0      0      0        0
  MONTH TO DATE   13      0     13       16
  SINCE JUN 1     46     49     -3       78
  SINCE JUL 1     13      0     13       16

 COOLING
  TODAY            3      7     -4        0
  MONTH TO DATE  137    214    -77      235
  SINCE JUN 1    249    341    -92      347
  SINCE JAN 1    286    374    -88      370
...............................................







THE CHANHASSEN MN CLIMATE NORMALS FOR TOMORROW
                         NORMAL
 MAXIMUM TEMPERATURE (F)   82
 MINIMUM TEMPERATURE (F)   62



-  INDICATES NEGATIVE NUMBERS.
R  INDICATES RECORD WAS SET OR TIED.
MM INDICATES DATA IS MISSING.
T  INDICATES TRACE AMOUNT.




$$
