000
CDUS43 KMPX 280130
CLIMPX


CLIMATE REPORT
NATIONAL WEATHER SERVICE CHANHASSEN MN
829 PM CDT WED JUL 27 2016


...................................

...THE CHANHASSEN MN CLIMATE SUMMARY FOR JULY 27 2016...
VALID TODAY AS OF 0800 PM LOCAL TIME.

CLIMATE NORMAL PERIOD 1981 TO 2010
CLIMATE RECORD PERIOD 1995 TO 2016


WEATHER ITEM   OBSERVED TIME   RECORD YEAR NORMAL DEPARTURE LAST
                VALUE   (LST)  VALUE       VALUE  FROM      YEAR
                                                  NORMAL
..................................................................
TEMPERATURE (F)
 TODAY
  MAXIMUM         79        MM  MM      MM  82     -3       83
  MINIMUM         70        MM  MM          62      8       69
  AVERAGE         75                        72      3       76

PRECIPITATION (IN)
  TODAY            0.26         MM      MM   0.11   0.15     0.00
  MONTH TO DATE    5.30                      3.12   2.18     6.49
  SINCE JUN 1      9.88                      7.14   2.74    10.15
  SINCE JAN 1     18.13                     17.39   0.74    18.87

SNOWFALL (IN)
  TODAY            0.0          MM      MM   0.0    0.0      0.0
  MONTH TO DATE    0.0                       0.0    0.0      0.0
  SINCE JUN 1      T                         0.0    0.0       T
  SINCE JUL 1      0.0                       0.0    0.0      0.0
  SNOW DEPTH       0

DEGREE DAYS
 HEATING
  TODAY            0                         0      0        0
  MONTH TO DATE    3                         0      3       12
  SINCE JUN 1     24                        49    -25       30
  SINCE JUL 1      3                         0      3       12

 COOLING
  TODAY           10                         7      3       11
  MONTH TO DATE  208                       193     15      163
  SINCE JUN 1    347                       320     27      266
  SINCE JAN 1    389                       353     36      274
..................................................................


WIND (MPH)
  HIGHEST WIND SPEED    MM   HIGHEST WIND DIRECTION    MM
  HIGHEST GUST SPEED    MM   HIGHEST GUST DIRECTION    MM
  AVERAGE WIND SPEED    MM


SKY COVER
  POSSIBLE SUNSHINE  MM
  AVERAGE SKY COVER  MM


WEATHER CONDITIONS
 THE FOLLOWING WEATHER WAS RECORDED TODAY.
  NO SIGNIFICANT WEATHER WAS OBSERVED.


RELATIVE HUMIDITY (PERCENT)
 HIGHEST    MM
 LOWEST     MM
 AVERAGE    MM

..........................................................


THE CHANHASSEN MN CLIMATE NORMALS FOR TOMORROW
                         NORMAL    RECORD    YEAR
 MAXIMUM TEMPERATURE (F)   82        MM        MM
 MINIMUM TEMPERATURE (F)   62        MM        MM


SUNRISE AND SUNSET
JULY 27 2016..........SUNRISE   555 AM CDT   SUNSET   846 PM CDT
JULY 28 2016..........SUNRISE   556 AM CDT   SUNSET   845 PM CDT


-  INDICATES NEGATIVE NUMBERS.
R  INDICATES RECORD WAS SET OR TIED.
MM INDICATES DATA IS MISSING.
T  INDICATES TRACE AMOUNT.




$$
