000
CDUS43 KMPX 220637
CLIMPX


CLIMATE REPORT
NATIONAL WEATHER SERVICE CHANHASSEN MN
1237 AM CST WED FEB 22 2017


...................................

...THE CHANHASSEN MN CLIMATE SUMMARY FOR FEBRUARY 21 2017...

CLIMATE NORMAL PERIOD 1981 TO 2010
CLIMATE RECORD PERIOD 1995 TO 2017


WEATHER ITEM   OBSERVED TIME   RECORD YEAR NORMAL DEPARTURE LAST
                VALUE   (LST)  VALUE       VALUE  FROM      YEAR
                                                  NORMAL
..................................................................
TEMPERATURE (F)
 YESTERDAY
  MAXIMUM         60R       MM  44    2007  30     30       33
  MINIMUM         30        MM -15    2001  13     17       24
  AVERAGE         45                        21     24       29

PRECIPITATION (IN)
  YESTERDAY        0.00          0.11 2011   0.03  -0.03     0.00
  MONTH TO DATE    0.72                      0.66   0.06     1.14
  SINCE DEC 1      3.85                      2.78   1.07     3.42
  SINCE JAN 1      1.60                      1.53   0.07     1.45

SNOWFALL (IN)
  YESTERDAY        0.0           3.1  2009   0.4   -0.4      0.0
  MONTH TO DATE    T                         7.3   -7.3     12.4
  SINCE DEC 1     27.3                      31.5   -4.2     26.4
  SINCE JUL 1     32.4                      37.3   -4.9     29.4
  SNOW DEPTH       0

DEGREE DAYS
 HEATING
  YESTERDAY       20                        44    -24       36
  MONTH TO DATE  759                       987   -228      964
  SINCE DEC 1   3614                      4011   -397     3623
  SINCE JUL 1   4837                      5718   -881     4955

 COOLING
  YESTERDAY        0                         0      0        0
  MONTH TO DATE    0                         0      0        0
  SINCE DEC 1      0                         0      0        0
  SINCE JAN 1      0                         0      0        0
..................................................................


WIND (MPH)
  HIGHEST WIND SPEED    MM   HIGHEST WIND DIRECTION    MM
  HIGHEST GUST SPEED    MM   HIGHEST GUST DIRECTION    MM
  AVERAGE WIND SPEED    MM


SKY COVER
  POSSIBLE SUNSHINE  MM
  AVERAGE SKY COVER  MM


WEATHER CONDITIONS
 THE FOLLOWING WEATHER WAS RECORDED YESTERDAY.
  NO SIGNIFICANT WEATHER WAS OBSERVED.


RELATIVE HUMIDITY (PERCENT)
 HIGHEST    MM
 LOWEST     MM
 AVERAGE    MM

..........................................................


THE CHANHASSEN MN CLIMATE NORMALS FOR TODAY
                         NORMAL    RECORD    YEAR
 MAXIMUM TEMPERATURE (F)   30        37      2006
                                             2002
 MINIMUM TEMPERATURE (F)   13       -10      2015


SUNRISE AND SUNSET
FEBRUARY 22 2017......SUNRISE   703 AM CST   SUNSET   553 PM CST
FEBRUARY 23 2017......SUNRISE   702 AM CST   SUNSET   554 PM CST


-  INDICATES NEGATIVE NUMBERS.
R  INDICATES RECORD WAS SET OR TIED.
MM INDICATES DATA IS MISSING.
T  INDICATES TRACE AMOUNT.




$$
