000
CDUS43 KMPX 100725
CLIMPX


CLIMATE REPORT
NATIONAL WEATHER SERVICE CHANHASSEN MN
224 AM CDT THU JUL 10 2014


...................................

...THE CHANHASSEN MN CLIMATE SUMMARY FOR JULY 9 2014...

CLIMATE NORMAL PERIOD 1981 TO 2010
CLIMATE RECORD PERIOD 1995 TO 2014


WEATHER ITEM   OBSERVED NORMAL DEPARTURE LAST
                VALUE   VALUE  FROM      YEAR
                               NORMAL
...............................................
TEMPERATURE (F)
 YESTERDAY
  MAXIMUM         77     82     -5       84
  MINIMUM         55     62     -7       68
  AVERAGE         66     72     -6       76

PRECIPITATION (IN)
  YESTERDAY        0.00   0.12  -0.12     0.78
  MONTH TO DATE    0.84   1.10  -0.26     0.81
  SINCE JUN 1     11.26   5.12   6.14     7.09
  SINCE JAN 1     27.16  15.37  11.79    22.59

SNOWFALL (IN)
  YESTERDAY        0.0    0.0    0.0      0.0
  MONTH TO DATE    0.0    0.0    0.0      0.0
  SINCE JUN 1      0.0    0.0    0.0      0.0
  SINCE JUL 1      0.0    0.0    0.0      0.0
  SNOW DEPTH       0

DEGREE DAYS
 HEATING
  YESTERDAY        0      0      0        0
  MONTH TO DATE    4      0      4        0
  SINCE JUN 1     37     49    -12       62
  SINCE JUL 1      4      0      4        0

 COOLING
  YESTERDAY        1      7     -6       11
  MONTH TO DATE   34     63    -29       93
  SINCE JUN 1    146    190    -44      205
  SINCE JAN 1    183    223    -40      228
...............................................







THE CHANHASSEN MN CLIMATE NORMALS FOR TODAY
                         NORMAL
 MAXIMUM TEMPERATURE (F)   82
 MINIMUM TEMPERATURE (F)   62



-  INDICATES NEGATIVE NUMBERS.
R  INDICATES RECORD WAS SET OR TIED.
MM INDICATES DATA IS MISSING.
T  INDICATES TRACE AMOUNT.




$$
