000
CDUS43 KMPX 280757
CLIMPX


CLIMATE REPORT
NATIONAL WEATHER SERVICE CHANHASSEN MN
156 AM CST SAT FEB 28 2015


...................................

...THE CHANHASSEN MN CLIMATE SUMMARY FOR FEBRUARY 27 2015...

CLIMATE NORMAL PERIOD 1981 TO 2010
CLIMATE RECORD PERIOD 1995 TO 2015


WEATHER ITEM   OBSERVED TIME   RECORD YEAR NORMAL DEPARTURE LAST
                VALUE   (LST)  VALUE       VALUE  FROM      YEAR
                                                  NORMAL
..................................................................
TEMPERATURE (F)
 YESTERDAY
  MAXIMUM         13        MM  MM      MM  32    -19       -2
  MINIMUM         -9        MM  MM      MM  15    -24      -16
  AVERAGE          2                        24    -22       -9

PRECIPITATION (IN)
  YESTERDAY        0.00         MM      MM   0.04  -0.04     0.00
  MONTH TO DATE    0.35                      0.90  -0.55     1.58
  SINCE DEC 1      1.69                      3.02  -1.33     4.16
  SINCE JAN 1      0.72                      1.77  -1.05     2.90

SNOWFALL (IN)
  YESTERDAY        0.0          MM      MM   0.3   -0.3      0.0
  MONTH TO DATE    4.8                       9.3   -4.5     18.1
  SINCE DEC 1     16.0                      33.5  -17.5     53.2
  SINCE JUL 1     24.1                      39.3  -15.2     55.0
  SNOW DEPTH       T

DEGREE DAYS
 HEATING
  YESTERDAY       63                        42     21       74
  MONTH TO DATE 1482                      1243    239     1569
  SINCE DEC 1   4264                      4267     -3     5097
  SINCE JUL 1   6201                      5974    227     6819

 COOLING
  YESTERDAY        0                         0      0        0
  MONTH TO DATE    0                         0      0        0
  SINCE DEC 1      0                         0      0        0
  SINCE JAN 1      0                         0      0        0
..................................................................


WIND (MPH)
  HIGHEST WIND SPEED    MM   HIGHEST WIND DIRECTION    MM
  HIGHEST GUST SPEED    MM   HIGHEST GUST DIRECTION    MM
  AVERAGE WIND SPEED    MM


SKY COVER
  POSSIBLE SUNSHINE  MM
  AVERAGE SKY COVER  MM


WEATHER CONDITIONS
 THE FOLLOWING WEATHER WAS RECORDED YESTERDAY.
  NO SIGNIFICANT WEATHER WAS OBSERVED.


RELATIVE HUMIDITY (PERCENT)
 HIGHEST    MM
 LOWEST     MM
 AVERAGE    MM

..........................................................


THE CHANHASSEN MN CLIMATE NORMALS FOR TODAY
                         NORMAL    RECORD    YEAR
 MAXIMUM TEMPERATURE (F)   32        44      2004
 MINIMUM TEMPERATURE (F)   15       -11      2014


SUNRISE AND SUNSET
FEBRUARY 28 2015......SUNRISE   654 AM CST   SUNSET   600 PM CST
MARCH  1 2015.........SUNRISE   652 AM CST   SUNSET   602 PM CST


-  INDICATES NEGATIVE NUMBERS.
R  INDICATES RECORD WAS SET OR TIED.
MM INDICATES DATA IS MISSING.
T  INDICATES TRACE AMOUNT.




$$
