000
CDUS43 KMPX 180656
CLIMPX


CLIMATE REPORT
NATIONAL WEATHER SERVICE CHANHASSEN MN
1256 AM CST THU JAN 18 2018


...................................

...THE CHANHASSEN MN CLIMATE SUMMARY FOR JANUARY 17 2018...

CLIMATE NORMAL PERIOD 1981 TO 2010
CLIMATE RECORD PERIOD 1995 TO 2018


WEATHER ITEM   OBSERVED TIME   RECORD YEAR NORMAL DEPARTURE LAST
                VALUE   (LST)  VALUE       VALUE  FROM      YEAR
                                                  NORMAL
..................................................................
TEMPERATURE (F)
 YESTERDAY
  MAXIMUM         27        MM  37    2015  23      4       34
  MINIMUM         -5        MM -17    2016   5    -10       27
  AVERAGE         11                        14     -3       31

PRECIPITATION (IN)
  YESTERDAY        0.00          T    2006   0.03  -0.03     0.05
                                      2006
                                      2014
  MONTH TO DATE    0.33                      0.51  -0.18     0.50
  SINCE DEC 1      0.98                      1.76  -0.78     2.75
  SINCE JAN 1      0.33                      0.51  -0.18     0.50

SNOWFALL (IN)
  YESTERDAY        0.0           T    2014   0.3   -0.3      0.3
                                      2013
                                      2006
  MONTH TO DATE    5.7                       5.5    0.2      4.8
  SINCE DEC 1     12.3                      19.4   -7.1     23.2
  SINCE JUL 1     14.1                      25.2  -11.1     28.3
  SNOW DEPTH       4

DEGREE DAYS
 HEATING
  YESTERDAY       54                        51      3       34
  MONTH TO DATE  984                       865    119      927
  SINCE DEC 1   2463                      2319    144     2359
  SINCE JUL 1   4076                      4026     50     3582

 COOLING
  YESTERDAY        0                         0      0        0
  MONTH TO DATE    0                         0      0        0
  SINCE DEC 1      0                         0      0        0
  SINCE JAN 1      0                         0      0        0
..................................................................


WIND (MPH)
  HIGHEST WIND SPEED    MM   HIGHEST WIND DIRECTION    MM
  HIGHEST GUST SPEED    MM   HIGHEST GUST DIRECTION    MM
  AVERAGE WIND SPEED    MM


SKY COVER
  POSSIBLE SUNSHINE  MM
  AVERAGE SKY COVER  MM


WEATHER CONDITIONS
 THE FOLLOWING WEATHER WAS RECORDED YESTERDAY.
  NO SIGNIFICANT WEATHER WAS OBSERVED.


RELATIVE HUMIDITY (PERCENT)
 HIGHEST    MM
 LOWEST     MM
 AVERAGE    MM

..........................................................


THE CHANHASSEN MN CLIMATE NORMALS FOR TODAY
                         NORMAL    RECORD    YEAR
 MAXIMUM TEMPERATURE (F)   23        40      2017
                                             2013
 MINIMUM TEMPERATURE (F)    5       -15      2016


SUNRISE AND SUNSET
JANUARY 18 2018.......SUNRISE   746 AM CST   SUNSET   503 PM CST
JANUARY 19 2018.......SUNRISE   746 AM CST   SUNSET   505 PM CST


-  INDICATES NEGATIVE NUMBERS.
R  INDICATES RECORD WAS SET OR TIED.
MM INDICATES DATA IS MISSING.
T  INDICATES TRACE AMOUNT.




$$
