619
CDUS43 KMPX 060044
CLIMPX


CLIMATE REPORT
NATIONAL WEATHER SERVICE CHANHASSEN MN
644 PM CST FRI FEB 5 2016


...................................

...THE CHANHASSEN MN CLIMATE SUMMARY FOR FEBRUARY 5 2016...
VALID TODAY AS OF 0600 PM LOCAL TIME.

CLIMATE NORMAL PERIOD 1981 TO 2010
CLIMATE RECORD PERIOD 1995 TO 2016


WEATHER ITEM   OBSERVED TIME   RECORD YEAR NORMAL DEPARTURE LAST
                VALUE   (LST)  VALUE       VALUE  FROM      YEAR
                                                  NORMAL
..................................................................
TEMPERATURE (F)
 TODAY
  MAXIMUM         26        MM  MM      MM  25      1       19
  MINIMUM          0        MM  MM           7     -7      -11
  AVERAGE         13                        16     -3        4

PRECIPITATION (IN)
  TODAY            T            MM      MM   0.03  -0.03     0.00
  MONTH TO DATE    0.72                      0.15   0.57     0.11
  SINCE DEC 1      3.00                      2.27   0.73     1.45
  SINCE JAN 1      1.03                      1.02   0.01     0.48

SNOWFALL (IN)
  TODAY            T            MM      MM   0.4   -0.4      0.0
  MONTH TO DATE   10.7                       1.8    8.9      2.5
  SINCE DEC 1     24.7                      26.0   -1.3     13.7
  SINCE JUL 1     27.7                      31.8   -4.1     21.8
  SNOW DEPTH       6

DEGREE DAYS
 HEATING
  TODAY           52                        49      3       61
  MONTH TO DATE  235                       246    -11      289
  SINCE DEC 1   2894                      3270   -376     3071
  SINCE JUL 1   4226                      4977   -751     5008

 COOLING
  TODAY            0                         0      0        0
  MONTH TO DATE    0                         0      0        0
  SINCE DEC 1      0                         0      0        0
  SINCE JAN 1      0                         0      0        0
..................................................................


WIND (MPH)
  HIGHEST WIND SPEED    MM   HIGHEST WIND DIRECTION    MM
  HIGHEST GUST SPEED    MM   HIGHEST GUST DIRECTION    MM
  AVERAGE WIND SPEED    MM


SKY COVER
  POSSIBLE SUNSHINE  MM
  AVERAGE SKY COVER  MM


WEATHER CONDITIONS
 THE FOLLOWING WEATHER WAS RECORDED TODAY.
  NO SIGNIFICANT WEATHER WAS OBSERVED.


RELATIVE HUMIDITY (PERCENT)
 HIGHEST    MM
 LOWEST     MM
 AVERAGE    MM

..........................................................


THE CHANHASSEN MN CLIMATE NORMALS FOR TOMORROW
                         NORMAL    RECORD    YEAR
 MAXIMUM TEMPERATURE (F)   26        45      2005
                                             2002
 MINIMUM TEMPERATURE (F)    8       -12      2014


SUNRISE AND SUNSET
FEBRUARY  5 2016......SUNRISE   729 AM CST   SUNSET   528 PM CST
FEBRUARY  6 2016......SUNRISE   728 AM CST   SUNSET   529 PM CST


-  INDICATES NEGATIVE NUMBERS.
R  INDICATES RECORD WAS SET OR TIED.
MM INDICATES DATA IS MISSING.
T  INDICATES TRACE AMOUNT.




$$
