000
CDUS43 KMPX 140756
CLIMPX


CLIMATE REPORT
NATIONAL WEATHER SERVICE CHANHASSEN MN
148 AM CST THU DEC 14 2017


...................................

...THE CHANHASSEN MN CLIMATE SUMMARY FOR DECEMBER 13 2017...

CLIMATE NORMAL PERIOD 1981 TO 2010
CLIMATE RECORD PERIOD 1995 TO 2017


WEATHER ITEM   OBSERVED TIME   RECORD YEAR NORMAL DEPARTURE LAST
                VALUE   (LST)  VALUE       VALUE  FROM      YEAR
                                                  NORMAL
..................................................................
TEMPERATURE (F)
 YESTERDAY
  MAXIMUM         29        MM  48    2014  26      3        9
  MINIMUM         16        MM -11    2016  11      5      -11
                                      2010
  AVERAGE         23                        18      5       -1

PRECIPITATION (IN)
  YESTERDAY        0.01          0.14 2015   0.04  -0.03     0.00
  MONTH TO DATE    0.49                      0.55  -0.06     0.77
  SINCE DEC 1      0.49                      0.55  -0.06     0.77
  SINCE JAN 1     37.71                     30.46   7.25    39.05

SNOWFALL (IN)
  YESTERDAY        0.3           1.8  2000   0.5   -0.2      0.0
  MONTH TO DATE    4.1                       5.7   -1.6     12.5
  SINCE DEC 1      4.1                       5.7   -1.6     12.5
  SINCE JUL 1      5.9                      11.5   -5.6     17.6
  SNOW DEPTH       2

DEGREE DAYS
 HEATING
  YESTERDAY       42                        47     -5       66
  MONTH TO DATE  513                       573    -60      595
  SINCE DEC 1    513                       573    -60      595
  SINCE JUL 1   2126                      2280   -154     1818

 COOLING
  YESTERDAY        0                         0      0        0
  MONTH TO DATE    0                         0      0        0
  SINCE DEC 1      0                         0      0        0
  SINCE JAN 1    478                       605   -127      631
..................................................................


WIND (MPH)
  HIGHEST WIND SPEED    MM   HIGHEST WIND DIRECTION    MM
  HIGHEST GUST SPEED    MM   HIGHEST GUST DIRECTION    MM
  AVERAGE WIND SPEED    MM


SKY COVER
  POSSIBLE SUNSHINE  MM
  AVERAGE SKY COVER  MM


WEATHER CONDITIONS
 THE FOLLOWING WEATHER WAS RECORDED YESTERDAY.
  NO SIGNIFICANT WEATHER WAS OBSERVED.


RELATIVE HUMIDITY (PERCENT)
 HIGHEST    MM
 LOWEST     MM
 AVERAGE    MM

..........................................................


THE CHANHASSEN MN CLIMATE NORMALS FOR TODAY
                         NORMAL    RECORD    YEAR
 MAXIMUM TEMPERATURE (F)   26        51      2002
 MINIMUM TEMPERATURE (F)   11       -11      2010


SUNRISE AND SUNSET
DECEMBER 14 2017......SUNRISE   745 AM CST   SUNSET   434 PM CST
DECEMBER 15 2017......SUNRISE   745 AM CST   SUNSET   434 PM CST


-  INDICATES NEGATIVE NUMBERS.
R  INDICATES RECORD WAS SET OR TIED.
MM INDICATES DATA IS MISSING.
T  INDICATES TRACE AMOUNT.




$$
