000
CDUS43 KMPX 172229
CLIMPX


CLIMATE REPORT
NATIONAL WEATHER SERVICE CHANHASSEN MN
429 PM CST WED DEC 17 2014


...................................

...THE CHANHASSEN MN CLIMATE SUMMARY FOR DECEMBER 17 2014...
VALID AS OF 0400 PM LOCAL TIME.

CLIMATE NORMAL PERIOD 1981 TO 2010
CLIMATE RECORD PERIOD 1995 TO 2014


WEATHER ITEM   OBSERVED TIME   RECORD YEAR NORMAL DEPARTURE LAST
                VALUE   (LST)  VALUE       VALUE  FROM      YEAR
                                                  NORMAL
..................................................................
TEMPERATURE (F)
 TODAY
  MAXIMUM         19        MM  45    2001  25     -6       32
  MINIMUM          7        MM -10    2000  10     -3        3
  AVERAGE         13                        17     -4       18

PRECIPITATION (IN)
  TODAY            T   R         T    2005   0.04  -0.04      T
                                      2005
                                      2013
  MONTH TO DATE    0.40                      0.70  -0.30     1.01
  SINCE DEC 1      0.40                      0.70  -0.30     1.01
  SINCE JAN 1     35.86                     30.61   5.25    34.83

SNOWFALL (IN)
  TODAY            T             0.7  2003   0.5   -0.5       T
  MONTH TO DATE    1.2                       7.7   -6.5     11.2
  SINCE DEC 1      1.2                       7.7   -6.5     11.2
  SINCE JUL 1      9.3                      13.5   -4.2     13.0
  SNOW DEPTH       1

DEGREE DAYS
 HEATING
  TODAY           52                        48      4       47
  MONTH TO DATE  682                       762    -80      942
  SINCE DEC 1    682                       762    -80      942
  SINCE JUL 1   2619                      2469    150     2664

 COOLING
  TODAY            0                         0      0        0
  MONTH TO DATE    0                         0      0        0
  SINCE DEC 1      0                         0      0        0
  SINCE JAN 1    514                       605    -91      667
..................................................................




SKY COVER
  POSSIBLE SUNSHINE  MM
  AVERAGE SKY COVER  MM


WEATHER CONDITIONS
 THE FOLLOWING WEATHER WAS RECORDED TODAY.
  NO SIGNIFICANT WEATHER WAS OBSERVED.


RELATIVE HUMIDITY (PERCENT)
 HIGHEST    MM
 LOWEST     MM
 AVERAGE    MM

..........................................................


THE CHANHASSEN MN CLIMATE NORMALS FOR TOMORROW
                         NORMAL    RECORD    YEAR
 MAXIMUM TEMPERATURE (F)   25        47      2011
 MINIMUM TEMPERATURE (F)    9        -7      2005


SUNRISE AND SUNSET
DECEMBER 17 2014......SUNRISE   746 AM CST   SUNSET   434 PM CST
DECEMBER 18 2014......SUNRISE   747 AM CST   SUNSET   435 PM CST


-  INDICATES NEGATIVE NUMBERS.
R  INDICATES RECORD WAS SET OR TIED.
MM INDICATES DATA IS MISSING.
T  INDICATES TRACE AMOUNT.




$$
