659
CDUS43 KMPX 280020
CLIMPX


CLIMATE REPORT
NATIONAL WEATHER SERVICE CHANHASSEN MN
720 PM CDT WED APR 27 2016


...................................

...THE CHANHASSEN MN CLIMATE SUMMARY FOR APRIL 27 2016...
VALID TODAY AS OF 0700 PM LOCAL TIME.

CLIMATE NORMAL PERIOD 1981 TO 2010
CLIMATE RECORD PERIOD 1995 TO 2016


WEATHER ITEM   OBSERVED TIME   RECORD YEAR NORMAL DEPARTURE LAST
                VALUE   (LST)  VALUE       VALUE  FROM      YEAR
                                                  NORMAL
..................................................................
TEMPERATURE (F)
 TODAY
  MAXIMUM         51        MM  MM      MM  63    -12       67
  MINIMUM         41        MM  MM          41      0       34
  AVERAGE         46                        52     -6       51

PRECIPITATION (IN)
  TODAY            0.28         MM      MM   0.11   0.17     0.00
  MONTH TO DATE    2.49                      2.64  -0.15     2.22
  SINCE MAR 1      3.91                      4.42  -0.51     3.00
  SINCE JAN 1      5.40                      6.23  -0.83     3.76

SNOWFALL (IN)
  TODAY            0.0          MM      MM   0.1   -0.1      0.0
  MONTH TO DATE    0.5                       3.3   -2.8      0.5
  SINCE MAR 1      5.6                      14.1   -8.5      9.3
  SINCE JUL 1     35.5                      53.8  -18.3     33.4
  SNOW DEPTH       0

DEGREE DAYS
 HEATING
  TODAY           19                        13      6       14
  MONTH TO DATE  485                       522    -37      479
  SINCE MAR 1   1278                      1568   -290     1444
  SINCE JUL 1   6493                      7583  -1090     7702

 COOLING
  TODAY            0                         0      0        0
  MONTH TO DATE    7                         0      7        0
  SINCE MAR 1      7                         0      7        0
  SINCE JAN 1      7                         0      7        0
..................................................................


WIND (MPH)
  HIGHEST WIND SPEED    MM   HIGHEST WIND DIRECTION    MM
  HIGHEST GUST SPEED    MM   HIGHEST GUST DIRECTION    MM
  AVERAGE WIND SPEED    MM


SKY COVER
  POSSIBLE SUNSHINE  MM
  AVERAGE SKY COVER  MM


WEATHER CONDITIONS
 THE FOLLOWING WEATHER WAS RECORDED TODAY.
  NO SIGNIFICANT WEATHER WAS OBSERVED.


RELATIVE HUMIDITY (PERCENT)
 HIGHEST    MM
 LOWEST     MM
 AVERAGE    MM

..........................................................


THE CHANHASSEN MN CLIMATE NORMALS FOR TOMORROW
                         NORMAL    RECORD    YEAR
 MAXIMUM TEMPERATURE (F)   63        MM        MM
 MINIMUM TEMPERATURE (F)   41        MM        MM


SUNRISE AND SUNSET
APRIL 27 2016.........SUNRISE   609 AM CDT   SUNSET   815 PM CDT
APRIL 28 2016.........SUNRISE   608 AM CDT   SUNSET   816 PM CDT


-  INDICATES NEGATIVE NUMBERS.
R  INDICATES RECORD WAS SET OR TIED.
MM INDICATES DATA IS MISSING.
T  INDICATES TRACE AMOUNT.




$$
