000
CDUS43 KMPX 250830 CCA
CLIMPX

CLIMATE REPORT
NATIONAL WEATHER SERVICE CHANHASSEN MN
325 AM CDT WED MAR 25 2015


...................................

...THE CHANHASSEN MN CLIMATE SUMMARY FOR MARCH 24 2015...

CLIMATE NORMAL PERIOD 1981 TO 2010
CLIMATE RECORD PERIOD 1995 TO 2015


WEATHER ITEM   OBSERVED TIME   RECORD YEAR NORMAL DEPARTURE LAST
                VALUE   (LST)  VALUE       VALUE  FROM      YEAR
                                                  NORMAL
..................................................................
TEMPERATURE (F)
 YESTERDAY
  MAXIMUM         36        MM  MM      MM  44     -8       30
  MINIMUM         25        MM  MM      MM  26     -1       14
  AVERAGE         31                        35     -4       22

PRECIPITATION (IN)
  YESTERDAY        0.12         MM      MM   0.07   0.05     0.02
  MONTH TO DATE    0.71                      1.25  -0.54     0.31
  SINCE MAR 1      0.71                      1.25  -0.54     0.31
  SINCE JAN 1      1.47                      3.06  -1.59     3.22

SNOWFALL (IN)
  YESTERDAY        1.0          MM      MM   0.3    0.7      0.3
  MONTH TO DATE    8.8                       9.0   -0.2      3.2
  SINCE MAR 1      8.8                       9.0   -0.2      3.2
  SINCE JUL 1     32.9                      48.7  -15.8     58.5
  SNOW DEPTH       3

DEGREE DAYS
 HEATING
  YESTERDAY       34                        30      4       43
  MONTH TO DATE  759                       850    -91     1041
  SINCE MAR 1    759                       850    -91     1041
  SINCE JUL 1   7017                      6865    152     7924

 COOLING
  YESTERDAY        0                         0      0        0
  MONTH TO DATE    0                         0      0        0
  SINCE MAR 1      0                         0      0        0
  SINCE JAN 1      0                         0      0        0
..................................................................


WIND (MPH)
  HIGHEST WIND SPEED    MM   HIGHEST WIND DIRECTION    MM
  HIGHEST GUST SPEED    MM   HIGHEST GUST DIRECTION    MM
  AVERAGE WIND SPEED    MM


SKY COVER
  POSSIBLE SUNSHINE  MM
  AVERAGE SKY COVER  MM


WEATHER CONDITIONS
 THE FOLLOWING WEATHER WAS RECORDED YESTERDAY.
  NO SIGNIFICANT WEATHER WAS OBSERVED.


RELATIVE HUMIDITY (PERCENT)
 HIGHEST    MM
 LOWEST     MM
 AVERAGE    MM

..........................................................


THE CHANHASSEN MN CLIMATE NORMALS FOR TODAY
                         NORMAL    RECORD    YEAR
 MAXIMUM TEMPERATURE (F)   45        MM        MM
 MINIMUM TEMPERATURE (F)   26        MM        MM


SUNRISE AND SUNSET
MARCH 25 2015.........SUNRISE   708 AM CDT   SUNSET   733 PM CDT
MARCH 26 2015.........SUNRISE   707 AM CDT   SUNSET   734 PM CDT


-  INDICATES NEGATIVE NUMBERS.
R  INDICATES RECORD WAS SET OR TIED.
MM INDICATES DATA IS MISSING.
T  INDICATES TRACE AMOUNT.




$$
