000
CDUS43 KMPX 110723
CLIMPX


CLIMATE REPORT
NATIONAL WEATHER SERVICE CHANHASSEN MN
122 AM CST THU FEB 11 2016


...................................

...THE CHANHASSEN MN CLIMATE SUMMARY FOR FEBRUARY 10 2016...

CLIMATE NORMAL PERIOD 1981 TO 2010
CLIMATE RECORD PERIOD 1995 TO 2016


WEATHER ITEM   OBSERVED TIME   RECORD YEAR NORMAL DEPARTURE LAST
                VALUE   (LST)  VALUE       VALUE  FROM      YEAR
                                                  NORMAL
..................................................................
TEMPERATURE (F)
 YESTERDAY
  MAXIMUM         12        MM  44    2009  26    -14       30
  MINIMUM          1        MM -18    2011   9     -8       20
  AVERAGE          7                        18    -11       25

PRECIPITATION (IN)
  YESTERDAY        0.00          0.49 2013   0.03  -0.03     0.16
  MONTH TO DATE    0.73                      0.30   0.43     0.27
  SINCE DEC 1      3.01                      2.42   0.59     1.61
  SINCE JAN 1      1.04                      1.17  -0.13     0.64

SNOWFALL (IN)
  YESTERDAY        0.0           3.5  2013   0.3   -0.3      0.7
  MONTH TO DATE   10.9                       3.5    7.4      3.2
  SINCE DEC 1     24.9                      27.7   -2.8     14.4
  SINCE JUL 1     27.9                      33.5   -5.6     22.5
  SNOW DEPTH       4

DEGREE DAYS
 HEATING
  YESTERDAY       58                        47     11       40
  MONTH TO DATE  475                       485    -10      489
  SINCE DEC 1   3134                      3509   -375     3271
  SINCE JUL 1   4466                      5216   -750     5208

 COOLING
  YESTERDAY        0                         0      0        0
  MONTH TO DATE    0                         0      0        0
  SINCE DEC 1      0                         0      0        0
  SINCE JAN 1      0                         0      0        0
..................................................................


WIND (MPH)
  HIGHEST WIND SPEED    MM   HIGHEST WIND DIRECTION    MM
  HIGHEST GUST SPEED    MM   HIGHEST GUST DIRECTION    MM
  AVERAGE WIND SPEED    MM


SKY COVER
  POSSIBLE SUNSHINE  MM
  AVERAGE SKY COVER  MM


WEATHER CONDITIONS
 THE FOLLOWING WEATHER WAS RECORDED YESTERDAY.
  NO SIGNIFICANT WEATHER WAS OBSERVED.


RELATIVE HUMIDITY (PERCENT)
 HIGHEST    MM
 LOWEST     MM
 AVERAGE    MM

..........................................................


THE CHANHASSEN MN CLIMATE NORMALS FOR TODAY
                         NORMAL    RECORD    YEAR
 MAXIMUM TEMPERATURE (F)   27        48      2005
 MINIMUM TEMPERATURE (F)    9       -18      2014


SUNRISE AND SUNSET
FEBRUARY 11 2016......SUNRISE   721 AM CST   SUNSET   536 PM CST
FEBRUARY 12 2016......SUNRISE   720 AM CST   SUNSET   538 PM CST


-  INDICATES NEGATIVE NUMBERS.
R  INDICATES RECORD WAS SET OR TIED.
MM INDICATES DATA IS MISSING.
T  INDICATES TRACE AMOUNT.




$$
