809
CDUS43 KMPX 172232
CLIMPX


CLIMATE REPORT
NATIONAL WEATHER SERVICE CHANHASSEN MN
432 PM CST TUE JAN 17 2017


...................................

...THE CHANHASSEN MN CLIMATE SUMMARY FOR JANUARY 17 2017...
VALID AS OF 0400 PM LOCAL TIME.

CLIMATE NORMAL PERIOD 1981 TO 2010
CLIMATE RECORD PERIOD 1995 TO 2017


WEATHER ITEM   OBSERVED TIME   RECORD YEAR NORMAL DEPARTURE LAST
                VALUE   (LST)  VALUE       VALUE  FROM      YEAR
                                                  NORMAL
..................................................................
TEMPERATURE (F)
 TODAY
  MAXIMUM         34        MM  37    2015  23     11       -5
  MINIMUM         27        MM -17    2016   5     22      -17
  AVERAGE         31                        14     17      -11

PRECIPITATION (IN)
  TODAY            0.05R         T    2006   0.03   0.02     0.00
                                      2006
                                      2014
  MONTH TO DATE    0.50                      0.51  -0.01     0.21
  SINCE DEC 1      2.75                      1.76   0.99     2.18
  SINCE JAN 1      0.50                      0.51  -0.01     0.21

SNOWFALL (IN)
  TODAY            0.3 R         T    2014   0.3    0.0      0.0
                                      2013
                                      2006
  MONTH TO DATE    4.8                       5.5   -0.7      2.9
  SINCE DEC 1     23.2                      19.4    3.8     12.2
  SINCE JUL 1     28.3                      25.2    3.1     15.2
  SNOW DEPTH       3

DEGREE DAYS
 HEATING
  TODAY           34                        51    -17       76
  MONTH TO DATE  918                       865     53      897
  SINCE DEC 1   2350                      2319     31     2025
  SINCE JUL 1   3573                      4026   -453     3357

 COOLING
  TODAY            0                         0      0        0
  MONTH TO DATE    0                         0      0        0
  SINCE DEC 1      0                         0      0        0
  SINCE JAN 1      0                         0      0        0
..................................................................




SKY COVER
  POSSIBLE SUNSHINE  MM
  AVERAGE SKY COVER  MM


WEATHER CONDITIONS
 THE FOLLOWING WEATHER WAS RECORDED TODAY.
  NO SIGNIFICANT WEATHER WAS OBSERVED.


RELATIVE HUMIDITY (PERCENT)
 HIGHEST    MM
 LOWEST     MM
 AVERAGE    MM

..........................................................


THE CHANHASSEN MN CLIMATE NORMALS FOR TOMORROW
                         NORMAL    RECORD    YEAR
 MAXIMUM TEMPERATURE (F)   23        40      2013
 MINIMUM TEMPERATURE (F)    5       -15      2016


SUNRISE AND SUNSET
JANUARY 17 2017.......SUNRISE   747 AM CST   SUNSET   502 PM CST
JANUARY 18 2017.......SUNRISE   746 AM CST   SUNSET   504 PM CST


-  INDICATES NEGATIVE NUMBERS.
R  INDICATES RECORD WAS SET OR TIED.
MM INDICATES DATA IS MISSING.
T  INDICATES TRACE AMOUNT.




$$
