000
CDUS43 KMPX 150637
CLIMPX


CLIMATE REPORT
NATIONAL WEATHER SERVICE CHANHASSEN MN
1236 AM CST MON JAN 15 2018


...................................

...THE CHANHASSEN MN CLIMATE SUMMARY FOR JANUARY 14 2018...

CLIMATE NORMAL PERIOD 1981 TO 2010
CLIMATE RECORD PERIOD 1995 TO 2018


WEATHER ITEM   OBSERVED TIME   RECORD YEAR NORMAL DEPARTURE LAST
                VALUE   (LST)  VALUE       VALUE  FROM      YEAR
                                                  NORMAL
..................................................................
TEMPERATURE (F)
 YESTERDAY
  MAXIMUM         16        MM  34    2006  23     -7       21
                                      2004
  MINIMUM        -13        MM -19    2009   5    -18        2
  AVERAGE          2                        14    -12       12

PRECIPITATION (IN)
  YESTERDAY        0.15          0.26 2001   0.03   0.12     0.00
  MONTH TO DATE    0.33                      0.43  -0.10     0.35
  SINCE DEC 1      0.98                      1.68  -0.70     2.60
  SINCE JAN 1      0.33                      0.43  -0.10     0.35

SNOWFALL (IN)
  YESTERDAY        3.6 R         3.3  2007   0.3    3.3      0.0
  MONTH TO DATE    5.7                       4.6    1.1      4.5
  SINCE DEC 1     12.3                      18.5   -6.2     22.9
  SINCE JUL 1     14.1                      24.3  -10.2     28.0
  SNOW DEPTH       2

DEGREE DAYS
 HEATING
  YESTERDAY       63                        51     12       53
  MONTH TO DATE  803                       712     91      798
  SINCE DEC 1   2282                      2166    116     2230
  SINCE JUL 1   3895                      3873     22     3453

 COOLING
  YESTERDAY        0                         0      0        0
  MONTH TO DATE    0                         0      0        0
  SINCE DEC 1      0                         0      0        0
  SINCE JAN 1      0                         0      0        0
..................................................................


WIND (MPH)
  HIGHEST WIND SPEED    MM   HIGHEST WIND DIRECTION    MM
  HIGHEST GUST SPEED    MM   HIGHEST GUST DIRECTION    MM
  AVERAGE WIND SPEED    MM


SKY COVER
  POSSIBLE SUNSHINE  MM
  AVERAGE SKY COVER  MM


WEATHER CONDITIONS
 THE FOLLOWING WEATHER WAS RECORDED YESTERDAY.
  NO SIGNIFICANT WEATHER WAS OBSERVED.


RELATIVE HUMIDITY (PERCENT)
 HIGHEST    MM
 LOWEST     MM
 AVERAGE    MM

..........................................................


THE CHANHASSEN MN CLIMATE NORMALS FOR TODAY
                         NORMAL    RECORD    YEAR
 MAXIMUM TEMPERATURE (F)   23        42      2012
 MINIMUM TEMPERATURE (F)    5       -25      2009


SUNRISE AND SUNSET
JANUARY 15 2018.......SUNRISE   748 AM CST   SUNSET   459 PM CST
JANUARY 16 2018.......SUNRISE   748 AM CST   SUNSET   501 PM CST


-  INDICATES NEGATIVE NUMBERS.
R  INDICATES RECORD WAS SET OR TIED.
MM INDICATES DATA IS MISSING.
T  INDICATES TRACE AMOUNT.




$$
