000
CDUS43 KMPX 270755
CLIMPX


CLIMATE REPORT
NATIONAL WEATHER SERVICE CHANHASSEN MN
254 AM CDT SUN JUL 27 2014


...................................

...THE CHANHASSEN MN CLIMATE SUMMARY FOR JULY 26 2014...

CLIMATE NORMAL PERIOD 1981 TO 2010
CLIMATE RECORD PERIOD 1995 TO 2014


WEATHER ITEM   OBSERVED NORMAL DEPARTURE LAST
                VALUE   VALUE  FROM      YEAR
                               NORMAL
...............................................
TEMPERATURE (F)
 YESTERDAY
  MAXIMUM         84     82      2       70
  MINIMUM         67     62      5       55
  AVERAGE         76     72      4       63

PRECIPITATION (IN)
  YESTERDAY        0.00   0.11  -0.11      T
  MONTH TO DATE    3.29   3.01   0.28     4.59
  SINCE JUN 1     13.71   7.03   6.68    10.87
  SINCE JAN 1     29.61  17.28  12.33    26.37

SNOWFALL (IN)
  YESTERDAY        0.0    0.0    0.0      0.0
  MONTH TO DATE    0.0    0.0    0.0      0.0
  SINCE JUN 1      0.0    0.0    0.0      0.0
  SINCE JUL 1      0.0    0.0    0.0      0.0
  SNOW DEPTH       0

DEGREE DAYS
 HEATING
  YESTERDAY        0      0      0        2
  MONTH TO DATE   13      0     13        2
  SINCE JUN 1     46     49     -3       64
  SINCE JUL 1     13      0     13        2

 COOLING
  YESTERDAY       11      7      4        0
  MONTH TO DATE  123    186    -63      235
  SINCE JUN 1    235    313    -78      347
  SINCE JAN 1    272    346    -74      370
...............................................







THE CHANHASSEN MN CLIMATE NORMALS FOR TODAY
                         NORMAL
 MAXIMUM TEMPERATURE (F)   82
 MINIMUM TEMPERATURE (F)   62



-  INDICATES NEGATIVE NUMBERS.
R  INDICATES RECORD WAS SET OR TIED.
MM INDICATES DATA IS MISSING.
T  INDICATES TRACE AMOUNT.




$$
