000
CDUS43 KMPX 230044
CLIMPX


CLIMATE REPORT
NATIONAL WEATHER SERVICE CHANHASSEN MN
742 PM CDT TUE APR 22 2014


...................................

...THE CHANHASSEN MN CLIMATE SUMMARY FOR APRIL 22 2014...
VALID TODAY AS OF 0700 PM LOCAL TIME.

CLIMATE NORMAL PERIOD 1981 TO 2010
CLIMATE RECORD PERIOD 1995 TO 2014


WEATHER ITEM   OBSERVED NORMAL DEPARTURE LAST
                VALUE   VALUE  FROM      YEAR
                               NORMAL
...............................................
TEMPERATURE (F)
 TODAY
  MAXIMUM         57     61     -4       43
  MINIMUM         37     39     -2       30
  AVERAGE         47     50     -3       37

PRECIPITATION (IN)
  TODAY            0.00   0.09  -0.09     0.50
  MONTH TO DATE    1.86   2.11  -0.25     5.50
  SINCE MAR 1      2.55   3.89  -1.34     7.14
  SINCE JAN 1      5.46   5.70  -0.24     8.85

SNOWFALL (IN)
  TODAY            0.0    0.1   -0.1      4.3
  MONTH TO DATE   10.8    3.0    7.8     22.4
  SINCE MAR 1     14.2   13.8    0.4     33.9
  SINCE JUL 1     69.5   53.5   16.0     71.5
  SNOW DEPTH       0

DEGREE DAYS
 HEATING
  TODAY           18     15      3       28
  MONTH TO DATE  524    451     73      659
  SINCE MAR 1   1792   1497    295     1904
  SINCE JUL 1   8675   7512   1163     7726

 COOLING
  TODAY            0      0      0        0
  MONTH TO DATE    0      0      0        0
  SINCE MAR 1      0      0      0        0
  SINCE JAN 1      0      0      0        0
...............................................







THE CHANHASSEN MN CLIMATE NORMALS FOR TOMORROW
                         NORMAL
 MAXIMUM TEMPERATURE (F)   61
 MINIMUM TEMPERATURE (F)   39



-  INDICATES NEGATIVE NUMBERS.
R  INDICATES RECORD WAS SET OR TIED.
MM INDICATES DATA IS MISSING.
T  INDICATES TRACE AMOUNT.




$$
