000
CDUS43 KMPX 202135
CLIMPX


CLIMATE REPORT
NATIONAL WEATHER SERVICE CHANHASSEN MN
435 PM CDT WED AUG 20 2014


...................................

...THE CHANHASSEN MN CLIMATE SUMMARY FOR AUGUST 20 2014...
VALID AS OF 0400 PM LOCAL TIME.

CLIMATE NORMAL PERIOD 1981 TO 2010
CLIMATE RECORD PERIOD 1995 TO 2014


WEATHER ITEM   OBSERVED NORMAL DEPARTURE LAST
                VALUE   VALUE  FROM      YEAR
                               NORMAL
...............................................
TEMPERATURE (F)
 TODAY
  MAXIMUM         81     79      2       87
  MINIMUM         61     60      1       69
  AVERAGE         71     70      1       78

PRECIPITATION (IN)
  TODAY            0.00   0.13  -0.13     0.00
  MONTH TO DATE    1.01   2.61  -1.60     1.65
  SINCE JUN 1     14.76  10.22   4.54    12.62
  SINCE JAN 1     30.66  20.47  10.19    28.12

SNOWFALL (IN)
  TODAY            0.0    0.0    0.0      0.0
  MONTH TO DATE    0.0    0.0    0.0      0.0
  SINCE JUN 1      0.0    0.0    0.0      0.0
  SINCE JUL 1      0.0    0.0    0.0      0.0
  SNOW DEPTH       0

DEGREE DAYS
 HEATING
  TODAY            0      0      0        0
  MONTH TO DATE    0      0      0        5
  SINCE JUN 1     46     57    -11       83
  SINCE JUL 1     13      8      5       21

 COOLING
  TODAY            6      5      1       13
  MONTH TO DATE  127    123      4       58
  SINCE JUN 1    381    475    -94      409
  SINCE JAN 1    418    508    -90      432
...............................................







THE CHANHASSEN MN CLIMATE NORMALS FOR TOMORROW
                         NORMAL
 MAXIMUM TEMPERATURE (F)   79
 MINIMUM TEMPERATURE (F)   60



-  INDICATES NEGATIVE NUMBERS.
R  INDICATES RECORD WAS SET OR TIED.
MM INDICATES DATA IS MISSING.
T  INDICATES TRACE AMOUNT.




$$
