000
CDUS43 KMPX 262137
CLIMPX


CLIMATE REPORT
NATIONAL WEATHER SERVICE CHANHASSEN MN
436 PM CDT THU MAR 26 2015


...................................

...THE CHANHASSEN MN CLIMATE SUMMARY FOR MARCH 26 2015...
VALID AS OF 0400 PM LOCAL TIME.

CLIMATE NORMAL PERIOD 1981 TO 2010
CLIMATE RECORD PERIOD 1995 TO 2015


WEATHER ITEM   OBSERVED TIME   RECORD YEAR NORMAL DEPARTURE LAST
                VALUE   (LST)  VALUE       VALUE  FROM      YEAR
                                                  NORMAL
..................................................................
TEMPERATURE (F)
 TODAY
  MAXIMUM         33        MM  MM      MM  46    -13       41
  MINIMUM         25        MM  MM      MM  27     -2        8
  AVERAGE         29                        36     -7       25

PRECIPITATION (IN)
  TODAY            0.00         MM      MM   0.07  -0.07     0.00
  MONTH TO DATE    0.71                      1.40  -0.69     0.31
  SINCE MAR 1      0.71                      1.40  -0.69     0.31
  SINCE JAN 1      1.47                      3.21  -1.74     3.22

SNOWFALL (IN)
  TODAY            0.0          MM      MM   0.3   -0.3      0.0
  MONTH TO DATE    8.8                       9.6   -0.8      3.2
  SINCE MAR 1      8.8                       9.6   -0.8      3.2
  SINCE JUL 1     32.9                      49.3  -16.4     58.5
  SNOW DEPTH       2

DEGREE DAYS
 HEATING
  TODAY           36                        29      7       40
  MONTH TO DATE  827                       908    -81     1130
  SINCE MAR 1    827                       908    -81     1130
  SINCE JUL 1   7085                      6923    162     8013

 COOLING
  TODAY            0                         0      0        0
  MONTH TO DATE    0                         0      0        0
  SINCE MAR 1      0                         0      0        0
  SINCE JAN 1      0                         0      0        0
..................................................................




SKY COVER
  POSSIBLE SUNSHINE  MM
  AVERAGE SKY COVER  MM


WEATHER CONDITIONS
 THE FOLLOWING WEATHER WAS RECORDED TODAY.
  NO SIGNIFICANT WEATHER WAS OBSERVED.


RELATIVE HUMIDITY (PERCENT)
 HIGHEST    MM
 LOWEST     MM
 AVERAGE    MM

..........................................................


THE CHANHASSEN MN CLIMATE NORMALS FOR TOMORROW
                         NORMAL    RECORD    YEAR
 MAXIMUM TEMPERATURE (F)   46        MM        MM
 MINIMUM TEMPERATURE (F)   27        MM        MM


SUNRISE AND SUNSET
MARCH 26 2015.........SUNRISE   707 AM CDT   SUNSET   734 PM CDT
MARCH 27 2015.........SUNRISE   705 AM CDT   SUNSET   735 PM CDT


-  INDICATES NEGATIVE NUMBERS.
R  INDICATES RECORD WAS SET OR TIED.
MM INDICATES DATA IS MISSING.
T  INDICATES TRACE AMOUNT.




$$
