000
CDUS43 KMPX 130712
CLIMPX


CLIMATE REPORT
NATIONAL WEATHER SERVICE CHANHASSEN MN
212 AM CDT SUN APR 13 2014


...................................

...THE CHANHASSEN MN CLIMATE SUMMARY FOR APRIL 12 2014...

CLIMATE NORMAL PERIOD 1981 TO 2010
CLIMATE RECORD PERIOD 1995 TO 2014


WEATHER ITEM   OBSERVED NORMAL DEPARTURE LAST
                VALUE   VALUE  FROM      YEAR
                               NORMAL
...............................................
TEMPERATURE (F)
 YESTERDAY
  MAXIMUM         58     56      2       35
  MINIMUM         43     34      9       26
  AVERAGE         51     45      6       31

PRECIPITATION (IN)
  YESTERDAY        0.07   0.10  -0.03     0.08
  MONTH TO DATE    0.84   1.15  -0.31     2.75
  SINCE MAR 1      1.53   2.93  -1.40     4.39
  SINCE JAN 1      4.44   4.74  -0.30     6.10

SNOWFALL (IN)
  YESTERDAY        0.0    0.2   -0.2      0.9
  MONTH TO DATE    8.7    2.1    6.6      8.3
  SINCE MAR 1     12.1   12.9   -0.8     19.8
  SINCE JUL 1     67.4   52.6   14.8     57.4
  SNOW DEPTH       0

DEGREE DAYS
 HEATING
  YESTERDAY       14     20     -6       34
  MONTH TO DATE  287    276     11      360
  SINCE MAR 1   1555   1322    233     1605
  SINCE JUL 1   8438   7337   1101     7427

 COOLING
  YESTERDAY        0      0      0        0
  MONTH TO DATE    0      0      0        0
  SINCE MAR 1      0      0      0        0
  SINCE JAN 1      0      0      0        0
...............................................







THE CHANHASSEN MN CLIMATE NORMALS FOR TODAY
                         NORMAL
 MAXIMUM TEMPERATURE (F)   56
 MINIMUM TEMPERATURE (F)   35



-  INDICATES NEGATIVE NUMBERS.
R  INDICATES RECORD WAS SET OR TIED.
MM INDICATES DATA IS MISSING.
T  INDICATES TRACE AMOUNT.




$$
