000
CDUS43 KMPX 252133
CLIMPX


CLIMATE REPORT
NATIONAL WEATHER SERVICE CHANHASSEN MN
433 PM CDT THU AUG 25 2016


...................................

...THE CHANHASSEN MN CLIMATE SUMMARY FOR AUGUST 25 2016...
VALID AS OF 0400 PM LOCAL TIME.

CLIMATE NORMAL PERIOD 1981 TO 2010
CLIMATE RECORD PERIOD 1995 TO 2016


WEATHER ITEM   OBSERVED TIME   RECORD YEAR NORMAL DEPARTURE LAST
                VALUE   (LST)  VALUE       VALUE  FROM      YEAR
                                                  NORMAL
..................................................................
TEMPERATURE (F)
 TODAY
  MAXIMUM         72        MM  MM      MM  78     -6       72
  MINIMUM         57        MM  MM      MM  59     -2       51
  AVERAGE         65                        69     -4       62

PRECIPITATION (IN)
  TODAY            0.00         MM      MM   0.14  -0.14     0.00
  MONTH TO DATE    8.62                      3.33   5.29     2.71
  SINCE JUN 1     18.63                     10.94   7.69    14.26
  SINCE JAN 1     26.88                     21.19   5.69    22.98

SNOWFALL (IN)
  TODAY            0.0          MM      MM   0.0    0.0      0.0
  MONTH TO DATE    0.0                       0.0    0.0      0.0
  SINCE JUN 1      T                         0.0    0.0       T
  SINCE JUL 1      0.0                       0.0    0.0      0.0
  SNOW DEPTH       0

DEGREE DAYS
 HEATING
  TODAY            0                         1     -1        3
  MONTH TO DATE    3                         2      1       23
  SINCE JUN 1     27                        59    -32       53
  SINCE JUL 1      6                        10     -4       35

 COOLING
  TODAY            0                         4     -4        0
  MONTH TO DATE  161                       146     15      115
  SINCE JUN 1    526                       498     28      411
  SINCE JAN 1    568                       531     37      419
..................................................................




SKY COVER
  POSSIBLE SUNSHINE  MM
  AVERAGE SKY COVER  MM


WEATHER CONDITIONS
 THE FOLLOWING WEATHER WAS RECORDED TODAY.
  NO SIGNIFICANT WEATHER WAS OBSERVED.


RELATIVE HUMIDITY (PERCENT)
 HIGHEST    MM
 LOWEST     MM
 AVERAGE    MM

..........................................................


THE CHANHASSEN MN CLIMATE NORMALS FOR TOMORROW
                         NORMAL    RECORD    YEAR
 MAXIMUM TEMPERATURE (F)   78        MM        MM
 MINIMUM TEMPERATURE (F)   59        MM        MM


SUNRISE AND SUNSET
AUGUST 25 2016........SUNRISE   629 AM CDT   SUNSET   803 PM CDT
AUGUST 26 2016........SUNRISE   630 AM CDT   SUNSET   801 PM CDT


-  INDICATES NEGATIVE NUMBERS.
R  INDICATES RECORD WAS SET OR TIED.
MM INDICATES DATA IS MISSING.
T  INDICATES TRACE AMOUNT.




$$
