000
CDUS43 KMPX 242132
CLIMPX


CLIMATE REPORT
NATIONAL WEATHER SERVICE CHANHASSEN MN
432 PM CDT TUE MAY 24 2016


...................................

...THE CHANHASSEN MN CLIMATE SUMMARY FOR MAY 24 2016...
VALID AS OF 0400 PM LOCAL TIME.

CLIMATE NORMAL PERIOD 1981 TO 2010
CLIMATE RECORD PERIOD 1995 TO 2016


WEATHER ITEM   OBSERVED TIME   RECORD YEAR NORMAL DEPARTURE LAST
                VALUE   (LST)  VALUE       VALUE  FROM      YEAR
                                                  NORMAL
..................................................................
TEMPERATURE (F)
 TODAY
  MAXIMUM         83        MM  MM      MM  71     12       62
  MINIMUM         62        MM  MM      MM  50     12       57
  AVERAGE         73                        60     13       60

PRECIPITATION (IN)
  TODAY            0.00         MM      MM   0.12  -0.12     0.50
  MONTH TO DATE    1.23                      2.82  -1.59     3.51
  SINCE MAR 1      5.96                      7.60  -1.64     6.51
  SINCE JAN 1      7.45                      9.41  -1.96     7.27

SNOWFALL (IN)
  TODAY            0.0          MM      MM   0.0    0.0      0.0
  MONTH TO DATE    0.0                       0.3   -0.3       T
  SINCE MAR 1      5.6                      14.5   -8.9      9.3
  SINCE JUL 1     35.5                      54.2  -18.7     33.4
  SNOW DEPTH       0

DEGREE DAYS
 HEATING
  TODAY            0                         6     -6        5
  MONTH TO DATE  237                       211     26      217
  SINCE MAR 1   1578                      1815   -237     1693
  SINCE JUL 1   6793                      7830  -1037     7951

 COOLING
  TODAY            8                         1      7        0
  MONTH TO DATE   24                        18      6        1
  SINCE MAR 1     31                        21     10        1
  SINCE JAN 1     31                        21     10        1
..................................................................




SKY COVER
  POSSIBLE SUNSHINE  MM
  AVERAGE SKY COVER  MM


WEATHER CONDITIONS
 THE FOLLOWING WEATHER WAS RECORDED TODAY.
  NO SIGNIFICANT WEATHER WAS OBSERVED.


RELATIVE HUMIDITY (PERCENT)
 HIGHEST    MM
 LOWEST     MM
 AVERAGE    MM

..........................................................


THE CHANHASSEN MN CLIMATE NORMALS FOR TOMORROW
                         NORMAL    RECORD    YEAR
 MAXIMUM TEMPERATURE (F)   71        MM        MM
 MINIMUM TEMPERATURE (F)   50        MM        MM


SUNRISE AND SUNSET
MAY 24 2016...........SUNRISE   536 AM CDT   SUNSET   846 PM CDT
MAY 25 2016...........SUNRISE   536 AM CDT   SUNSET   847 PM CDT


-  INDICATES NEGATIVE NUMBERS.
R  INDICATES RECORD WAS SET OR TIED.
MM INDICATES DATA IS MISSING.
T  INDICATES TRACE AMOUNT.




$$
