000
CDUS43 KMPX 112232
CLIMPX


CLIMATE REPORT
NATIONAL WEATHER SERVICE CHANHASSEN MN
431 PM CST THU FEB 11 2016


...................................

...THE CHANHASSEN MN CLIMATE SUMMARY FOR FEBRUARY 11 2016...
VALID AS OF 0400 PM LOCAL TIME.

CLIMATE NORMAL PERIOD 1981 TO 2010
CLIMATE RECORD PERIOD 1995 TO 2016


WEATHER ITEM   OBSERVED TIME   RECORD YEAR NORMAL DEPARTURE LAST
                VALUE   (LST)  VALUE       VALUE  FROM      YEAR
                                                  NORMAL
..................................................................
TEMPERATURE (F)
 TODAY
  MAXIMUM         15        MM  48    2005  27    -12       30
  MINIMUM         -6        MM -18    2014   9    -15        0
  AVERAGE          5                        18    -13       15

PRECIPITATION (IN)
  TODAY            0.00          T    2002   0.03  -0.03      T
                                      2002
                                      2015
  MONTH TO DATE    0.73                      0.33   0.40     0.27
  SINCE DEC 1      3.01                      2.45   0.56     1.61
  SINCE JAN 1      1.04                      1.20  -0.16     0.64

SNOWFALL (IN)
  TODAY            0.0           T    2015   0.3   -0.3       T
                                      2014
                                      2013
  MONTH TO DATE   10.9                       3.8    7.1      3.2
  SINCE DEC 1     24.9                      28.0   -3.1     14.4
  SINCE JUL 1     27.9                      33.8   -5.9     22.5
  SNOW DEPTH       3

DEGREE DAYS
 HEATING
  TODAY           60                        47     13       50
  MONTH TO DATE  535                       532      3      539
  SINCE DEC 1   3194                      3556   -362     3321
  SINCE JUL 1   4526                      5263   -737     5258

 COOLING
  TODAY            0                         0      0        0
  MONTH TO DATE    0                         0      0        0
  SINCE DEC 1      0                         0      0        0
  SINCE JAN 1      0                         0      0        0
..................................................................




SKY COVER
  POSSIBLE SUNSHINE  MM
  AVERAGE SKY COVER  MM


WEATHER CONDITIONS
 THE FOLLOWING WEATHER WAS RECORDED TODAY.
  NO SIGNIFICANT WEATHER WAS OBSERVED.


RELATIVE HUMIDITY (PERCENT)
 HIGHEST    MM
 LOWEST     MM
 AVERAGE    MM

..........................................................


THE CHANHASSEN MN CLIMATE NORMALS FOR TOMORROW
                         NORMAL    RECORD    YEAR
 MAXIMUM TEMPERATURE (F)   27        53      2005
 MINIMUM TEMPERATURE (F)    9        -9      2003


SUNRISE AND SUNSET
FEBRUARY 11 2016......SUNRISE   721 AM CST   SUNSET   536 PM CST
FEBRUARY 12 2016......SUNRISE   720 AM CST   SUNSET   538 PM CST


-  INDICATES NEGATIVE NUMBERS.
R  INDICATES RECORD WAS SET OR TIED.
MM INDICATES DATA IS MISSING.
T  INDICATES TRACE AMOUNT.




$$
