000
CDUS43 KMPX 300110
CLIMPX


CLIMATE REPORT
NATIONAL WEATHER SERVICE CHANHASSEN MN
810 PM CDT MON MAY 29 2017


...................................

...THE CHANHASSEN MN CLIMATE SUMMARY FOR MAY 29 2017...
VALID TODAY AS OF 0800 PM LOCAL TIME.

CLIMATE NORMAL PERIOD 1981 TO 2010
CLIMATE RECORD PERIOD 1995 TO 2017


WEATHER ITEM   OBSERVED TIME   RECORD YEAR NORMAL DEPARTURE LAST
                VALUE   (LST)  VALUE       VALUE  FROM      YEAR
                                                  NORMAL
..................................................................
TEMPERATURE (F)
 TODAY
  MAXIMUM         63        MM  MM      MM  72     -9       77
  MINIMUM         53        MM  MM          52      1       56
  AVERAGE         58                        62     -4       67

PRECIPITATION (IN)
  TODAY            0.08         MM      MM   0.12  -0.04     0.05
  MONTH TO DATE    5.11                      3.41   1.70     2.00
  SINCE MAR 1     10.81                      8.19   2.62     6.73
  SINCE JAN 1     12.41                     10.00   2.41     8.22

SNOWFALL (IN)
  TODAY            0.0          MM      MM   0.0    0.0      0.0
  MONTH TO DATE    T                         0.3   -0.3      0.0
  SINCE MAR 1      6.1                      14.5   -8.4      5.6
  SINCE JUL 1     38.5                      54.2  -15.7     35.5
  SNOW DEPTH       0

DEGREE DAYS
 HEATING
  TODAY            7                         5      2        0
  MONTH TO DATE  270                       237     33      243
  SINCE MAR 1   1784                      1841    -57     1584
  SINCE JUL 1   6853                      7856  -1003     6799

 COOLING
  TODAY            0                         2     -2        2
  MONTH TO DATE   13                        25    -12       34
  SINCE MAR 1     13                        28    -15       41
  SINCE JAN 1     13                        28    -15       41
..................................................................


WIND (MPH)
  HIGHEST WIND SPEED    MM   HIGHEST WIND DIRECTION    MM
  HIGHEST GUST SPEED    MM   HIGHEST GUST DIRECTION    MM
  AVERAGE WIND SPEED    MM


SKY COVER
  POSSIBLE SUNSHINE  MM
  AVERAGE SKY COVER  MM


WEATHER CONDITIONS
 THE FOLLOWING WEATHER WAS RECORDED TODAY.
  NO SIGNIFICANT WEATHER WAS OBSERVED.


RELATIVE HUMIDITY (PERCENT)
 HIGHEST    MM
 LOWEST     MM
 AVERAGE    MM

..........................................................


THE CHANHASSEN MN CLIMATE NORMALS FOR TOMORROW
                         NORMAL    RECORD    YEAR
 MAXIMUM TEMPERATURE (F)   73        MM        MM
 MINIMUM TEMPERATURE (F)   52        MM        MM


SUNRISE AND SUNSET
MAY 29 2017...........SUNRISE   533 AM CDT   SUNSET   851 PM CDT
MAY 30 2017...........SUNRISE   532 AM CDT   SUNSET   852 PM CDT


-  INDICATES NEGATIVE NUMBERS.
R  INDICATES RECORD WAS SET OR TIED.
MM INDICATES DATA IS MISSING.
T  INDICATES TRACE AMOUNT.




$$
