000
CDUS43 KMPX 010751
CLIMPX


CLIMATE REPORT
NATIONAL WEATHER SERVICE CHANHASSEN MN
251 AM CDT MON SEP 1 2014


...................................

...THE CHANHASSEN MN CLIMATE SUMMARY FOR AUGUST 31 2014...

CLIMATE NORMAL PERIOD 1981 TO 2010
CLIMATE RECORD PERIOD 1995 TO 2014


WEATHER ITEM   OBSERVED NORMAL DEPARTURE LAST
                VALUE   VALUE  FROM      YEAR
                               NORMAL
...............................................
TEMPERATURE (F)
 YESTERDAY
  MAXIMUM         83     77      6       86
  MINIMUM         60     58      2       62
  AVERAGE         72     67      5       74

PRECIPITATION (IN)
  YESTERDAY        0.42   0.14   0.28     0.09
  MONTH TO DATE    2.86   4.14  -1.28     1.74
  SINCE JUN 1     16.61  11.75   4.86    12.71
  SINCE JAN 1     32.51  22.00  10.51    28.21

SNOWFALL (IN)
  YESTERDAY        0.0    0.0    0.0      0.0
  MONTH TO DATE    0.0    0.0    0.0      0.0
  SINCE JUN 1      0.0    0.0    0.0      0.0
  SINCE JUL 1      0.0    0.0    0.0      0.0
  SNOW DEPTH       0

DEGREE DAYS
 HEATING
  YESTERDAY        0      1     -1        0
  MONTH TO DATE    3      8     -5        5
  SINCE JUN 1     49     72    -23       83
  SINCE JUL 1     16     23     -7       21

 COOLING
  YESTERDAY        7      3      4        9
  MONTH TO DATE  188    168     20      205
  SINCE JUN 1    442    520    -78      556
  SINCE JAN 1    479    553    -74      579
...............................................







THE CHANHASSEN MN CLIMATE NORMALS FOR TODAY
                         NORMAL
 MAXIMUM TEMPERATURE (F)   76
 MINIMUM TEMPERATURE (F)   57



-  INDICATES NEGATIVE NUMBERS.
R  INDICATES RECORD WAS SET OR TIED.
MM INDICATES DATA IS MISSING.
T  INDICATES TRACE AMOUNT.




$$
