003
CDUS43 KMPX 010027
CLIMPX


CLIMATE REPORT
NATIONAL WEATHER SERVICE CHANHASSEN MN
727 PM CDT TUE MAY 31 2016


...................................

...THE CHANHASSEN MN CLIMATE SUMMARY FOR MAY 31 2016...
VALID TODAY AS OF 0700 PM LOCAL TIME.

CLIMATE NORMAL PERIOD 1981 TO 2010
CLIMATE RECORD PERIOD 1995 TO 2016


WEATHER ITEM   OBSERVED TIME   RECORD YEAR NORMAL DEPARTURE LAST
                VALUE   (LST)  VALUE       VALUE  FROM      YEAR
                                                  NORMAL
..................................................................
TEMPERATURE (F)
 TODAY
  MAXIMUM         74        MM  MM      MM  73      1       62
  MINIMUM         62        MM  MM          52     10       42
  AVERAGE         68                        63      5       52

PRECIPITATION (IN)
  TODAY            0.03         MM      MM   0.12  -0.09     0.00
  MONTH TO DATE    2.03                      3.66  -1.63     4.96
  SINCE MAR 1      6.76                      8.44  -1.68     7.96
  SINCE JAN 1      8.25                     10.25  -2.00     8.72

SNOWFALL (IN)
  TODAY            0.0          MM      MM   0.0    0.0      0.0
  MONTH TO DATE    0.0                       0.0    0.0       T
  SINCE MAR 1      5.6                      14.2   -8.6      9.3
  SINCE JUL 1     35.5                      53.9  -18.4     33.4
  SNOW DEPTH       0

DEGREE DAYS
 HEATING
  TODAY            0                         4     -4       13
  MONTH TO DATE  243                       245     -2      255
  SINCE MAR 1   1584                      1850   -266     1731
  SINCE JUL 1   6799                      7865  -1066     7989

 COOLING
  TODAY            3                         2      1        0
  MONTH TO DATE   38                        30      8        8
  SINCE MAR 1     45                        33     12        8
  SINCE JAN 1     45                        33     12        8
..................................................................


WIND (MPH)
  HIGHEST WIND SPEED    MM   HIGHEST WIND DIRECTION    MM
  HIGHEST GUST SPEED    MM   HIGHEST GUST DIRECTION    MM
  AVERAGE WIND SPEED    MM


SKY COVER
  POSSIBLE SUNSHINE  MM
  AVERAGE SKY COVER  MM


WEATHER CONDITIONS
 THE FOLLOWING WEATHER WAS RECORDED TODAY.
  NO SIGNIFICANT WEATHER WAS OBSERVED.


RELATIVE HUMIDITY (PERCENT)
 HIGHEST    MM
 LOWEST     MM
 AVERAGE    MM

..........................................................


THE CHANHASSEN MN CLIMATE NORMALS FOR TOMORROW
                         NORMAL    RECORD    YEAR
 MAXIMUM TEMPERATURE (F)   73        MM        MM
 MINIMUM TEMPERATURE (F)   53        MM        MM


SUNRISE AND SUNSET
MAY 31 2016...........SUNRISE   532 AM CDT   SUNSET   853 PM CDT
JUNE  1 2016..........SUNRISE   531 AM CDT   SUNSET   854 PM CDT


-  INDICATES NEGATIVE NUMBERS.
R  INDICATES RECORD WAS SET OR TIED.
MM INDICATES DATA IS MISSING.
T  INDICATES TRACE AMOUNT.




$$
