992
CDUS43 KMPX 170802
CLIMPX


CLIMATE REPORT
NATIONAL WEATHER SERVICE CHANHASSEN MN
201 AM CST SAT FEB 17 2018


...................................

...THE CHANHASSEN MN CLIMATE SUMMARY FOR FEBRUARY 16 2018...

CLIMATE NORMAL PERIOD 1981 TO 2010
CLIMATE RECORD PERIOD 1995 TO 2018


WEATHER ITEM   OBSERVED TIME   RECORD YEAR NORMAL DEPARTURE LAST
                VALUE   (LST)  VALUE       VALUE  FROM      YEAR
                                                  NORMAL
..................................................................
TEMPERATURE (F)
 YESTERDAY
  MAXIMUM         17        MM  54    2011  28    -11       42
  MINIMUM         -2        MM  -5    2007  11    -13       26
  AVERAGE          8                        19    -11       34

PRECIPITATION (IN)
  YESTERDAY        0.00          0.01 2005   0.03  -0.03     0.00
                                      2005
                                      2015
  MONTH TO DATE    0.19                      0.49  -0.30     0.04
  SINCE DEC 1      2.26                      2.61  -0.35     3.17
  SINCE JAN 1      1.61                      1.36   0.25     0.92

SNOWFALL (IN)
  YESTERDAY        0.0           0.3  2015   0.4   -0.4      0.0
  MONTH TO DATE    3.3                       5.6   -2.3       T
  SINCE DEC 1     28.8                      29.8   -1.0     27.3
  SINCE JUL 1     30.6                      35.6   -5.0     32.4
  SNOW DEPTH       4

DEGREE DAYS
 HEATING
  YESTERDAY       57                        46     11       31
  MONTH TO DATE  925                       764    161      658
  SINCE DEC 1   3965                      3788    177     3513
  SINCE JUL 1   5578                      5495     83     4736

 COOLING
  YESTERDAY        0                         0      0        0
  MONTH TO DATE    0                         0      0        0
  SINCE DEC 1      0                         0      0        0
  SINCE JAN 1      0                         0      0        0
..................................................................


WIND (MPH)
  HIGHEST WIND SPEED    MM   HIGHEST WIND DIRECTION    MM
  HIGHEST GUST SPEED    MM   HIGHEST GUST DIRECTION    MM
  AVERAGE WIND SPEED    MM


SKY COVER
  POSSIBLE SUNSHINE  MM
  AVERAGE SKY COVER  MM


WEATHER CONDITIONS
 THE FOLLOWING WEATHER WAS RECORDED YESTERDAY.
  NO SIGNIFICANT WEATHER WAS OBSERVED.


RELATIVE HUMIDITY (PERCENT)
 HIGHEST    MM
 LOWEST     MM
 AVERAGE    MM

..........................................................


THE CHANHASSEN MN CLIMATE NORMALS FOR TODAY
                         NORMAL    RECORD    YEAR
 MAXIMUM TEMPERATURE (F)   28        62      2017
 MINIMUM TEMPERATURE (F)   11       -15      2006


SUNRISE AND SUNSET
FEBRUARY 17 2018......SUNRISE   712 AM CST   SUNSET   545 PM CST
FEBRUARY 18 2018......SUNRISE   710 AM CST   SUNSET   547 PM CST


-  INDICATES NEGATIVE NUMBERS.
R  INDICATES RECORD WAS SET OR TIED.
MM INDICATES DATA IS MISSING.
T  INDICATES TRACE AMOUNT.




$$
