000
CDUS43 KMPX 260034
CLIMPX


CLIMATE REPORT
NATIONAL WEATHER SERVICE CHANHASSEN MN
634 PM CST THU DEC 25 2014


...................................

...THE CHANHASSEN MN CLIMATE SUMMARY FOR DECEMBER 25 2014...
VALID TODAY AS OF 0600 PM LOCAL TIME.

CLIMATE NORMAL PERIOD 1981 TO 2010
CLIMATE RECORD PERIOD 1995 TO 2014


WEATHER ITEM   OBSERVED TIME   RECORD YEAR NORMAL DEPARTURE LAST
                VALUE   (LST)  VALUE       VALUE  FROM      YEAR
                                                  NORMAL
..................................................................
TEMPERATURE (F)
 TODAY
  MAXIMUM         33        MM  43    1999  24      9       27
  MINIMUM         28        MM -24           8     20        8
  AVERAGE         31                        16     15       18

PRECIPITATION (IN)
  TODAY            T             0.61 2009   0.04  -0.04     0.03
  MONTH TO DATE    0.60                      1.02  -0.42     1.19
  SINCE DEC 1      0.60                      1.02  -0.42     1.19
  SINCE JAN 1     36.06                     30.93   5.13    35.01

SNOWFALL (IN)
  TODAY            T             3.5  2007   0.4   -0.4      0.6
  MONTH TO DATE    1.2                      11.4  -10.2     15.4
  SINCE DEC 1      1.2                      11.4  -10.2     15.4
  SINCE JUL 1      9.3                      17.2   -7.9     17.2
  SNOW DEPTH       0

DEGREE DAYS
 HEATING
  TODAY           34                        49    -15       47
  MONTH TO DATE  968                      1152   -184     1372
  SINCE DEC 1    968                      1152   -184     1372
  SINCE JUL 1   2905                      2859     46     3094

 COOLING
  TODAY            0                         0      0        0
  MONTH TO DATE    0                         0      0        0
  SINCE DEC 1      0                         0      0        0
  SINCE JAN 1    514                       605    -91      667
..................................................................


WIND (MPH)
  HIGHEST WIND SPEED    MM   HIGHEST WIND DIRECTION    MM
  HIGHEST GUST SPEED    MM   HIGHEST GUST DIRECTION    MM
  AVERAGE WIND SPEED    MM


SKY COVER
  POSSIBLE SUNSHINE  MM
  AVERAGE SKY COVER  MM


WEATHER CONDITIONS
 THE FOLLOWING WEATHER WAS RECORDED TODAY.
  NO SIGNIFICANT WEATHER WAS OBSERVED.


RELATIVE HUMIDITY (PERCENT)
 HIGHEST    MM
 LOWEST     MM
 AVERAGE    MM

..........................................................


THE CHANHASSEN MN CLIMATE NORMALS FOR TOMORROW
                         NORMAL    RECORD    YEAR
 MAXIMUM TEMPERATURE (F)   23        49      2011
 MINIMUM TEMPERATURE (F)    7        -1      2000


SUNRISE AND SUNSET
DECEMBER 25 2014......SUNRISE   751 AM CST   SUNSET   438 PM CST
DECEMBER 26 2014......SUNRISE   751 AM CST   SUNSET   439 PM CST


-  INDICATES NEGATIVE NUMBERS.
R  INDICATES RECORD WAS SET OR TIED.
MM INDICATES DATA IS MISSING.
T  INDICATES TRACE AMOUNT.




$$
