902
CDUS43 KMPX 200626
CLIMPX


CLIMATE REPORT
NATIONAL WEATHER SERVICE CHANHASSEN MN
1224 AM CST MON FEB 20 2017


...................................

...THE CHANHASSEN MN CLIMATE SUMMARY FOR FEBRUARY 19 2017...

CLIMATE NORMAL PERIOD 1981 TO 2010
CLIMATE RECORD PERIOD 1995 TO 2017


WEATHER ITEM   OBSERVED TIME   RECORD YEAR NORMAL DEPARTURE LAST
                VALUE   (LST)  VALUE       VALUE  FROM      YEAR
                                                  NORMAL
..................................................................
TEMPERATURE (F)
 YESTERDAY
  MAXIMUM         59R       MM  45    2016  29     30       45
  MINIMUM         29        MM -13    2015  12     17       35
  AVERAGE         44                        20     24       40

PRECIPITATION (IN)
  YESTERDAY        0.00          0.36 2016   0.03  -0.03     0.36
  MONTH TO DATE    0.04                      0.59  -0.55     1.14
  SINCE DEC 1      3.17                      2.71   0.46     3.42
  SINCE JAN 1      0.92                      1.46  -0.54     1.45

SNOWFALL (IN)
  YESTERDAY        0.0           T    2013   0.4   -0.4      0.0
                                      2004
                                      2003
  MONTH TO DATE    T                         6.6   -6.6     12.4
  SINCE DEC 1     27.3                      30.8   -3.5     26.4
  SINCE JUL 1     32.4                      36.6   -4.2     29.4
  SNOW DEPTH       0

DEGREE DAYS
 HEATING
  YESTERDAY       21                        45    -24       25
  MONTH TO DATE  720                       899   -179      898
  SINCE DEC 1   3575                      3923   -348     3557
  SINCE JUL 1   4798                      5630   -832     4889

 COOLING
  YESTERDAY        0                         0      0        0
  MONTH TO DATE    0                         0      0        0
  SINCE DEC 1      0                         0      0        0
  SINCE JAN 1      0                         0      0        0
..................................................................


WIND (MPH)
  HIGHEST WIND SPEED    MM   HIGHEST WIND DIRECTION    MM
  HIGHEST GUST SPEED    MM   HIGHEST GUST DIRECTION    MM
  AVERAGE WIND SPEED    MM


SKY COVER
  POSSIBLE SUNSHINE  MM
  AVERAGE SKY COVER  MM


WEATHER CONDITIONS
 THE FOLLOWING WEATHER WAS RECORDED YESTERDAY.
  NO SIGNIFICANT WEATHER WAS OBSERVED.


RELATIVE HUMIDITY (PERCENT)
 HIGHEST    MM
 LOWEST     MM
 AVERAGE    MM

..........................................................


THE CHANHASSEN MN CLIMATE NORMALS FOR TODAY
                         NORMAL    RECORD    YEAR
 MAXIMUM TEMPERATURE (F)   29        47      2003
 MINIMUM TEMPERATURE (F)   12       -14      2008


SUNRISE AND SUNSET
FEBRUARY 20 2017......SUNRISE   707 AM CST   SUNSET   550 PM CST
FEBRUARY 21 2017......SUNRISE   705 AM CST   SUNSET   551 PM CST


-  INDICATES NEGATIVE NUMBERS.
R  INDICATES RECORD WAS SET OR TIED.
MM INDICATES DATA IS MISSING.
T  INDICATES TRACE AMOUNT.




$$
