000
CDUS43 KMPX 120029
CLIMPX


CLIMATE REPORT
NATIONAL WEATHER SERVICE CHANHASSEN MN
629 PM CST WED JAN 11 2017


...................................

...THE CHANHASSEN MN CLIMATE SUMMARY FOR JANUARY 11 2017...
VALID TODAY AS OF 0600 PM LOCAL TIME.

CLIMATE NORMAL PERIOD 1981 TO 2010
CLIMATE RECORD PERIOD 1995 TO 2017


WEATHER ITEM   OBSERVED TIME   RECORD YEAR NORMAL DEPARTURE LAST
                VALUE   (LST)  VALUE       VALUE  FROM      YEAR
                                                  NORMAL
..................................................................
TEMPERATURE (F)
 TODAY
  MAXIMUM          8        MM  44    2002  23    -15        5
  MINIMUM          2        MM -12           5     -3      -12
  AVERAGE          5                        14     -9       -3

PRECIPITATION (IN)
  TODAY            0.08          0.11 2011   0.03   0.05     0.01
  MONTH TO DATE    0.35                      0.34   0.01     0.21
  SINCE DEC 1      2.60                      1.59   1.01     2.18
  SINCE JAN 1      0.35                      0.34   0.01     0.21

SNOWFALL (IN)
  TODAY            1.7 R         1.0  2011   0.3    1.4      0.5
  MONTH TO DATE    4.5                       3.6    0.9      2.9
  SINCE DEC 1     22.9                      17.5    5.4     12.2
  SINCE JUL 1     28.0                      23.3    4.7     15.2
  SNOW DEPTH       5

DEGREE DAYS
 HEATING
  TODAY           60                        51      9       68
  MONTH TO DATE  616                       559     57      536
  SINCE DEC 1   2048                      2013     35     1664
  SINCE JUL 1   3271                      3720   -449     2996

 COOLING
  TODAY            0                         0      0        0
  MONTH TO DATE    0                         0      0        0
  SINCE DEC 1      0                         0      0        0
  SINCE JAN 1      0                         0      0        0
..................................................................


WIND (MPH)
  HIGHEST WIND SPEED    MM   HIGHEST WIND DIRECTION    MM
  HIGHEST GUST SPEED    MM   HIGHEST GUST DIRECTION    MM
  AVERAGE WIND SPEED    MM


SKY COVER
  POSSIBLE SUNSHINE  MM
  AVERAGE SKY COVER  MM


WEATHER CONDITIONS
 THE FOLLOWING WEATHER WAS RECORDED TODAY.
  NO SIGNIFICANT WEATHER WAS OBSERVED.


RELATIVE HUMIDITY (PERCENT)
 HIGHEST    MM
 LOWEST     MM
 AVERAGE    MM

..........................................................


THE CHANHASSEN MN CLIMATE NORMALS FOR TOMORROW
                         NORMAL    RECORD    YEAR
 MAXIMUM TEMPERATURE (F)   23        43      2006
 MINIMUM TEMPERATURE (F)    5       -13      2015


SUNRISE AND SUNSET
JANUARY 11 2017.......SUNRISE   750 AM CST   SUNSET   455 PM CST
JANUARY 12 2017.......SUNRISE   750 AM CST   SUNSET   456 PM CST


-  INDICATES NEGATIVE NUMBERS.
R  INDICATES RECORD WAS SET OR TIED.
MM INDICATES DATA IS MISSING.
T  INDICATES TRACE AMOUNT.




$$
