000
CDUS43 KMPX 170724
CLIMPX


CLIMATE REPORT
NATIONAL WEATHER SERVICE CHANHASSEN MN
223 AM CDT SUN JUL 17 2016


...................................

...THE CHANHASSEN MN CLIMATE SUMMARY FOR JULY 16 2016...

CLIMATE NORMAL PERIOD 1981 TO 2010
CLIMATE RECORD PERIOD 1995 TO 2016


WEATHER ITEM   OBSERVED TIME   RECORD YEAR NORMAL DEPARTURE LAST
                VALUE   (LST)  VALUE       VALUE  FROM      YEAR
                                                  NORMAL
..................................................................
TEMPERATURE (F)
 YESTERDAY
  MAXIMUM         78        MM  MM      MM  82     -4       70
  MINIMUM         55        MM  MM      MM  62     -7       65
  AVERAGE         67                        72     -5       68

PRECIPITATION (IN)
  YESTERDAY        0.21         MM      MM   0.11   0.10     0.12
  MONTH TO DATE    2.80                      1.90   0.90     4.49
  SINCE JUN 1      7.38                      5.92   1.46     8.15
  SINCE JAN 1     15.63                     16.17  -0.54    16.87

SNOWFALL (IN)
  YESTERDAY        0.0          MM      MM   0.0    0.0      0.0
  MONTH TO DATE    0.0                       0.0    0.0      0.0
  SINCE JUN 1      T                         0.0    0.0       T
  SINCE JUL 1      0.0                       0.0    0.0      0.0
  SNOW DEPTH       0

DEGREE DAYS
 HEATING
  YESTERDAY        0                         0      0        0
  MONTH TO DATE    3                         0      3       12
  SINCE JUN 1     24                        49    -25       30
  SINCE JUL 1      3                         0      3       12

 COOLING
  YESTERDAY        2                         7     -5        3
  MONTH TO DATE   90                       116    -26       74
  SINCE JUN 1    229                       243    -14      177
  SINCE JAN 1    271                       276     -5      185
..................................................................


WIND (MPH)
  HIGHEST WIND SPEED    MM   HIGHEST WIND DIRECTION    MM
  HIGHEST GUST SPEED    MM   HIGHEST GUST DIRECTION    MM
  AVERAGE WIND SPEED    MM


SKY COVER
  POSSIBLE SUNSHINE  MM
  AVERAGE SKY COVER  MM


WEATHER CONDITIONS
 THE FOLLOWING WEATHER WAS RECORDED YESTERDAY.
  NO SIGNIFICANT WEATHER WAS OBSERVED.


RELATIVE HUMIDITY (PERCENT)
 HIGHEST    MM
 LOWEST     MM
 AVERAGE    MM

..........................................................


THE CHANHASSEN MN CLIMATE NORMALS FOR TODAY
                         NORMAL    RECORD    YEAR
 MAXIMUM TEMPERATURE (F)   82        MM        MM
 MINIMUM TEMPERATURE (F)   62        MM        MM


SUNRISE AND SUNSET
JULY 17 2016..........SUNRISE   545 AM CDT   SUNSET   856 PM CDT
JULY 18 2016..........SUNRISE   546 AM CDT   SUNSET   855 PM CDT


-  INDICATES NEGATIVE NUMBERS.
R  INDICATES RECORD WAS SET OR TIED.
MM INDICATES DATA IS MISSING.
T  INDICATES TRACE AMOUNT.




$$
