000
CDUS43 KMPX 140019
CLIMPX


CLIMATE REPORT
NATIONAL WEATHER SERVICE CHANHASSEN MN
619 PM CST SAT JAN 13 2018


...................................

...THE CHANHASSEN MN CLIMATE SUMMARY FOR JANUARY 13 2018...
VALID TODAY AS OF 0600 PM LOCAL TIME.

CLIMATE NORMAL PERIOD 1981 TO 2010
CLIMATE RECORD PERIOD 1995 TO 2018


WEATHER ITEM   OBSERVED TIME   RECORD YEAR NORMAL DEPARTURE LAST
                VALUE   (LST)  VALUE       VALUE  FROM      YEAR
                                                  NORMAL
..................................................................
TEMPERATURE (F)
 TODAY
  MAXIMUM          3        MM  35    2002  23    -20        8
  MINIMUM        -14        MM -21           5    -19      -11
  AVERAGE         -5                        14    -19       -1

PRECIPITATION (IN)
  TODAY            0.00          0.17 2002   0.03  -0.03      T
  MONTH TO DATE    0.18                      0.40  -0.22     0.35
  SINCE DEC 1      0.83                      1.65  -0.82     2.60
  SINCE JAN 1      0.18                      0.40  -0.22     0.35

SNOWFALL (IN)
  TODAY           MM             3.8  2002   0.3   MM         T
  MONTH TO DATE    2.1                       4.3   -2.2      4.5
  SINCE DEC 1      8.7                      18.2   -9.5     22.9
  SINCE JUL 1     10.5                      24.0  -13.5     28.0
  SNOW DEPTH       0

DEGREE DAYS
 HEATING
  TODAY           70                        51     19       66
  MONTH TO DATE  740                       661     79      745
  SINCE DEC 1   2219                      2115    104     2177
  SINCE JUL 1   3832                      3822     10     3400

 COOLING
  TODAY            0                         0      0        0
  MONTH TO DATE    0                         0      0        0
  SINCE DEC 1      0                         0      0        0
  SINCE JAN 1      0                         0      0        0
..................................................................


WIND (MPH)
  HIGHEST WIND SPEED    MM   HIGHEST WIND DIRECTION    MM
  HIGHEST GUST SPEED    MM   HIGHEST GUST DIRECTION    MM
  AVERAGE WIND SPEED    MM


SKY COVER
  POSSIBLE SUNSHINE  MM
  AVERAGE SKY COVER  MM


WEATHER CONDITIONS
 THE FOLLOWING WEATHER WAS RECORDED TODAY.
  NO SIGNIFICANT WEATHER WAS OBSERVED.


RELATIVE HUMIDITY (PERCENT)
 HIGHEST    MM
 LOWEST     MM
 AVERAGE    MM

..........................................................


THE CHANHASSEN MN CLIMATE NORMALS FOR TOMORROW
                         NORMAL    RECORD    YEAR
 MAXIMUM TEMPERATURE (F)   23        34      2006
                                             2004
 MINIMUM TEMPERATURE (F)    5       -19      2009


SUNRISE AND SUNSET
JANUARY 13 2018.......SUNRISE   749 AM CST   SUNSET   457 PM CST
JANUARY 14 2018.......SUNRISE   749 AM CST   SUNSET   458 PM CST


-  INDICATES NEGATIVE NUMBERS.
R  INDICATES RECORD WAS SET OR TIED.
MM INDICATES DATA IS MISSING.
T  INDICATES TRACE AMOUNT.




$$
