000
CDUS43 KMPX 130642
CLIMPX


CLIMATE REPORT
NATIONAL WEATHER SERVICE CHANHASSEN MN
136 AM CDT SAT SEP 13 2014


...................................

...THE CHANHASSEN MN CLIMATE SUMMARY FOR SEPTEMBER 12 2014...

CLIMATE NORMAL PERIOD 1981 TO 2010
CLIMATE RECORD PERIOD 1995 TO 2014


WEATHER ITEM   OBSERVED NORMAL DEPARTURE LAST
                VALUE   VALUE  FROM      YEAR
                               NORMAL
...............................................
TEMPERATURE (F)
 YESTERDAY
  MAXIMUM         54     72    -18       72
  MINIMUM         39     53    -14       56
  AVERAGE         47     62    -15       64

PRECIPITATION (IN)
  YESTERDAY        0.00   0.12  -0.12     0.00
  MONTH TO DATE    0.49   1.48  -0.99     0.16
  SINCE SEP 1      0.49   1.48  -0.99     0.16
  SINCE JAN 1     33.00  23.48   9.52    28.37

SNOWFALL (IN)
  YESTERDAY        0.0    0.0    0.0      0.0
  MONTH TO DATE    0.0    0.0    0.0      0.0
  SINCE SEP 1      0.0    0.0    0.0      0.0
  SINCE JUL 1      0.0    0.0    0.0      0.0
  SNOW DEPTH       0

DEGREE DAYS
 HEATING
  YESTERDAY       18      4     14        1
  MONTH TO DATE   55     36     19       13
  SINCE SEP 1     55     36     19       13
  SINCE JUL 1     71     59     12       34

 COOLING
  YESTERDAY        0      2     -2        0
  MONTH TO DATE   19     31    -12       68
  SINCE SEP 1     19     31    -12       68
  SINCE JAN 1    498    584    -86      647
...............................................







THE CHANHASSEN MN CLIMATE NORMALS FOR TODAY
                         NORMAL
 MAXIMUM TEMPERATURE (F)   72
 MINIMUM TEMPERATURE (F)   52



-  INDICATES NEGATIVE NUMBERS.
R  INDICATES RECORD WAS SET OR TIED.
MM INDICATES DATA IS MISSING.
T  INDICATES TRACE AMOUNT.




$$
