000
CDUS43 KMPX 150715
CLIMPX


CLIMATE REPORT
NATIONAL WEATHER SERVICE CHANHASSEN MN
115 AM CST SUN JAN 15 2017


...................................

...THE CHANHASSEN MN CLIMATE SUMMARY FOR JANUARY 14 2017...

CLIMATE NORMAL PERIOD 1981 TO 2010
CLIMATE RECORD PERIOD 1995 TO 2017


WEATHER ITEM   OBSERVED TIME   RECORD YEAR NORMAL DEPARTURE LAST
                VALUE   (LST)  VALUE       VALUE  FROM      YEAR
                                                  NORMAL
..................................................................
TEMPERATURE (F)
 YESTERDAY
  MAXIMUM         21        MM  34    2006  23     -2       25
                                      2004
  MINIMUM          2        MM -19    2009   5     -3       14
  AVERAGE         12                        14     -2       20

PRECIPITATION (IN)
  YESTERDAY        0.00          0.26 2001   0.03  -0.03      T
  MONTH TO DATE    0.35                      0.43  -0.08     0.21
  SINCE DEC 1      2.60                      1.68   0.92     2.18
  SINCE JAN 1      0.35                      0.43  -0.08     0.21

SNOWFALL (IN)
  YESTERDAY        0.0           3.3  2007   0.3   -0.3       T
  MONTH TO DATE    4.5                       4.6   -0.1      2.9
  SINCE DEC 1     22.9                      18.5    4.4     12.2
  SINCE JUL 1     28.0                      24.3    3.7     15.2
  SNOW DEPTH       4

DEGREE DAYS
 HEATING
  YESTERDAY       53                        51      2       45
  MONTH TO DATE  798                       712     86      708
  SINCE DEC 1   2230                      2166     64     1836
  SINCE JUL 1   3453                      3873   -420     3168

 COOLING
  YESTERDAY        0                         0      0        0
  MONTH TO DATE    0                         0      0        0
  SINCE DEC 1      0                         0      0        0
  SINCE JAN 1      0                         0      0        0
..................................................................


WIND (MPH)
  HIGHEST WIND SPEED    MM   HIGHEST WIND DIRECTION    MM
  HIGHEST GUST SPEED    MM   HIGHEST GUST DIRECTION    MM
  AVERAGE WIND SPEED    MM


SKY COVER
  POSSIBLE SUNSHINE  MM
  AVERAGE SKY COVER  MM


WEATHER CONDITIONS
 THE FOLLOWING WEATHER WAS RECORDED YESTERDAY.
  NO SIGNIFICANT WEATHER WAS OBSERVED.


RELATIVE HUMIDITY (PERCENT)
 HIGHEST    MM
 LOWEST     MM
 AVERAGE    MM

..........................................................


THE CHANHASSEN MN CLIMATE NORMALS FOR TODAY
                         NORMAL    RECORD    YEAR
 MAXIMUM TEMPERATURE (F)   23        42      2012
 MINIMUM TEMPERATURE (F)    5       -25      2009


SUNRISE AND SUNSET
JANUARY 15 2017.......SUNRISE   748 AM CST   SUNSET   500 PM CST
JANUARY 16 2017.......SUNRISE   748 AM CST   SUNSET   501 PM CST


-  INDICATES NEGATIVE NUMBERS.
R  INDICATES RECORD WAS SET OR TIED.
MM INDICATES DATA IS MISSING.
T  INDICATES TRACE AMOUNT.




$$
