000
CDUS43 KMPX 180745
CLIMPX


CLIMATE REPORT
NATIONAL WEATHER SERVICE CHANHASSEN MN
245 AM CDT THU SEP 18 2014


...................................

...THE CHANHASSEN MN CLIMATE SUMMARY FOR SEPTEMBER 17 2014...

CLIMATE NORMAL PERIOD 1981 TO 2010
CLIMATE RECORD PERIOD 1995 TO 2014


WEATHER ITEM   OBSERVED NORMAL DEPARTURE LAST
                VALUE   VALUE  FROM      YEAR
                               NORMAL
...............................................
TEMPERATURE (F)
 YESTERDAY
  MAXIMUM         73     70      3       65
  MINIMUM         54     50      4       47
  AVERAGE         64     60      4       56

PRECIPITATION (IN)
  YESTERDAY        0.00   0.12  -0.12     0.08
  MONTH TO DATE    0.61   2.08  -1.47     1.07
  SINCE SEP 1      0.61   2.08  -1.47     1.07
  SINCE JAN 1     33.12  24.08   9.04    29.28

SNOWFALL (IN)
  YESTERDAY        0.0    0.0    0.0      0.0
  MONTH TO DATE    0.0    0.0    0.0      0.0
  SINCE SEP 1      0.0    0.0    0.0      0.0
  SINCE JUL 1      0.0    0.0    0.0      0.0
  SNOW DEPTH       0

DEGREE DAYS
 HEATING
  YESTERDAY        1      6     -5        9
  MONTH TO DATE  113     63     50       59
  SINCE SEP 1    113     63     50       59
  SINCE JUL 1    129     86     43       80

 COOLING
  YESTERDAY        0      1     -1        0
  MONTH TO DATE   19     38    -19       68
  SINCE SEP 1     19     38    -19       68
  SINCE JAN 1    498    591    -93      647
...............................................







THE CHANHASSEN MN CLIMATE NORMALS FOR TODAY
                         NORMAL
 MAXIMUM TEMPERATURE (F)   70
 MINIMUM TEMPERATURE (F)   50



-  INDICATES NEGATIVE NUMBERS.
R  INDICATES RECORD WAS SET OR TIED.
MM INDICATES DATA IS MISSING.
T  INDICATES TRACE AMOUNT.




$$
