000
CDUS43 KMPX 070027
CLIMPX


CLIMATE REPORT
NATIONAL WEATHER SERVICE CHANHASSEN MN
727 PM CDT SUN JUL 6 2014


...................................

...THE CHANHASSEN MN CLIMATE SUMMARY FOR JULY 6 2014...
VALID TODAY AS OF 0700 PM LOCAL TIME.

CLIMATE NORMAL PERIOD 1981 TO 2010
CLIMATE RECORD PERIOD 1995 TO 2014


WEATHER ITEM   OBSERVED NORMAL DEPARTURE LAST
                VALUE   VALUE  FROM      YEAR
                               NORMAL
...............................................
TEMPERATURE (F)
 TODAY
  MAXIMUM         87     82      5       89
  MINIMUM         68     62      6       72
  AVERAGE         78     72      6       81

PRECIPITATION (IN)
  TODAY            0.12   0.13  -0.01      T
  MONTH TO DATE    0.19   0.74  -0.55     0.03
  SINCE JUN 1     10.61   4.76   5.85     6.31
  SINCE JAN 1     26.51  15.01  11.50    21.81

SNOWFALL (IN)
  TODAY            0.0    0.0    0.0      0.0
  MONTH TO DATE    0.0    0.0    0.0      0.0
  SINCE JUN 1      0.0    0.0    0.0      0.0
  SINCE JUL 1      0.0    0.0    0.0      0.0
  SNOW DEPTH       0

DEGREE DAYS
 HEATING
  TODAY            0      0      0        0
  MONTH TO DATE    4      0      4        0
  SINCE JUN 1     37     49    -12       62
  SINCE JUL 1      4      0      4        0

 COOLING
  TODAY           13      7      6       16
  MONTH TO DATE   22     42    -20       56
  SINCE JUN 1    134    169    -35      168
  SINCE JAN 1    171    202    -31      191
...............................................







THE CHANHASSEN MN CLIMATE NORMALS FOR TOMORROW
                         NORMAL
 MAXIMUM TEMPERATURE (F)   82
 MINIMUM TEMPERATURE (F)   62



-  INDICATES NEGATIVE NUMBERS.
R  INDICATES RECORD WAS SET OR TIED.
MM INDICATES DATA IS MISSING.
T  INDICATES TRACE AMOUNT.




$$
