539
CDUS43 KMPX 230810
CLIMPX


CLIMATE REPORT
NATIONAL WEATHER SERVICE CHANHASSEN MN
310 AM CDT TUE AUG 23 2016


...................................

...THE CHANHASSEN MN CLIMATE SUMMARY FOR AUGUST 22 2016...

CLIMATE NORMAL PERIOD 1981 TO 2010
CLIMATE RECORD PERIOD 1995 TO 2016


WEATHER ITEM   OBSERVED TIME   RECORD YEAR NORMAL DEPARTURE LAST
                VALUE   (LST)  VALUE       VALUE  FROM      YEAR
                                                  NORMAL
..................................................................
TEMPERATURE (F)
 YESTERDAY
  MAXIMUM         81        MM  MM      MM  79      2       80
  MINIMUM         57        MM  MM      MM  60     -3       59
  AVERAGE         69                        69      0       70

PRECIPITATION (IN)
  YESTERDAY        0.00         MM      MM   0.14  -0.14     0.17
  MONTH TO DATE    7.58                      2.90   4.68     2.71
  SINCE JUN 1     17.59                     10.51   7.08    14.26
  SINCE JAN 1     25.84                     20.76   5.08    22.98

SNOWFALL (IN)
  YESTERDAY        0.0          MM      MM   0.0    0.0      0.0
  MONTH TO DATE    0.0                       0.0    0.0      0.0
  SINCE JUN 1      T                         0.0    0.0       T
  SINCE JUL 1      0.0                       0.0    0.0      0.0
  SNOW DEPTH       0

DEGREE DAYS
 HEATING
  YESTERDAY        0                         0      0        0
  MONTH TO DATE    3                         0      3       10
  SINCE JUN 1     27                        57    -30       40
  SINCE JUL 1      6                         8     -2       22

 COOLING
  YESTERDAY        4                         5     -1        5
  MONTH TO DATE  146                       133     13      115
  SINCE JUN 1    511                       485     26      411
  SINCE JAN 1    553                       518     35      419
..................................................................


WIND (MPH)
  HIGHEST WIND SPEED    MM   HIGHEST WIND DIRECTION    MM
  HIGHEST GUST SPEED    MM   HIGHEST GUST DIRECTION    MM
  AVERAGE WIND SPEED    MM


SKY COVER
  POSSIBLE SUNSHINE  MM
  AVERAGE SKY COVER  MM


WEATHER CONDITIONS
 THE FOLLOWING WEATHER WAS RECORDED YESTERDAY.
  NO SIGNIFICANT WEATHER WAS OBSERVED.


RELATIVE HUMIDITY (PERCENT)
 HIGHEST    MM
 LOWEST     MM
 AVERAGE    MM

..........................................................


THE CHANHASSEN MN CLIMATE NORMALS FOR TODAY
                         NORMAL    RECORD    YEAR
 MAXIMUM TEMPERATURE (F)   79        MM        MM
 MINIMUM TEMPERATURE (F)   60        MM        MM


SUNRISE AND SUNSET
AUGUST 23 2016........SUNRISE   626 AM CDT   SUNSET   806 PM CDT
AUGUST 24 2016........SUNRISE   628 AM CDT   SUNSET   804 PM CDT


-  INDICATES NEGATIVE NUMBERS.
R  INDICATES RECORD WAS SET OR TIED.
MM INDICATES DATA IS MISSING.
T  INDICATES TRACE AMOUNT.




$$
