000
CDUS43 KMPX 192154
CLIMPX


CLIMATE REPORT
NATIONAL WEATHER SERVICE CHANHASSEN MN
453 PM CDT THU MAY 19 2016


...................................

...THE CHANHASSEN MN CLIMATE SUMMARY FOR MAY 19 2016...
VALID AS OF 0400 PM LOCAL TIME.

CLIMATE NORMAL PERIOD 1981 TO 2010
CLIMATE RECORD PERIOD 1995 TO 2016


WEATHER ITEM   OBSERVED TIME   RECORD YEAR NORMAL DEPARTURE LAST
                VALUE   (LST)  VALUE       VALUE  FROM      YEAR
                                                  NORMAL
..................................................................
TEMPERATURE (F)
 TODAY
  MAXIMUM         73        MM  MM      MM  69      4       55
  MINIMUM         41        MM  MM      MM  49     -8       35
  AVERAGE         57                        59     -2       45

PRECIPITATION (IN)
  TODAY            0.00         MM      MM   0.12  -0.12     0.00
  MONTH TO DATE    1.19                      2.21  -1.02     3.01
  SINCE MAR 1      5.92                      6.99  -1.07     6.01
  SINCE JAN 1      7.41                      8.80  -1.39     6.77

SNOWFALL (IN)
  TODAY            0.0          MM      MM   0.0    0.0      0.0
  MONTH TO DATE    0.0                       0.3   -0.3       T
  SINCE MAR 1      5.6                      14.5   -8.9      9.3
  SINCE JUL 1     35.5                      54.2  -18.7     33.4
  SNOW DEPTH       0

DEGREE DAYS
 HEATING
  TODAY            8                         7      1       20
  MONTH TO DATE  229                       179     50      170
  SINCE MAR 1   1570                      1783   -213     1646
  SINCE JUL 1   6785                      7798  -1013     7904

 COOLING
  TODAY            0                         1     -1        0
  MONTH TO DATE    9                        13     -4        1
  SINCE MAR 1     16                        16      0        1
  SINCE JAN 1     16                        16      0        1
..................................................................




SKY COVER
  POSSIBLE SUNSHINE  MM
  AVERAGE SKY COVER  MM


WEATHER CONDITIONS
 THE FOLLOWING WEATHER WAS RECORDED TODAY.
  NO SIGNIFICANT WEATHER WAS OBSERVED.


RELATIVE HUMIDITY (PERCENT)
 HIGHEST    MM
 LOWEST     MM
 AVERAGE    MM

..........................................................


THE CHANHASSEN MN CLIMATE NORMALS FOR TOMORROW
                         NORMAL    RECORD    YEAR
 MAXIMUM TEMPERATURE (F)   70        MM        MM
 MINIMUM TEMPERATURE (F)   49        MM        MM


SUNRISE AND SUNSET
MAY 19 2016...........SUNRISE   541 AM CDT   SUNSET   841 PM CDT
MAY 20 2016...........SUNRISE   540 AM CDT   SUNSET   842 PM CDT


-  INDICATES NEGATIVE NUMBERS.
R  INDICATES RECORD WAS SET OR TIED.
MM INDICATES DATA IS MISSING.
T  INDICATES TRACE AMOUNT.




$$
