000
CDUS43 KMPX 110126
CLIMPX


CLIMATE REPORT
NATIONAL WEATHER SERVICE CHANHASSEN MN
726 PM CST SAT FEB 10 2018


...................................

...THE CHANHASSEN MN CLIMATE SUMMARY FOR FEBRUARY 10 2018...
VALID TODAY AS OF 0700 PM LOCAL TIME.

CLIMATE NORMAL PERIOD 1981 TO 2010
CLIMATE RECORD PERIOD 1995 TO 2018


WEATHER ITEM   OBSERVED TIME   RECORD YEAR NORMAL DEPARTURE LAST
                VALUE   (LST)  VALUE       VALUE  FROM      YEAR
                                                  NORMAL
..................................................................
TEMPERATURE (F)
 TODAY
  MAXIMUM         10        MM  46    2017  26    -16       46
  MINIMUM         -6        MM -18           9    -15       19
  AVERAGE          2                        18    -16       33

PRECIPITATION (IN)
  TODAY            0.00          0.49 2013   0.03  -0.03     0.00
  MONTH TO DATE    0.19                      0.30  -0.11      T
  SINCE DEC 1      2.26                      2.42  -0.16     3.13
  SINCE JAN 1      1.61                      1.17   0.44     0.88

SNOWFALL (IN)
  TODAY            0.0           3.5  2013   0.3   -0.3      0.0
  MONTH TO DATE    3.3                       3.5   -0.2       T
  SINCE DEC 1     28.8                      27.7    1.1     27.3
  SINCE JUL 1     30.6                      33.5   -2.9     32.4
  SNOW DEPTH       6

DEGREE DAYS
 HEATING
  TODAY           63                        47     16       32
  MONTH TO DATE  623                       485    138      468
  SINCE DEC 1   3663                      3509    154     3323
  SINCE JUL 1   5276                      5216     60     4546

 COOLING
  TODAY            0                         0      0        0
  MONTH TO DATE    0                         0      0        0
  SINCE DEC 1      0                         0      0        0
  SINCE JAN 1      0                         0      0        0
..................................................................


WIND (MPH)
  HIGHEST WIND SPEED    MM   HIGHEST WIND DIRECTION    MM
  HIGHEST GUST SPEED    MM   HIGHEST GUST DIRECTION    MM
  AVERAGE WIND SPEED    MM


SKY COVER
  POSSIBLE SUNSHINE  MM
  AVERAGE SKY COVER  MM


WEATHER CONDITIONS
 THE FOLLOWING WEATHER WAS RECORDED TODAY.
  NO SIGNIFICANT WEATHER WAS OBSERVED.


RELATIVE HUMIDITY (PERCENT)
 HIGHEST    MM
 LOWEST     MM
 AVERAGE    MM

..........................................................


THE CHANHASSEN MN CLIMATE NORMALS FOR TOMORROW
                         NORMAL    RECORD    YEAR
 MAXIMUM TEMPERATURE (F)   27        48      2005
 MINIMUM TEMPERATURE (F)    9       -18      2014


SUNRISE AND SUNSET
FEBRUARY 10 2018......SUNRISE   722 AM CST   SUNSET   536 PM CST
FEBRUARY 11 2018......SUNRISE   721 AM CST   SUNSET   537 PM CST


-  INDICATES NEGATIVE NUMBERS.
R  INDICATES RECORD WAS SET OR TIED.
MM INDICATES DATA IS MISSING.
T  INDICATES TRACE AMOUNT.




$$
