000
CDUS43 KMPX 030058
CLIMPX


CLIMATE REPORT
NATIONAL WEATHER SERVICE CHANHASSEN MN
658 PM CST TUE FEB 2 2016


...................................

...THE CHANHASSEN MN CLIMATE SUMMARY FOR FEBRUARY 2 2016...
VALID TODAY AS OF 0600 PM LOCAL TIME.

CLIMATE NORMAL PERIOD 1981 TO 2010
CLIMATE RECORD PERIOD 1995 TO 2016


WEATHER ITEM   OBSERVED TIME   RECORD YEAR NORMAL DEPARTURE LAST
                VALUE   (LST)  VALUE       VALUE  FROM      YEAR
                                                  NORMAL
..................................................................
TEMPERATURE (F)
 TODAY
  MAXIMUM         29        MM  MM      MM  25      4       14
  MINIMUM         25        MM  MM           7     18       -3
  AVERAGE         27                        16     11        6

PRECIPITATION (IN)
  TODAY            0.28         MM      MM   0.03   0.25     0.00
  MONTH TO DATE    0.28                      0.06   0.22      T
  SINCE DEC 1      2.56                      2.18   0.38     1.34
  SINCE JAN 1      0.59                      0.93  -0.34     0.37

SNOWFALL (IN)
  TODAY            4.4          MM      MM   0.3    4.1      0.0
  MONTH TO DATE    4.4                       0.7    3.7      0.1
  SINCE DEC 1     18.4                      24.9   -6.5     11.3
  SINCE JUL 1     21.4                      30.7   -9.3     19.4
  SNOW DEPTH       2

DEGREE DAYS
 HEATING
  TODAY           38                        49    -11       59
  MONTH TO DATE   79                        99    -20      112
  SINCE DEC 1   2738                      3123   -385     2894
  SINCE JUL 1   4070                      4830   -760     4831

 COOLING
  TODAY            0                         0      0        0
  MONTH TO DATE    0                         0      0        0
  SINCE DEC 1      0                         0      0        0
  SINCE JAN 1      0                         0      0        0
..................................................................


WIND (MPH)
  HIGHEST WIND SPEED    MM   HIGHEST WIND DIRECTION    MM
  HIGHEST GUST SPEED    MM   HIGHEST GUST DIRECTION    MM
  AVERAGE WIND SPEED    MM


SKY COVER
  POSSIBLE SUNSHINE  MM
  AVERAGE SKY COVER  MM


WEATHER CONDITIONS
 THE FOLLOWING WEATHER WAS RECORDED TODAY.
  NO SIGNIFICANT WEATHER WAS OBSERVED.


RELATIVE HUMIDITY (PERCENT)
 HIGHEST    MM
 LOWEST     MM
 AVERAGE    MM

..........................................................


THE CHANHASSEN MN CLIMATE NORMALS FOR TOMORROW
                         NORMAL    RECORD    YEAR
 MAXIMUM TEMPERATURE (F)   25        MM        MM
 MINIMUM TEMPERATURE (F)    7        MM        MM


SUNRISE AND SUNSET
FEBRUARY  2 2016......SUNRISE   733 AM CST   SUNSET   523 PM CST
FEBRUARY  3 2016......SUNRISE   732 AM CST   SUNSET   525 PM CST


-  INDICATES NEGATIVE NUMBERS.
R  INDICATES RECORD WAS SET OR TIED.
MM INDICATES DATA IS MISSING.
T  INDICATES TRACE AMOUNT.




$$
