000
CDUS43 KMPX 210057
CLIMPX


CLIMATE REPORT
NATIONAL WEATHER SERVICE CHANHASSEN MN
757 PM CDT SUN APR 20 2014


...................................

...THE CHANHASSEN MN CLIMATE SUMMARY FOR APRIL 20 2014...
VALID TODAY AS OF 0700 PM LOCAL TIME.

CLIMATE NORMAL PERIOD 1981 TO 2010
CLIMATE RECORD PERIOD 1995 TO 2014


WEATHER ITEM   OBSERVED NORMAL DEPARTURE LAST
                VALUE   VALUE  FROM      YEAR
                               NORMAL
...............................................
TEMPERATURE (F)
 TODAY
  MAXIMUM         74     60     14       40
  MINIMUM         45     38      7       20
  AVERAGE         60     49     11       30

PRECIPITATION (IN)
  TODAY            0.07   0.09  -0.02     0.00
  MONTH TO DATE    1.67   1.92  -0.25     4.85
  SINCE MAR 1      2.36   3.70  -1.34     6.49
  SINCE JAN 1      5.27   5.51  -0.24     8.20

SNOWFALL (IN)
  TODAY            0.0    0.1   -0.1      0.0
  MONTH TO DATE   10.8    2.9    7.9     17.8
  SINCE MAR 1     14.2   13.7    0.5     29.3
  SINCE JUL 1     69.5   53.4   16.1     66.9
  SNOW DEPTH       0

DEGREE DAYS
 HEATING
  TODAY            5     16    -11       35
  MONTH TO DATE  494    420     74      607
  SINCE MAR 1   1762   1466    296     1852
  SINCE JUL 1   8645   7481   1164     7674

 COOLING
  TODAY            0      0      0        0
  MONTH TO DATE    0      0      0        0
  SINCE MAR 1      0      0      0        0
  SINCE JAN 1      0      0      0        0
...............................................







THE CHANHASSEN MN CLIMATE NORMALS FOR TOMORROW
                         NORMAL
 MAXIMUM TEMPERATURE (F)   60
 MINIMUM TEMPERATURE (F)   38



-  INDICATES NEGATIVE NUMBERS.
R  INDICATES RECORD WAS SET OR TIED.
MM INDICATES DATA IS MISSING.
T  INDICATES TRACE AMOUNT.




$$
