916
CDUS43 KMPX 190739
CLIMPX


CLIMATE REPORT
NATIONAL WEATHER SERVICE CHANHASSEN MN
139 AM CST SUN NOV 19 2017


...................................

...THE CHANHASSEN MN CLIMATE SUMMARY FOR NOVEMBER 18 2017...

CLIMATE NORMAL PERIOD 1981 TO 2010
CLIMATE RECORD PERIOD 1995 TO 2017


WEATHER ITEM   OBSERVED TIME   RECORD YEAR NORMAL DEPARTURE LAST
                VALUE   (LST)  VALUE       VALUE  FROM      YEAR
                                                  NORMAL
..................................................................
TEMPERATURE (F)
 YESTERDAY
  MAXIMUM         35        MM  MM      MM  39     -4       46
  MINIMUM         20        MM  MM      MM  24     -4       30
  AVERAGE         28                        31     -3       38

PRECIPITATION (IN)
  YESTERDAY        0.00         MM      MM   0.07  -0.07     0.57
  MONTH TO DATE    0.24                      1.22  -0.98     0.57
  SINCE SEP 1      7.68                      7.16   0.52     9.18
  SINCE JAN 1     37.22                     29.16   8.06    37.14

SNOWFALL (IN)
  YESTERDAY        0.0          MM      MM   0.2   -0.2      0.8
  MONTH TO DATE    1.1                       2.2   -1.1      0.8
  SINCE SEP 1      1.8                       2.6   -0.8      0.8
  SINCE JUL 1      1.8                       2.6   -0.8      0.8
  SNOW DEPTH       0

DEGREE DAYS
 HEATING
  YESTERDAY       37                        34      3       27
  MONTH TO DATE  613                       518     95      311
  SINCE SEP 1   1224                      1231     -7      825
  SINCE JUL 1   1245                      1254     -9      838

 COOLING
  YESTERDAY        0                         0      0        0
  MONTH TO DATE    0                         0      0        0
  SINCE SEP 1     80                        52     28       45
  SINCE JAN 1    478                       605   -127      631
..................................................................


WIND (MPH)
  HIGHEST WIND SPEED    MM   HIGHEST WIND DIRECTION    MM
  HIGHEST GUST SPEED    MM   HIGHEST GUST DIRECTION    MM
  AVERAGE WIND SPEED    MM


SKY COVER
  POSSIBLE SUNSHINE  MM
  AVERAGE SKY COVER  MM


WEATHER CONDITIONS
 THE FOLLOWING WEATHER WAS RECORDED YESTERDAY.
  NO SIGNIFICANT WEATHER WAS OBSERVED.


RELATIVE HUMIDITY (PERCENT)
 HIGHEST    MM
 LOWEST     MM
 AVERAGE    MM

..........................................................


THE CHANHASSEN MN CLIMATE NORMALS FOR TODAY
                         NORMAL    RECORD    YEAR
 MAXIMUM TEMPERATURE (F)   38        MM        MM
 MINIMUM TEMPERATURE (F)   23        MM        MM


SUNRISE AND SUNSET
NOVEMBER 19 2017......SUNRISE   717 AM CST   SUNSET   442 PM CST
NOVEMBER 20 2017......SUNRISE   719 AM CST   SUNSET   441 PM CST


-  INDICATES NEGATIVE NUMBERS.
R  INDICATES RECORD WAS SET OR TIED.
MM INDICATES DATA IS MISSING.
T  INDICATES TRACE AMOUNT.




$$
