000
CDUS43 KMPX 170631
CLIMPX


CLIMATE REPORT
NATIONAL WEATHER SERVICE CHANHASSEN MN
130 AM CDT SUN SEP 17 2017


...................................

...THE CHANHASSEN MN CLIMATE SUMMARY FOR SEPTEMBER 16 2017...

CLIMATE NORMAL PERIOD 1981 TO 2010
CLIMATE RECORD PERIOD 1995 TO 2017


WEATHER ITEM   OBSERVED TIME   RECORD YEAR NORMAL DEPARTURE LAST
                VALUE   (LST)  VALUE       VALUE  FROM      YEAR
                                                  NORMAL
..................................................................
TEMPERATURE (F)
 YESTERDAY
  MAXIMUM         77        MM  MM      MM  71      6       75
  MINIMUM         56        MM  MM      MM  51      5       60
  AVERAGE         67                        61      6       68

PRECIPITATION (IN)
  YESTERDAY        0.12         MM      MM   0.12   0.00     0.00
  MONTH TO DATE    0.45                      1.96  -1.51     3.01
  SINCE SEP 1      0.45                      1.96  -1.51     3.01
  SINCE JAN 1     29.99                     23.96   6.03    30.97

SNOWFALL (IN)
  YESTERDAY        0.0          MM      MM   0.0    0.0      0.0
  MONTH TO DATE    T                         0.0    0.0      0.0
  SINCE SEP 1      T                         0.0    0.0      0.0
  SINCE JUL 1      T                         0.0    0.0      0.0
  SNOW DEPTH       0

DEGREE DAYS
 HEATING
  YESTERDAY        0                         6     -6        0
  MONTH TO DATE   41                        57    -16       21
  SINCE SEP 1     41                        57    -16       21
  SINCE JUL 1     62                        80    -18       34

 COOLING
  YESTERDAY        2                         1      1        3
  MONTH TO DATE   40                        37      3       36
  SINCE SEP 1     40                        37      3       36
  SINCE JAN 1    438                       590   -152      622
..................................................................


WIND (MPH)
  HIGHEST WIND SPEED    MM   HIGHEST WIND DIRECTION    MM
  HIGHEST GUST SPEED    MM   HIGHEST GUST DIRECTION    MM
  AVERAGE WIND SPEED    MM


SKY COVER
  POSSIBLE SUNSHINE  MM
  AVERAGE SKY COVER  MM


WEATHER CONDITIONS
 THE FOLLOWING WEATHER WAS RECORDED YESTERDAY.
  NO SIGNIFICANT WEATHER WAS OBSERVED.


RELATIVE HUMIDITY (PERCENT)
 HIGHEST    MM
 LOWEST     MM
 AVERAGE    MM

..........................................................


THE CHANHASSEN MN CLIMATE NORMALS FOR TODAY
                         NORMAL    RECORD    YEAR
 MAXIMUM TEMPERATURE (F)   70        MM        MM
 MINIMUM TEMPERATURE (F)   50        MM        MM


SUNRISE AND SUNSET
SEPTEMBER 17 2017.....SUNRISE   656 AM CDT   SUNSET   721 PM CDT
SEPTEMBER 18 2017.....SUNRISE   657 AM CDT   SUNSET   719 PM CDT


-  INDICATES NEGATIVE NUMBERS.
R  INDICATES RECORD WAS SET OR TIED.
MM INDICATES DATA IS MISSING.
T  INDICATES TRACE AMOUNT.




$$
