000
CDUS43 KMPX 150643
CLIMPX


CLIMATE REPORT
NATIONAL WEATHER SERVICE CHANHASSEN MN
143 AM CDT SAT APR 15 2017


...................................

...THE CHANHASSEN MN CLIMATE SUMMARY FOR APRIL 14 2017...

CLIMATE NORMAL PERIOD 1981 TO 2010
CLIMATE RECORD PERIOD 1995 TO 2017


WEATHER ITEM   OBSERVED TIME   RECORD YEAR NORMAL DEPARTURE LAST
                VALUE   (LST)  VALUE       VALUE  FROM      YEAR
                                                  NORMAL
..................................................................
TEMPERATURE (F)
 YESTERDAY
  MAXIMUM         66        MM  MM      MM  57      9       76
  MINIMUM         47        MM  MM      MM  35     12       51
  AVERAGE         57                        46     11       64

PRECIPITATION (IN)
  YESTERDAY        0.13         MM      MM   0.10   0.03     0.00
  MONTH TO DATE    0.91                      1.35  -0.44     0.12
  SINCE MAR 1      1.65                      3.13  -1.48     1.54
  SINCE JAN 1      3.25                      4.94  -1.69     3.03

SNOWFALL (IN)
  YESTERDAY        0.0          MM      MM   0.1   -0.1      0.0
  MONTH TO DATE    0.6                       2.3   -1.7      0.5
  SINCE MAR 1      6.1                      13.1   -7.0      5.6
  SINCE JUL 1     38.5                      52.8  -14.3     35.5
  SNOW DEPTH       0

DEGREE DAYS
 HEATING
  YESTERDAY        8                        19    -11        1
  MONTH TO DATE  234                       315    -81      362
  SINCE MAR 1   1248                      1361   -113     1155
  SINCE JUL 1   6317                      7376  -1059     6370

 COOLING
  YESTERDAY        0                         0      0        0
  MONTH TO DATE    0                         0      0        0
  SINCE MAR 1      0                         0      0        0
  SINCE JAN 1      0                         0      0        0
..................................................................


WIND (MPH)
  HIGHEST WIND SPEED    MM   HIGHEST WIND DIRECTION    MM
  HIGHEST GUST SPEED    MM   HIGHEST GUST DIRECTION    MM
  AVERAGE WIND SPEED    MM


SKY COVER
  POSSIBLE SUNSHINE  MM
  AVERAGE SKY COVER  MM


WEATHER CONDITIONS
 THE FOLLOWING WEATHER WAS RECORDED YESTERDAY.
  NO SIGNIFICANT WEATHER WAS OBSERVED.


RELATIVE HUMIDITY (PERCENT)
 HIGHEST    MM
 LOWEST     MM
 AVERAGE    MM

..........................................................


THE CHANHASSEN MN CLIMATE NORMALS FOR TODAY
                         NORMAL    RECORD    YEAR
 MAXIMUM TEMPERATURE (F)   57        MM        MM
 MINIMUM TEMPERATURE (F)   36        MM        MM


SUNRISE AND SUNSET
APRIL 15 2017.........SUNRISE   629 AM CDT   SUNSET   800 PM CDT
APRIL 16 2017.........SUNRISE   628 AM CDT   SUNSET   801 PM CDT


-  INDICATES NEGATIVE NUMBERS.
R  INDICATES RECORD WAS SET OR TIED.
MM INDICATES DATA IS MISSING.
T  INDICATES TRACE AMOUNT.




$$
