000
CDUS43 KMPX 270022
CLIMPX


CLIMATE REPORT
NATIONAL WEATHER SERVICE CHANHASSEN MN
722 PM CDT TUE MAY 26 2015


...................................

...THE CHANHASSEN MN CLIMATE SUMMARY FOR MAY 26 2015...
VALID TODAY AS OF 0700 PM LOCAL TIME.

CLIMATE NORMAL PERIOD 1981 TO 2010
CLIMATE RECORD PERIOD 1995 TO 2015


WEATHER ITEM   OBSERVED TIME   RECORD YEAR NORMAL DEPARTURE LAST
                VALUE   (LST)  VALUE       VALUE  FROM      YEAR
                                                  NORMAL
..................................................................
TEMPERATURE (F)
 TODAY
  MAXIMUM         57        MM  MM      MM  71    -14       82
  MINIMUM         53        MM  MM          51      2       62
  AVERAGE         55                        61     -6       72

PRECIPITATION (IN)
  TODAY            0.92         MM      MM   0.12   0.80     0.02
  MONTH TO DATE    4.58                      3.06   1.52     3.38
  SINCE MAR 1      7.58                      7.84  -0.26    11.12
  SINCE JAN 1      8.34                      9.65  -1.31    14.03

SNOWFALL (IN)
  TODAY            0.0          MM      MM   0.0    0.0      0.0
  MONTH TO DATE    T                         0.3   -0.3       T
  SINCE MAR 1      9.3                      14.5   -5.2     14.2
  SINCE JUL 1     33.4                      54.2  -20.8     69.5
  SNOW DEPTH       0

DEGREE DAYS
 HEATING
  TODAY           10                         5      5        0
  MONTH TO DATE  228                       222      6      282
  SINCE MAR 1   1704                      1826   -122     2258
  SINCE JUL 1   7962                      7841    121     9141

 COOLING
  TODAY            0                         1     -1        7
  MONTH TO DATE    1                        20    -19       12
  SINCE MAR 1      1                        23    -22       12
  SINCE JAN 1      1                        23    -22       12
..................................................................


WIND (MPH)
  HIGHEST WIND SPEED    MM   HIGHEST WIND DIRECTION    MM
  HIGHEST GUST SPEED    MM   HIGHEST GUST DIRECTION    MM
  AVERAGE WIND SPEED    MM


SKY COVER
  POSSIBLE SUNSHINE  MM
  AVERAGE SKY COVER  MM


WEATHER CONDITIONS
 THE FOLLOWING WEATHER WAS RECORDED TODAY.
  NO SIGNIFICANT WEATHER WAS OBSERVED.


RELATIVE HUMIDITY (PERCENT)
 HIGHEST    MM
 LOWEST     MM
 AVERAGE    MM

..........................................................


THE CHANHASSEN MN CLIMATE NORMALS FOR TOMORROW
                         NORMAL    RECORD    YEAR
 MAXIMUM TEMPERATURE (F)   72        MM        MM
 MINIMUM TEMPERATURE (F)   51        MM        MM


SUNRISE AND SUNSET
MAY 26 2015...........SUNRISE   535 AM CDT   SUNSET   848 PM CDT
MAY 27 2015...........SUNRISE   535 AM CDT   SUNSET   849 PM CDT


-  INDICATES NEGATIVE NUMBERS.
R  INDICATES RECORD WAS SET OR TIED.
MM INDICATES DATA IS MISSING.
T  INDICATES TRACE AMOUNT.




$$
