000
CDUS43 KMPX 120055
CLIMPX


CLIMATE REPORT
NATIONAL WEATHER SERVICE CHANHASSEN MN
755 PM CDT WED OCT 11 2017


...................................

...THE CHANHASSEN MN CLIMATE SUMMARY FOR OCTOBER 11 2017...
VALID TODAY AS OF 0700 PM LOCAL TIME.

CLIMATE NORMAL PERIOD 1981 TO 2010
CLIMATE RECORD PERIOD 1995 TO 2017


WEATHER ITEM   OBSERVED TIME   RECORD YEAR NORMAL DEPARTURE LAST
                VALUE   (LST)  VALUE       VALUE  FROM      YEAR
                                                  NORMAL
..................................................................
TEMPERATURE (F)
 TODAY
  MAXIMUM         55        MM  MM      MM  60     -5       69
  MINIMUM         32        MM  MM          40     -8       46
  AVERAGE         44                        50     -6       58

PRECIPITATION (IN)
  TODAY            0.00         MM      MM   0.08  -0.08     0.02
  MONTH TO DATE    3.99                      1.07   2.92     1.67
  SINCE SEP 1      6.17                      4.50   1.67     6.82
  SINCE JAN 1     35.71                     26.50   9.21    34.78

SNOWFALL (IN)
  TODAY            0.0          MM      MM   0.0    0.0      0.0
  MONTH TO DATE    0.0                       0.1   -0.1      0.0
  SINCE SEP 1      T                         0.1   -0.1      0.0
  SINCE JUL 1      T                         0.1   -0.1      0.0
  SNOW DEPTH       0

DEGREE DAYS
 HEATING
  TODAY           21                        15      6        7
  MONTH TO DATE  141                       149     -8      110
  SINCE SEP 1    252                       325    -73      188
  SINCE JUL 1    273                       348    -75      201

 COOLING
  TODAY            0                         0      0        0
  MONTH TO DATE    0                         0      0        0
  SINCE SEP 1     79                        47     32       45
  SINCE JAN 1    477                       600   -123      631
..................................................................


WIND (MPH)
  HIGHEST WIND SPEED    MM   HIGHEST WIND DIRECTION    MM
  HIGHEST GUST SPEED    MM   HIGHEST GUST DIRECTION    MM
  AVERAGE WIND SPEED    MM


SKY COVER
  POSSIBLE SUNSHINE  MM
  AVERAGE SKY COVER  MM


WEATHER CONDITIONS
 THE FOLLOWING WEATHER WAS RECORDED TODAY.
  NO SIGNIFICANT WEATHER WAS OBSERVED.


RELATIVE HUMIDITY (PERCENT)
 HIGHEST    MM
 LOWEST     MM
 AVERAGE    MM

..........................................................


THE CHANHASSEN MN CLIMATE NORMALS FOR TOMORROW
                         NORMAL    RECORD    YEAR
 MAXIMUM TEMPERATURE (F)   60        MM        MM
 MINIMUM TEMPERATURE (F)   39        MM        MM


SUNRISE AND SUNSET
OCTOBER 11 2017.......SUNRISE   725 AM CDT   SUNSET   636 PM CDT
OCTOBER 12 2017.......SUNRISE   726 AM CDT   SUNSET   634 PM CDT


-  INDICATES NEGATIVE NUMBERS.
R  INDICATES RECORD WAS SET OR TIED.
MM INDICATES DATA IS MISSING.
T  INDICATES TRACE AMOUNT.




$$
