901
CDUS43 KMPX 230653
CLIMPX


CLIMATE REPORT
NATIONAL WEATHER SERVICE CHANHASSEN MN
1253 AM CST THU FEB 23 2017


...................................

...THE CHANHASSEN MN CLIMATE SUMMARY FOR FEBRUARY 22 2017...

CLIMATE NORMAL PERIOD 1981 TO 2010
CLIMATE RECORD PERIOD 1995 TO 2017


WEATHER ITEM   OBSERVED TIME   RECORD YEAR NORMAL DEPARTURE LAST
                VALUE   (LST)  VALUE       VALUE  FROM      YEAR
                                                  NORMAL
..................................................................
TEMPERATURE (F)
 YESTERDAY
  MAXIMUM         56R       MM  37    2006  30     26       32
                                      2002
  MINIMUM         36        MM -10    2015  13     23       22
  AVERAGE         46                        22     24       27

PRECIPITATION (IN)
  YESTERDAY        0.00          0.22 2013   0.04  -0.04     0.00
  MONTH TO DATE    0.72                      0.70   0.02     1.14
  SINCE DEC 1      3.85                      2.82   1.03     3.42
  SINCE JAN 1      1.60                      1.57   0.03     1.45

SNOWFALL (IN)
  YESTERDAY        0.0           3.4  2013   0.3   -0.3      0.0
  MONTH TO DATE    T                         7.6   -7.6     12.4
  SINCE DEC 1     27.3                      31.8   -4.5     26.4
  SINCE JUL 1     32.4                      37.6   -5.2     29.4
  SNOW DEPTH       0

DEGREE DAYS
 HEATING
  YESTERDAY       19                        44    -25       38
  MONTH TO DATE  778                      1031   -253     1002
  SINCE DEC 1   3633                      4055   -422     3661
  SINCE JUL 1   4856                      5762   -906     4993

 COOLING
  YESTERDAY        0                         0      0        0
  MONTH TO DATE    0                         0      0        0
  SINCE DEC 1      0                         0      0        0
  SINCE JAN 1      0                         0      0        0
..................................................................


WIND (MPH)
  HIGHEST WIND SPEED    MM   HIGHEST WIND DIRECTION    MM
  HIGHEST GUST SPEED    MM   HIGHEST GUST DIRECTION    MM
  AVERAGE WIND SPEED    MM


SKY COVER
  POSSIBLE SUNSHINE  MM
  AVERAGE SKY COVER  MM


WEATHER CONDITIONS
 THE FOLLOWING WEATHER WAS RECORDED YESTERDAY.
  NO SIGNIFICANT WEATHER WAS OBSERVED.


RELATIVE HUMIDITY (PERCENT)
 HIGHEST    MM
 LOWEST     MM
 AVERAGE    MM

..........................................................


THE CHANHASSEN MN CLIMATE NORMALS FOR TODAY
                         NORMAL    RECORD    YEAR
 MAXIMUM TEMPERATURE (F)   30        54      2002
 MINIMUM TEMPERATURE (F)   13       -14      2015


SUNRISE AND SUNSET
FEBRUARY 23 2017......SUNRISE   702 AM CST   SUNSET   554 PM CST
FEBRUARY 24 2017......SUNRISE   700 AM CST   SUNSET   555 PM CST


-  INDICATES NEGATIVE NUMBERS.
R  INDICATES RECORD WAS SET OR TIED.
MM INDICATES DATA IS MISSING.
T  INDICATES TRACE AMOUNT.




$$
