658
CDUS43 KMPX 170709
CLIMPX


CLIMATE REPORT
NATIONAL WEATHER SERVICE CHANHASSEN MN
209 AM CDT WED MAY 17 2017


...................................

...THE CHANHASSEN MN CLIMATE SUMMARY FOR MAY 16 2017...

CLIMATE NORMAL PERIOD 1981 TO 2010
CLIMATE RECORD PERIOD 1995 TO 2017


WEATHER ITEM   OBSERVED TIME   RECORD YEAR NORMAL DEPARTURE LAST
                VALUE   (LST)  VALUE       VALUE  FROM      YEAR
                                                  NORMAL
..................................................................
TEMPERATURE (F)
 YESTERDAY
  MAXIMUM         82        MM  MM      MM  69     13       65
  MINIMUM         59        MM  MM      MM  48     11       46
  AVERAGE         71                        58     13       56

PRECIPITATION (IN)
  YESTERDAY        0.29         MM      MM   0.12   0.17     0.00
  MONTH TO DATE    1.07                      1.85  -0.78     1.19
  SINCE MAR 1      6.77                      6.63   0.14     5.92
  SINCE JAN 1      8.37                      8.44  -0.07     7.41

SNOWFALL (IN)
  YESTERDAY        0.0          MM      MM   0.0    0.0      0.0
  MONTH TO DATE    T                         0.3   -0.3      0.0
  SINCE MAR 1      6.1                      14.5   -8.4      5.6
  SINCE JUL 1     38.5                      54.2  -15.7     35.5
  SNOW DEPTH       0

DEGREE DAYS
 HEATING
  YESTERDAY        0                         8     -8        9
  MONTH TO DATE  134                       157    -23      196
  SINCE MAR 1   1648                      1761   -113     1537
  SINCE JUL 1   6717                      7776  -1059     6752

 COOLING
  YESTERDAY        6                         1      5        0
  MONTH TO DATE   11                        10      1        9
  SINCE MAR 1     11                        13     -2       16
  SINCE JAN 1     11                        13     -2       16
..................................................................


WIND (MPH)
  HIGHEST WIND SPEED    MM   HIGHEST WIND DIRECTION    MM
  HIGHEST GUST SPEED    MM   HIGHEST GUST DIRECTION    MM
  AVERAGE WIND SPEED    MM


SKY COVER
  POSSIBLE SUNSHINE  MM
  AVERAGE SKY COVER  MM


WEATHER CONDITIONS
 THE FOLLOWING WEATHER WAS RECORDED YESTERDAY.
  NO SIGNIFICANT WEATHER WAS OBSERVED.


RELATIVE HUMIDITY (PERCENT)
 HIGHEST    MM
 LOWEST     MM
 AVERAGE    MM

..........................................................


THE CHANHASSEN MN CLIMATE NORMALS FOR TODAY
                         NORMAL    RECORD    YEAR
 MAXIMUM TEMPERATURE (F)   69        MM        MM
 MINIMUM TEMPERATURE (F)   48        MM        MM


SUNRISE AND SUNSET
MAY 17 2017...........SUNRISE   543 AM CDT   SUNSET   839 PM CDT
MAY 18 2017...........SUNRISE   542 AM CDT   SUNSET   840 PM CDT


-  INDICATES NEGATIVE NUMBERS.
R  INDICATES RECORD WAS SET OR TIED.
MM INDICATES DATA IS MISSING.
T  INDICATES TRACE AMOUNT.




$$
