000
CDUS43 KMPX 080855
CLIMPX


CLIMATE REPORT
NATIONAL WEATHER SERVICE CHANHASSEN MN
353 AM CDT TUE JUL 8 2014


...................................

...THE CHANHASSEN MN CLIMATE SUMMARY FOR JULY 7 2014...

CLIMATE NORMAL PERIOD 1981 TO 2010
CLIMATE RECORD PERIOD 1995 TO 2014


WEATHER ITEM   OBSERVED NORMAL DEPARTURE LAST
                VALUE   VALUE  FROM      YEAR
                               NORMAL
...............................................
TEMPERATURE (F)
 YESTERDAY
  MAXIMUM         MM     82     MM       89
  MINIMUM         MM     62     MM       71
  AVERAGE         MM     72     MM       80

PRECIPITATION (IN)
  YESTERDAY       MM      0.12  MM         T
  MONTH TO DATE    0.19   0.86  -0.67     0.03
  SINCE JUN 1     10.61   4.88   5.73     6.31
  SINCE JAN 1     26.51  15.13  11.38    21.81

SNOWFALL (IN)
  YESTERDAY       MM      0.0   MM        0.0
  MONTH TO DATE    0.0    0.0    0.0      0.0
  SINCE JUN 1      0.0    0.0    0.0      0.0
  SINCE JUL 1      0.0    0.0    0.0      0.0
  SNOW DEPTH      MM

DEGREE DAYS
 HEATING
  YESTERDAY       MM      0     MM        0
  MONTH TO DATE    4      0      4        0
  SINCE JUN 1     37     49    -12       62
  SINCE JUL 1      4      0      4        0

 COOLING
  YESTERDAY       MM      7     MM       15
  MONTH TO DATE   22     49    -27       71
  SINCE JUN 1    134    176    -42      183
  SINCE JAN 1    171    209    -38      206
...............................................







THE CHANHASSEN MN CLIMATE NORMALS FOR TODAY
                         NORMAL
 MAXIMUM TEMPERATURE (F)   82
 MINIMUM TEMPERATURE (F)   62



-  INDICATES NEGATIVE NUMBERS.
R  INDICATES RECORD WAS SET OR TIED.
MM INDICATES DATA IS MISSING.
T  INDICATES TRACE AMOUNT.




$$
