714
CDUS43 KMPX 140628
CLIMPX


CLIMATE REPORT
NATIONAL WEATHER SERVICE CHANHASSEN MN
1227 AM CST SAT JAN 14 2017


...................................

...THE CHANHASSEN MN CLIMATE SUMMARY FOR JANUARY 13 2017...

CLIMATE NORMAL PERIOD 1981 TO 2010
CLIMATE RECORD PERIOD 1995 TO 2017


WEATHER ITEM   OBSERVED TIME   RECORD YEAR NORMAL DEPARTURE LAST
                VALUE   (LST)  VALUE       VALUE  FROM      YEAR
                                                  NORMAL
..................................................................
TEMPERATURE (F)
 YESTERDAY
  MAXIMUM          8        MM  35    2002  23    -15       22
  MINIMUM        -11        MM -21    2009   5    -16      -10
  AVERAGE         -1                        14    -15        6

PRECIPITATION (IN)
  YESTERDAY        T             0.17 2002   0.03  -0.03      T
  MONTH TO DATE    0.35                      0.40  -0.05     0.21
  SINCE DEC 1      2.60                      1.65   0.95     2.18
  SINCE JAN 1      0.35                      0.40  -0.05     0.21

SNOWFALL (IN)
  YESTERDAY        T             3.8  2002   0.3   -0.3       T
  MONTH TO DATE    4.5                       4.3    0.2      2.9
  SINCE DEC 1     22.9                      18.2    4.7     12.2
  SINCE JUL 1     28.0                      24.0    4.0     15.2
  SNOW DEPTH       5

DEGREE DAYS
 HEATING
  YESTERDAY       66                        51     15       59
  MONTH TO DATE  745                       661     84      663
  SINCE DEC 1   2177                      2115     62     1791
  SINCE JUL 1   3400                      3822   -422     3123

 COOLING
  YESTERDAY        0                         0      0        0
  MONTH TO DATE    0                         0      0        0
  SINCE DEC 1      0                         0      0        0
  SINCE JAN 1      0                         0      0        0
..................................................................


WIND (MPH)
  HIGHEST WIND SPEED    MM   HIGHEST WIND DIRECTION    MM
  HIGHEST GUST SPEED    MM   HIGHEST GUST DIRECTION    MM
  AVERAGE WIND SPEED    MM


SKY COVER
  POSSIBLE SUNSHINE  MM
  AVERAGE SKY COVER  MM


WEATHER CONDITIONS
 THE FOLLOWING WEATHER WAS RECORDED YESTERDAY.
  NO SIGNIFICANT WEATHER WAS OBSERVED.


RELATIVE HUMIDITY (PERCENT)
 HIGHEST    MM
 LOWEST     MM
 AVERAGE    MM

..........................................................


THE CHANHASSEN MN CLIMATE NORMALS FOR TODAY
                         NORMAL    RECORD    YEAR
 MAXIMUM TEMPERATURE (F)   23        34      2006
                                             2004
 MINIMUM TEMPERATURE (F)    5       -19      2009


SUNRISE AND SUNSET
JANUARY 14 2017.......SUNRISE   749 AM CST   SUNSET   459 PM CST
JANUARY 15 2017.......SUNRISE   748 AM CST   SUNSET   500 PM CST


-  INDICATES NEGATIVE NUMBERS.
R  INDICATES RECORD WAS SET OR TIED.
MM INDICATES DATA IS MISSING.
T  INDICATES TRACE AMOUNT.




$$
