000
CDUS43 KMPX 200627
CLIMPX


CLIMATE REPORT
NATIONAL WEATHER SERVICE CHANHASSEN MN
126 AM CDT SUN JUL 20 2014


...................................

...THE CHANHASSEN MN CLIMATE SUMMARY FOR JULY 19 2014...

CLIMATE NORMAL PERIOD 1981 TO 2010
CLIMATE RECORD PERIOD 1995 TO 2014


WEATHER ITEM   OBSERVED NORMAL DEPARTURE LAST
                VALUE   VALUE  FROM      YEAR
                               NORMAL
...............................................
TEMPERATURE (F)
 YESTERDAY
  MAXIMUM         77     82     -5       83
  MINIMUM         64     62      2       66
  AVERAGE         71     72     -1       75

PRECIPITATION (IN)
  YESTERDAY        T      0.10  -0.10      T
  MONTH TO DATE    2.81   2.22   0.59     3.83
  SINCE JUN 1     13.23   6.24   6.99    10.11
  SINCE JAN 1     29.13  16.49  12.64    25.61

SNOWFALL (IN)
  YESTERDAY        0.0    0.0    0.0      0.0
  MONTH TO DATE    0.0    0.0    0.0      0.0
  SINCE JUN 1      0.0    0.0    0.0      0.0
  SINCE JUL 1      0.0    0.0    0.0      0.0
  SNOW DEPTH       0

DEGREE DAYS
 HEATING
  YESTERDAY        0      0      0        0
  MONTH TO DATE   13      0     13        0
  SINCE JUN 1     46     49     -3       62
  SINCE JUL 1     13      0     13        0

 COOLING
  YESTERDAY        6      7     -1       10
  MONTH TO DATE   63    137    -74      204
  SINCE JUN 1    175    264    -89      316
  SINCE JAN 1    212    297    -85      339
...............................................







THE CHANHASSEN MN CLIMATE NORMALS FOR TODAY
                         NORMAL
 MAXIMUM TEMPERATURE (F)   82
 MINIMUM TEMPERATURE (F)   62



-  INDICATES NEGATIVE NUMBERS.
R  INDICATES RECORD WAS SET OR TIED.
MM INDICATES DATA IS MISSING.
T  INDICATES TRACE AMOUNT.




$$
