000
CDUS43 KMPX 230642
CLIMPX


CLIMATE REPORT
NATIONAL WEATHER SERVICE CHANHASSEN MN
1241 AM CST WED NOV 23 2016


...................................

...THE CHANHASSEN MN CLIMATE SUMMARY FOR NOVEMBER 22 2016...

CLIMATE NORMAL PERIOD 1981 TO 2010
CLIMATE RECORD PERIOD 1995 TO 2016


WEATHER ITEM   OBSERVED TIME   RECORD YEAR NORMAL DEPARTURE LAST
                VALUE   (LST)  VALUE       VALUE  FROM      YEAR
                                                  NORMAL
..................................................................
TEMPERATURE (F)
 YESTERDAY
  MAXIMUM         33        MM  MM      MM  36     -3       33
  MINIMUM         31        MM  MM      MM  22      9       16
  AVERAGE         32                        29      3       25

PRECIPITATION (IN)
  YESTERDAY        0.66         MM      MM   0.06   0.60     0.00
  MONTH TO DATE    1.23                      1.49  -0.26     4.36
  SINCE SEP 1      9.84                      7.43   2.41    10.09
  SINCE JAN 1     37.80                     29.43   8.37    33.07

SNOWFALL (IN)
  YESTERDAY        3.9          MM      MM   0.2    3.7      0.0
  MONTH TO DATE    4.7                       3.1    1.6       T
  SINCE SEP 1      4.7                       3.5    1.2       T
  SINCE JUL 1      4.7                       3.5    1.2       T
  SNOW DEPTH       T

DEGREE DAYS
 HEATING
  YESTERDAY       33                        36     -3       40
  MONTH TO DATE  458                       659   -201      466
  SINCE SEP 1    972                      1372   -400     1004
  SINCE JUL 1    985                      1395   -410     1046

 COOLING
  YESTERDAY        0                         0      0        0
  MONTH TO DATE    0                         0      0        0
  SINCE SEP 1     45                        52     -7      119
  SINCE JAN 1    631                       605     26      551
..................................................................


WIND (MPH)
  HIGHEST WIND SPEED    MM   HIGHEST WIND DIRECTION    MM
  HIGHEST GUST SPEED    MM   HIGHEST GUST DIRECTION    MM
  AVERAGE WIND SPEED    MM


SKY COVER
  POSSIBLE SUNSHINE  MM
  AVERAGE SKY COVER  MM


WEATHER CONDITIONS
 THE FOLLOWING WEATHER WAS RECORDED YESTERDAY.
  NO SIGNIFICANT WEATHER WAS OBSERVED.


RELATIVE HUMIDITY (PERCENT)
 HIGHEST    MM
 LOWEST     MM
 AVERAGE    MM

..........................................................


THE CHANHASSEN MN CLIMATE NORMALS FOR TODAY
                         NORMAL    RECORD    YEAR
 MAXIMUM TEMPERATURE (F)   35        MM        MM
 MINIMUM TEMPERATURE (F)   21        MM        MM


SUNRISE AND SUNSET
NOVEMBER 23 2016......SUNRISE   723 AM CST   SUNSET   439 PM CST
NOVEMBER 24 2016......SUNRISE   724 AM CST   SUNSET   438 PM CST


-  INDICATES NEGATIVE NUMBERS.
R  INDICATES RECORD WAS SET OR TIED.
MM INDICATES DATA IS MISSING.
T  INDICATES TRACE AMOUNT.




$$
