000
CDUS43 KMPX 140736
CLIMPX


CLIMATE REPORT
NATIONAL WEATHER SERVICE CHANHASSEN MN
135 AM CST WED FEB 14 2018


...................................

...THE CHANHASSEN MN CLIMATE SUMMARY FOR FEBRUARY 13 2018...

CLIMATE NORMAL PERIOD 1981 TO 2010
CLIMATE RECORD PERIOD 1995 TO 2018


WEATHER ITEM   OBSERVED TIME   RECORD YEAR NORMAL DEPARTURE LAST
                VALUE   (LST)  VALUE       VALUE  FROM      YEAR
                                                  NORMAL
..................................................................
TEMPERATURE (F)
 YESTERDAY
  MAXIMUM         28        MM  47    2017  27      1       47
  MINIMUM          4        MM -11    2016  10     -6       23
  AVERAGE         16                        18     -2       35

PRECIPITATION (IN)
  YESTERDAY        0.00          T    2001   0.03  -0.03     0.00
                                      2001
                                      2015
  MONTH TO DATE    0.19                      0.39  -0.20     0.04
  SINCE DEC 1      2.26                      2.51  -0.25     3.17
  SINCE JAN 1      1.61                      1.26   0.35     0.92

SNOWFALL (IN)
  YESTERDAY        0.0           T    2015   0.3   -0.3      0.0
                                      2009
                                      2001
  MONTH TO DATE    3.3                       4.5   -1.2       T
  SINCE DEC 1     28.8                      28.7    0.1     27.3
  SINCE JUL 1     30.6                      34.5   -3.9     32.4
  SNOW DEPTH       6

DEGREE DAYS
 HEATING
  YESTERDAY       49                        47      2       30
  MONTH TO DATE  790                       626    164      557
  SINCE DEC 1   3830                      3650    180     3412
  SINCE JUL 1   5443                      5357     86     4635

 COOLING
  YESTERDAY        0                         0      0        0
  MONTH TO DATE    0                         0      0        0
  SINCE DEC 1      0                         0      0        0
  SINCE JAN 1      0                         0      0        0
..................................................................


WIND (MPH)
  HIGHEST WIND SPEED    MM   HIGHEST WIND DIRECTION    MM
  HIGHEST GUST SPEED    MM   HIGHEST GUST DIRECTION    MM
  AVERAGE WIND SPEED    MM


SKY COVER
  POSSIBLE SUNSHINE  MM
  AVERAGE SKY COVER  MM


WEATHER CONDITIONS
 THE FOLLOWING WEATHER WAS RECORDED YESTERDAY.
  NO SIGNIFICANT WEATHER WAS OBSERVED.


RELATIVE HUMIDITY (PERCENT)
 HIGHEST    MM
 LOWEST     MM
 AVERAGE    MM

..........................................................


THE CHANHASSEN MN CLIMATE NORMALS FOR TODAY
                         NORMAL    RECORD    YEAR
 MAXIMUM TEMPERATURE (F)   28        46      2002
 MINIMUM TEMPERATURE (F)   10        -4      2015
                                             2007


SUNRISE AND SUNSET
FEBRUARY 14 2018......SUNRISE   716 AM CST   SUNSET   541 PM CST
FEBRUARY 15 2018......SUNRISE   715 AM CST   SUNSET   543 PM CST


-  INDICATES NEGATIVE NUMBERS.
R  INDICATES RECORD WAS SET OR TIED.
MM INDICATES DATA IS MISSING.
T  INDICATES TRACE AMOUNT.




$$
