000
CDUS43 KMPX 220057
CLIMPX


CLIMATE REPORT
NATIONAL WEATHER SERVICE CHANHASSEN MN
656 PM CST SAT FEB 21 2015


...................................

...THE CHANHASSEN MN CLIMATE SUMMARY FOR FEBRUARY 21 2015...
VALID TODAY AS OF 0600 PM LOCAL TIME.

CLIMATE NORMAL PERIOD 1981 TO 2010
CLIMATE RECORD PERIOD 1995 TO 2015


WEATHER ITEM   OBSERVED TIME   RECORD YEAR NORMAL DEPARTURE LAST
                VALUE   (LST)  VALUE       VALUE  FROM      YEAR
                                                  NORMAL
..................................................................
TEMPERATURE (F)
 TODAY
  MAXIMUM         23        MM  44    2007  30     -7       15
  MINIMUM          9        MM -15          13     -4        4
  AVERAGE         16                        21     -5       10

PRECIPITATION (IN)
  TODAY            T             0.11 2011   0.03  -0.03     0.02
  MONTH TO DATE    0.30                      0.66  -0.36     1.57
  SINCE DEC 1      1.64                      2.78  -1.14     4.15
  SINCE JAN 1      0.67                      1.53  -0.86     2.89

SNOWFALL (IN)
  TODAY            T             3.1  2009   0.4   -0.4      0.5
  MONTH TO DATE    4.2                       7.3   -3.1     17.9
  SINCE DEC 1     15.4                      31.5  -16.1     53.0
  SINCE JUL 1     23.5                      37.3  -13.8     54.8
  SNOW DEPTH       1

DEGREE DAYS
 HEATING
  TODAY           49                        44      5       55
  MONTH TO DATE 1119                       987    132     1188
  SINCE DEC 1   3901                      4011   -110     4716
  SINCE JUL 1   5838                      5718    120     6438

 COOLING
  TODAY            0                         0      0        0
  MONTH TO DATE    0                         0      0        0
  SINCE DEC 1      0                         0      0        0
  SINCE JAN 1      0                         0      0        0
..................................................................


WIND (MPH)
  HIGHEST WIND SPEED    MM   HIGHEST WIND DIRECTION    MM
  HIGHEST GUST SPEED    MM   HIGHEST GUST DIRECTION    MM
  AVERAGE WIND SPEED    MM


SKY COVER
  POSSIBLE SUNSHINE  MM
  AVERAGE SKY COVER  MM


WEATHER CONDITIONS
 THE FOLLOWING WEATHER WAS RECORDED TODAY.
  NO SIGNIFICANT WEATHER WAS OBSERVED.


RELATIVE HUMIDITY (PERCENT)
 HIGHEST    MM
 LOWEST     MM
 AVERAGE    MM

..........................................................


THE CHANHASSEN MN CLIMATE NORMALS FOR TOMORROW
                         NORMAL    RECORD    YEAR
 MAXIMUM TEMPERATURE (F)   30        37      2006
                                             2002
 MINIMUM TEMPERATURE (F)   13        -2      2009


SUNRISE AND SUNSET
FEBRUARY 21 2015......SUNRISE   706 AM CST   SUNSET   551 PM CST
FEBRUARY 22 2015......SUNRISE   704 AM CST   SUNSET   552 PM CST


-  INDICATES NEGATIVE NUMBERS.
R  INDICATES RECORD WAS SET OR TIED.
MM INDICATES DATA IS MISSING.
T  INDICATES TRACE AMOUNT.




$$
