000
CDUS43 KMPX 170628
CLIMPX


CLIMATE REPORT
NATIONAL WEATHER SERVICE CHANHASSEN MN
128 AM CDT FRI OCT 17 2014


...................................

...THE CHANHASSEN MN CLIMATE SUMMARY FOR OCTOBER 16 2014...

CLIMATE NORMAL PERIOD 1981 TO 2010
CLIMATE RECORD PERIOD 1995 TO 2014


WEATHER ITEM   OBSERVED NORMAL DEPARTURE LAST
                VALUE   VALUE  FROM      YEAR
                               NORMAL
...............................................
TEMPERATURE (F)
 YESTERDAY
  MAXIMUM         70     58     12       53
  MINIMUM         36     38     -2       34
  AVERAGE         53     48      5       44

PRECIPITATION (IN)
  YESTERDAY        0.00   0.09  -0.09     0.04
  MONTH TO DATE    1.03   1.49  -0.46     3.21
  SINCE SEP 1      2.18   4.92  -2.74     4.78
  SINCE JAN 1     34.69  26.92   7.77    32.99

SNOWFALL (IN)
  YESTERDAY        0.0    0.0    0.0      0.0
  MONTH TO DATE    T      0.1   -0.1      0.0
  SINCE SEP 1      T      0.1   -0.1      0.0
  SINCE JUL 1      T      0.1   -0.1      0.0
  SNOW DEPTH       0

DEGREE DAYS
 HEATING
  YESTERDAY       12     17     -5       21
  MONTH TO DATE  271    231     40      180
  SINCE SEP 1    438    407     31      287
  SINCE JUL 1    454    430     24      308

 COOLING
  YESTERDAY        0      0      0        0
  MONTH TO DATE    0      0      0        0
  SINCE SEP 1     35     47    -12       88
  SINCE JAN 1    514    600    -86      667
...............................................







THE CHANHASSEN MN CLIMATE NORMALS FOR TODAY
                         NORMAL
 MAXIMUM TEMPERATURE (F)   58
 MINIMUM TEMPERATURE (F)   38



-  INDICATES NEGATIVE NUMBERS.
R  INDICATES RECORD WAS SET OR TIED.
MM INDICATES DATA IS MISSING.
T  INDICATES TRACE AMOUNT.




$$
