111
CDUS43 KMPX 190016
CLIMPX


CLIMATE REPORT
NATIONAL WEATHER SERVICE CHANHASSEN MN
716 PM CDT THU MAY 18 2017


...................................

...THE CHANHASSEN MN CLIMATE SUMMARY FOR MAY 18 2017...
VALID TODAY AS OF 0700 PM LOCAL TIME.

CLIMATE NORMAL PERIOD 1981 TO 2010
CLIMATE RECORD PERIOD 1995 TO 2017


WEATHER ITEM   OBSERVED TIME   RECORD YEAR NORMAL DEPARTURE LAST
                VALUE   (LST)  VALUE       VALUE  FROM      YEAR
                                                  NORMAL
..................................................................
TEMPERATURE (F)
 TODAY
  MAXIMUM         68        MM  MM      MM  69     -1       68
  MINIMUM         47        MM  MM          48     -1       37
  AVERAGE         58                        59     -1       53

PRECIPITATION (IN)
  TODAY            0.31         MM      MM   0.12   0.19     0.00
  MONTH TO DATE    3.38                      2.09   1.29     1.19
  SINCE MAR 1      9.08                      6.87   2.21     5.92
  SINCE JAN 1     10.68                      8.68   2.00     7.41

SNOWFALL (IN)
  TODAY            0.0          MM      MM   0.0    0.0      0.0
  MONTH TO DATE    T                         0.3   -0.3      0.0
  SINCE MAR 1      6.1                      14.5   -8.4      5.6
  SINCE JUL 1     38.5                      54.2  -15.7     35.5
  SNOW DEPTH       0

DEGREE DAYS
 HEATING
  TODAY            7                         7      0       12
  MONTH TO DATE  146                       172    -26      221
  SINCE MAR 1   1660                      1776   -116     1562
  SINCE JUL 1   6729                      7791  -1062     6777

 COOLING
  TODAY            0                         1     -1        0
  MONTH TO DATE   11                        12     -1        9
  SINCE MAR 1     11                        15     -4       16
  SINCE JAN 1     11                        15     -4       16
..................................................................


WIND (MPH)
  HIGHEST WIND SPEED    MM   HIGHEST WIND DIRECTION    MM
  HIGHEST GUST SPEED    MM   HIGHEST GUST DIRECTION    MM
  AVERAGE WIND SPEED    MM


SKY COVER
  POSSIBLE SUNSHINE  MM
  AVERAGE SKY COVER  MM


WEATHER CONDITIONS
 THE FOLLOWING WEATHER WAS RECORDED TODAY.
  NO SIGNIFICANT WEATHER WAS OBSERVED.


RELATIVE HUMIDITY (PERCENT)
 HIGHEST    MM
 LOWEST     MM
 AVERAGE    MM

..........................................................


THE CHANHASSEN MN CLIMATE NORMALS FOR TOMORROW
                         NORMAL    RECORD    YEAR
 MAXIMUM TEMPERATURE (F)   69        MM        MM
 MINIMUM TEMPERATURE (F)   49        MM        MM


SUNRISE AND SUNSET
MAY 18 2017...........SUNRISE   542 AM CDT   SUNSET   840 PM CDT
MAY 19 2017...........SUNRISE   541 AM CDT   SUNSET   841 PM CDT


-  INDICATES NEGATIVE NUMBERS.
R  INDICATES RECORD WAS SET OR TIED.
MM INDICATES DATA IS MISSING.
T  INDICATES TRACE AMOUNT.




$$
