000
CDUS43 KMPX 142149
CLIMPX


CLIMATE REPORT
NATIONAL WEATHER SERVICE CHANHASSEN MN
449 PM CDT TUE MAR 14 2017


...................................

...THE CHANHASSEN MN CLIMATE SUMMARY FOR MARCH 14 2017...
VALID TODAY AS OF 0400 PM LOCAL TIME.

CLIMATE NORMAL PERIOD 1981 TO 2010
CLIMATE RECORD PERIOD 1995 TO 2017


WEATHER ITEM   OBSERVED TIME   RECORD YEAR NORMAL DEPARTURE LAST
                VALUE   (LST)  VALUE       VALUE  FROM      YEAR
                                                  NORMAL
..................................................................
TEMPERATURE (F)
 TODAY
  MAXIMUM         26        MM  MM      MM  39    -13       58
  MINIMUM          5        MM  MM          22    -17       48
  AVERAGE         16                        30    -14       53

PRECIPITATION (IN)
  TODAY            0.00         MM      MM   0.05  -0.05      T
  MONTH TO DATE    0.35                      0.62  -0.27     0.04
  SINCE MAR 1      0.35                      0.62  -0.27     0.04
  SINCE JAN 1      1.95                      2.43  -0.48     1.53

SNOWFALL (IN)
  TODAY            0.0          MM      MM   0.3   -0.3      0.0
  MONTH TO DATE    5.5                       5.5    0.0      0.6
  SINCE MAR 1      5.5                       5.5    0.0      0.6
  SINCE JUL 1     37.9                      45.2   -7.3     30.5
  SNOW DEPTH       3

DEGREE DAYS
 HEATING
  TODAY           49                        35     14       12
  MONTH TO DATE  551                       530     21      351
  SINCE MAR 1    551                       530     21      351
  SINCE JUL 1   5620                      6545   -925     5566

 COOLING
  TODAY            0                         0      0        0
  MONTH TO DATE    0                         0      0        0
  SINCE MAR 1      0                         0      0        0
  SINCE JAN 1      0                         0      0        0
..................................................................


WIND (MPH)
  HIGHEST WIND SPEED    MM   HIGHEST WIND DIRECTION    MM
  HIGHEST GUST SPEED    MM   HIGHEST GUST DIRECTION    MM
  AVERAGE WIND SPEED    MM


SKY COVER
  POSSIBLE SUNSHINE  MM
  AVERAGE SKY COVER  MM


WEATHER CONDITIONS
 THE FOLLOWING WEATHER WAS RECORDED TODAY.
  NO SIGNIFICANT WEATHER WAS OBSERVED.


RELATIVE HUMIDITY (PERCENT)
 HIGHEST    MM
 LOWEST     MM
 AVERAGE    MM

..........................................................


THE CHANHASSEN MN CLIMATE NORMALS FOR TOMORROW
                         NORMAL    RECORD    YEAR
 MAXIMUM TEMPERATURE (F)   39        MM        MM
 MINIMUM TEMPERATURE (F)   22        MM        MM


SUNRISE AND SUNSET
MARCH 14 2017.........SUNRISE   728 AM CDT   SUNSET   719 PM CDT
MARCH 15 2017.........SUNRISE   726 AM CDT   SUNSET   721 PM CDT


-  INDICATES NEGATIVE NUMBERS.
R  INDICATES RECORD WAS SET OR TIED.
MM INDICATES DATA IS MISSING.
T  INDICATES TRACE AMOUNT.




$$
