000
CDUS43 KMPX 180640
CLIMPX


CLIMATE REPORT
NATIONAL WEATHER SERVICE CHANHASSEN MN
140 AM CDT SAT OCT 18 2014


...................................

...THE CHANHASSEN MN CLIMATE SUMMARY FOR OCTOBER 17 2014...

CLIMATE NORMAL PERIOD 1981 TO 2010
CLIMATE RECORD PERIOD 1995 TO 2014


WEATHER ITEM   OBSERVED NORMAL DEPARTURE LAST
                VALUE   VALUE  FROM      YEAR
                               NORMAL
...............................................
TEMPERATURE (F)
 YESTERDAY
  MAXIMUM         56     58     -2       57
  MINIMUM         46     38      8       37
  AVERAGE         51     48      3       47

PRECIPITATION (IN)
  YESTERDAY        0.00   0.08  -0.08     0.11
  MONTH TO DATE    1.03   1.57  -0.54     3.32
  SINCE SEP 1      2.18   5.00  -2.82     4.89
  SINCE JAN 1     34.69  27.00   7.69    33.10

SNOWFALL (IN)
  YESTERDAY        0.0    0.0    0.0      0.0
  MONTH TO DATE    T      0.1   -0.1      0.0
  SINCE SEP 1      T      0.1   -0.1      0.0
  SINCE JUL 1      T      0.1   -0.1      0.0
  SNOW DEPTH       0

DEGREE DAYS
 HEATING
  YESTERDAY       14     17     -3       18
  MONTH TO DATE  285    248     37      198
  SINCE SEP 1    452    424     28      305
  SINCE JUL 1    468    447     21      326

 COOLING
  YESTERDAY        0      0      0        0
  MONTH TO DATE    0      0      0        0
  SINCE SEP 1     35     47    -12       88
  SINCE JAN 1    514    600    -86      667
...............................................







THE CHANHASSEN MN CLIMATE NORMALS FOR TODAY
                         NORMAL
 MAXIMUM TEMPERATURE (F)   57
 MINIMUM TEMPERATURE (F)   37



-  INDICATES NEGATIVE NUMBERS.
R  INDICATES RECORD WAS SET OR TIED.
MM INDICATES DATA IS MISSING.
T  INDICATES TRACE AMOUNT.




$$
