000
CDUS43 KMPX 240633
CLIMPX


CLIMATE REPORT
NATIONAL WEATHER SERVICE CHANHASSEN MN
1229 AM CST TUE FEB 24 2015


...................................

...THE CHANHASSEN MN CLIMATE SUMMARY FOR FEBRUARY 23 2015...

CLIMATE NORMAL PERIOD 1981 TO 2010
CLIMATE RECORD PERIOD 1995 TO 2015


WEATHER ITEM   OBSERVED TIME   RECORD YEAR NORMAL DEPARTURE LAST
                VALUE   (LST)  VALUE       VALUE  FROM      YEAR
                                                  NORMAL
..................................................................
TEMPERATURE (F)
 YESTERDAY
  MAXIMUM         22        MM  54    2002  30     -8       15
  MINIMUM        -14R       MM  -6    2009  13    -27       -1
  AVERAGE          4                        22    -18        7

PRECIPITATION (IN)
  YESTERDAY        0.00          0.04 2001   0.04  -0.04     0.00
  MONTH TO DATE    0.30                      0.74  -0.44     1.57
  SINCE DEC 1      1.64                      2.86  -1.22     4.15
  SINCE JAN 1      0.67                      1.61  -0.94     2.89

SNOWFALL (IN)
  YESTERDAY        0.0           0.8  2001   0.4   -0.4      0.0
  MONTH TO DATE    4.2                       8.0   -3.8     17.9
  SINCE DEC 1     15.4                      32.2  -16.8     53.0
  SINCE JUL 1     23.5                      38.0  -14.5     54.8
  SNOW DEPTH       1

DEGREE DAYS
 HEATING
  YESTERDAY       61                        43     18       58
  MONTH TO DATE 1255                      1074    181     1303
  SINCE DEC 1   4037                      4098    -61     4831
  SINCE JUL 1   5974                      5805    169     6553

 COOLING
  YESTERDAY        0                         0      0        0
  MONTH TO DATE    0                         0      0        0
  SINCE DEC 1      0                         0      0        0
  SINCE JAN 1      0                         0      0        0
..................................................................


WIND (MPH)
  HIGHEST WIND SPEED    MM   HIGHEST WIND DIRECTION    MM
  HIGHEST GUST SPEED    MM   HIGHEST GUST DIRECTION    MM
  AVERAGE WIND SPEED    MM


SKY COVER
  POSSIBLE SUNSHINE  MM
  AVERAGE SKY COVER  MM


WEATHER CONDITIONS
 THE FOLLOWING WEATHER WAS RECORDED YESTERDAY.
  NO SIGNIFICANT WEATHER WAS OBSERVED.


RELATIVE HUMIDITY (PERCENT)
 HIGHEST    MM
 LOWEST     MM
 AVERAGE    MM

..........................................................


THE CHANHASSEN MN CLIMATE NORMALS FOR TODAY
                         NORMAL    RECORD    YEAR
 MAXIMUM TEMPERATURE (F)   31        42      2006
 MINIMUM TEMPERATURE (F)   14        -6      2003


SUNRISE AND SUNSET
FEBRUARY 24 2015......SUNRISE   701 AM CST   SUNSET   555 PM CST
FEBRUARY 25 2015......SUNRISE   659 AM CST   SUNSET   556 PM CST


-  INDICATES NEGATIVE NUMBERS.
R  INDICATES RECORD WAS SET OR TIED.
MM INDICATES DATA IS MISSING.
T  INDICATES TRACE AMOUNT.




$$
