000
CDUS43 KMPX 130802
CLIMPX


CLIMATE REPORT
NATIONAL WEATHER SERVICE CHANHASSEN MN
201 AM CST MON FEB 13 2017


...................................

...THE CHANHASSEN MN CLIMATE SUMMARY FOR FEBRUARY 12 2017...

CLIMATE NORMAL PERIOD 1981 TO 2010
CLIMATE RECORD PERIOD 1995 TO 2017


WEATHER ITEM   OBSERVED TIME   RECORD YEAR NORMAL DEPARTURE LAST
                VALUE   (LST)  VALUE       VALUE  FROM      YEAR
                                                  NORMAL
..................................................................
TEMPERATURE (F)
 YESTERDAY
  MAXIMUM         38        MM  53    2005  27     11       14
  MINIMUM         27        MM  -9    2003   9     18       -4
  AVERAGE         33                        18     15        5

PRECIPITATION (IN)
  YESTERDAY        T             0.05 2001   0.03  -0.03     0.00
  MONTH TO DATE    0.04                      0.36  -0.32     0.74
  SINCE DEC 1      3.17                      2.48   0.69     3.02
  SINCE JAN 1      0.92                      1.23  -0.31     1.05

SNOWFALL (IN)
  YESTERDAY        0.0           0.5  2014   0.4   -0.4      0.0
  MONTH TO DATE    T                         4.2   -4.2     11.4
  SINCE DEC 1     27.3                      28.4   -1.1     25.4
  SINCE JUL 1     32.4                      34.2   -1.8     28.4
  SNOW DEPTH       T

DEGREE DAYS
 HEATING
  YESTERDAY       32                        47    -15       60
  MONTH TO DATE  527                       579    -52      595
  SINCE DEC 1   3382                      3603   -221     3254
  SINCE JUL 1   4605                      5310   -705     4586

 COOLING
  YESTERDAY        0                         0      0        0
  MONTH TO DATE    0                         0      0        0
  SINCE DEC 1      0                         0      0        0
  SINCE JAN 1      0                         0      0        0
..................................................................


WIND (MPH)
  HIGHEST WIND SPEED    MM   HIGHEST WIND DIRECTION    MM
  HIGHEST GUST SPEED    MM   HIGHEST GUST DIRECTION    MM
  AVERAGE WIND SPEED    MM


SKY COVER
  POSSIBLE SUNSHINE  MM
  AVERAGE SKY COVER  MM


WEATHER CONDITIONS
 THE FOLLOWING WEATHER WAS RECORDED YESTERDAY.
  NO SIGNIFICANT WEATHER WAS OBSERVED.


RELATIVE HUMIDITY (PERCENT)
 HIGHEST    MM
 LOWEST     MM
 AVERAGE    MM

..........................................................


THE CHANHASSEN MN CLIMATE NORMALS FOR TODAY
                         NORMAL    RECORD    YEAR
 MAXIMUM TEMPERATURE (F)   27        45      2011
 MINIMUM TEMPERATURE (F)   10       -11      2016


SUNRISE AND SUNSET
FEBRUARY 13 2017......SUNRISE   717 AM CST   SUNSET   540 PM CST
FEBRUARY 14 2017......SUNRISE   716 AM CST   SUNSET   542 PM CST


-  INDICATES NEGATIVE NUMBERS.
R  INDICATES RECORD WAS SET OR TIED.
MM INDICATES DATA IS MISSING.
T  INDICATES TRACE AMOUNT.




$$
