327
CDUS43 KMPX 080842
CLIMPX


CLIMATE REPORT
NATIONAL WEATHER SERVICE CHANHASSEN MN
241 AM CST MON FEB 8 2016


...................................

...THE CHANHASSEN MN CLIMATE SUMMARY FOR FEBRUARY 7 2016...

CLIMATE NORMAL PERIOD 1981 TO 2010
CLIMATE RECORD PERIOD 1995 TO 2016


WEATHER ITEM   OBSERVED TIME   RECORD YEAR NORMAL DEPARTURE LAST
                VALUE   (LST)  VALUE       VALUE  FROM      YEAR
                                                  NORMAL
..................................................................
TEMPERATURE (F)
 YESTERDAY
  MAXIMUM         39        MM  41    2002  26     13       35
  MINIMUM         14        MM -18    2003   8      6       19
  AVERAGE         27                        17     10       27

PRECIPITATION (IN)
  YESTERDAY        T             0.33 2001   0.03  -0.03     0.00
  MONTH TO DATE    0.72                      0.21   0.51     0.11
  SINCE DEC 1      3.00                      2.33   0.67     1.45
  SINCE JAN 1      1.03                      1.08  -0.05     0.48

SNOWFALL (IN)
  YESTERDAY        T             5.0  2001   0.4   -0.4      0.0
  MONTH TO DATE   10.7                       2.5    8.2      2.5
  SINCE DEC 1     24.7                      26.7   -2.0     13.7
  SINCE JUL 1     27.7                      32.5   -4.8     21.8
  SNOW DEPTH       4

DEGREE DAYS
 HEATING
  YESTERDAY       38                        48    -10       38
  MONTH TO DATE  309                       342    -33      372
  SINCE DEC 1   2968                      3366   -398     3154
  SINCE JUL 1   4300                      5073   -773     5091

 COOLING
  YESTERDAY        0                         0      0        0
  MONTH TO DATE    0                         0      0        0
  SINCE DEC 1      0                         0      0        0
  SINCE JAN 1      0                         0      0        0
..................................................................


WIND (MPH)
  HIGHEST WIND SPEED    MM   HIGHEST WIND DIRECTION    MM
  HIGHEST GUST SPEED    MM   HIGHEST GUST DIRECTION    MM
  AVERAGE WIND SPEED    MM


SKY COVER
  POSSIBLE SUNSHINE  MM
  AVERAGE SKY COVER  MM


WEATHER CONDITIONS
 THE FOLLOWING WEATHER WAS RECORDED YESTERDAY.
  NO SIGNIFICANT WEATHER WAS OBSERVED.


RELATIVE HUMIDITY (PERCENT)
 HIGHEST    MM
 LOWEST     MM
 AVERAGE    MM

..........................................................


THE CHANHASSEN MN CLIMATE NORMALS FOR TODAY
                         NORMAL    RECORD    YEAR
 MAXIMUM TEMPERATURE (F)   26        51      2002
 MINIMUM TEMPERATURE (F)    8       -16      2007


SUNRISE AND SUNSET
FEBRUARY  8 2016......SUNRISE   725 AM CST   SUNSET   532 PM CST
FEBRUARY  9 2016......SUNRISE   724 AM CST   SUNSET   533 PM CST


-  INDICATES NEGATIVE NUMBERS.
R  INDICATES RECORD WAS SET OR TIED.
MM INDICATES DATA IS MISSING.
T  INDICATES TRACE AMOUNT.




$$
