000
CDUS43 KMPX 120711
CLIMPX


CLIMATE REPORT
NATIONAL WEATHER SERVICE CHANHASSEN MN
111 AM CST SUN MAR 12 2017


...................................

...THE CHANHASSEN MN CLIMATE SUMMARY FOR MARCH 11 2017...

CLIMATE NORMAL PERIOD 1981 TO 2010
CLIMATE RECORD PERIOD 1995 TO 2017


WEATHER ITEM   OBSERVED TIME   RECORD YEAR NORMAL DEPARTURE LAST
                VALUE   (LST)  VALUE       VALUE  FROM      YEAR
                                                  NORMAL
..................................................................
TEMPERATURE (F)
 YESTERDAY
  MAXIMUM         20        MM  MM      MM  37    -17       65
  MINIMUM          7        MM  MM      MM  20    -13       24
  AVERAGE         14                        29    -15       45

PRECIPITATION (IN)
  YESTERDAY        0.00         MM      MM   0.05  -0.05     0.00
  MONTH TO DATE    0.09                      0.47  -0.38     0.04
  SINCE MAR 1      0.09                      0.47  -0.38     0.04
  SINCE JAN 1      1.69                      2.28  -0.59     1.53

SNOWFALL (IN)
  YESTERDAY        0.0          MM      MM   0.4   -0.4      0.0
  MONTH TO DATE    1.4                       4.4   -3.0      0.6
  SINCE MAR 1      1.4                       4.4   -3.0      0.6
  SINCE JUL 1     33.8                      44.1  -10.3     30.5
  SNOW DEPTH       0

DEGREE DAYS
 HEATING
  YESTERDAY       51                        36     15       20
  MONTH TO DATE  404                       424    -20      314
  SINCE MAR 1    404                       424    -20      314
  SINCE JUL 1   5473                      6439   -966     5529

 COOLING
  YESTERDAY        0                         0      0        0
  MONTH TO DATE    0                         0      0        0
  SINCE MAR 1      0                         0      0        0
  SINCE JAN 1      0                         0      0        0
..................................................................


WIND (MPH)
  HIGHEST WIND SPEED    MM   HIGHEST WIND DIRECTION    MM
  HIGHEST GUST SPEED    MM   HIGHEST GUST DIRECTION    MM
  AVERAGE WIND SPEED    MM


SKY COVER
  POSSIBLE SUNSHINE  MM
  AVERAGE SKY COVER  MM


WEATHER CONDITIONS
 THE FOLLOWING WEATHER WAS RECORDED YESTERDAY.
  NO SIGNIFICANT WEATHER WAS OBSERVED.


RELATIVE HUMIDITY (PERCENT)
 HIGHEST    MM
 LOWEST     MM
 AVERAGE    MM

..........................................................


THE CHANHASSEN MN CLIMATE NORMALS FOR TODAY
                         NORMAL    RECORD    YEAR
 MAXIMUM TEMPERATURE (F)   38        MM        MM
 MINIMUM TEMPERATURE (F)   21        MM        MM


SUNRISE AND SUNSET
MARCH 12 2017.........SUNRISE   732 AM CDT   SUNSET   717 PM CDT
MARCH 13 2017.........SUNRISE   730 AM CDT   SUNSET   718 PM CDT


-  INDICATES NEGATIVE NUMBERS.
R  INDICATES RECORD WAS SET OR TIED.
MM INDICATES DATA IS MISSING.
T  INDICATES TRACE AMOUNT.




$$
