000
CDUS43 KMPX 090739
CLIMPX


CLIMATE REPORT
NATIONAL WEATHER SERVICE CHANHASSEN MN
138 AM CST FRI FEB 9 2018


...................................

...THE CHANHASSEN MN CLIMATE SUMMARY FOR FEBRUARY 8 2018...

CLIMATE NORMAL PERIOD 1981 TO 2010
CLIMATE RECORD PERIOD 1995 TO 2018


WEATHER ITEM   OBSERVED TIME   RECORD YEAR NORMAL DEPARTURE LAST
                VALUE   (LST)  VALUE       VALUE  FROM      YEAR
                                                  NORMAL
..................................................................
TEMPERATURE (F)
 YESTERDAY
  MAXIMUM         14        MM  51    2002  26    -12       13
  MINIMUM         -3        MM -16    2007   8    -11       -2
  AVERAGE          6                        17    -11        6

PRECIPITATION (IN)
  YESTERDAY        0.02          0.34 2010   0.03  -0.01     0.00
  MONTH TO DATE    0.19                      0.24  -0.05      T
  SINCE DEC 1      2.26                      2.36  -0.10     3.13
  SINCE JAN 1      1.61                      1.11   0.50     0.88

SNOWFALL (IN)
  YESTERDAY        0.3          10.4  2010   0.3    0.0      0.0
  MONTH TO DATE    3.3                       2.8    0.5       T
  SINCE DEC 1     28.8                      27.0    1.8     27.3
  SINCE JUL 1     30.6                      32.8   -2.2     32.4
  SNOW DEPTH       6

DEGREE DAYS
 HEATING
  YESTERDAY       59                        48     11       59
  MONTH TO DATE  498                       390    108      382
  SINCE DEC 1   3538                      3414    124     3237
  SINCE JUL 1   5151                      5121     30     4460

 COOLING
  YESTERDAY        0                         0      0        0
  MONTH TO DATE    0                         0      0        0
  SINCE DEC 1      0                         0      0        0
  SINCE JAN 1      0                         0      0        0
..................................................................


WIND (MPH)
  HIGHEST WIND SPEED    MM   HIGHEST WIND DIRECTION    MM
  HIGHEST GUST SPEED    MM   HIGHEST GUST DIRECTION    MM
  AVERAGE WIND SPEED    MM


SKY COVER
  POSSIBLE SUNSHINE  MM
  AVERAGE SKY COVER  MM


WEATHER CONDITIONS
 THE FOLLOWING WEATHER WAS RECORDED YESTERDAY.
  NO SIGNIFICANT WEATHER WAS OBSERVED.


RELATIVE HUMIDITY (PERCENT)
 HIGHEST    MM
 LOWEST     MM
 AVERAGE    MM

..........................................................


THE CHANHASSEN MN CLIMATE NORMALS FOR TODAY
                         NORMAL    RECORD    YEAR
 MAXIMUM TEMPERATURE (F)   26        46      2009
 MINIMUM TEMPERATURE (F)    8       -11      2011


SUNRISE AND SUNSET
FEBRUARY  9 2018......SUNRISE   723 AM CST   SUNSET   534 PM CST
FEBRUARY 10 2018......SUNRISE   722 AM CST   SUNSET   536 PM CST


-  INDICATES NEGATIVE NUMBERS.
R  INDICATES RECORD WAS SET OR TIED.
MM INDICATES DATA IS MISSING.
T  INDICATES TRACE AMOUNT.




$$
