000
CDUS43 KMPX 200919
CLIMPX


CLIMATE REPORT
NATIONAL WEATHER SERVICE CHANHASSEN MN
318 AM CST TUE JAN 20 2015


...................................

...THE CHANHASSEN MN CLIMATE SUMMARY FOR JANUARY 19 2015...

CLIMATE NORMAL PERIOD 1981 TO 2010
CLIMATE RECORD PERIOD 1995 TO 2015


WEATHER ITEM   OBSERVED TIME   RECORD YEAR NORMAL DEPARTURE LAST
                VALUE   (LST)  VALUE       VALUE  FROM      YEAR
                                                  NORMAL
..................................................................
TEMPERATURE (F)
 YESTERDAY
  MAXIMUM         39R       MM  39    2013  23     16       37
  MINIMUM         18        MM -16    2008   5     13       16
  AVERAGE         29                        14     15       27

PRECIPITATION (IN)
  YESTERDAY        T             0.05 2002   0.03  -0.03     0.00
  MONTH TO DATE    0.22                      0.56  -0.34     0.74
  SINCE DEC 1      1.19                      1.81  -0.62     2.00
  SINCE JAN 1      0.22                      0.56  -0.34     0.74

SNOWFALL (IN)
  YESTERDAY        0.1           1.7  2002   0.4   -0.3      0.0
  MONTH TO DATE    2.9                       6.2   -3.3      8.9
  SINCE DEC 1      9.6                      20.1  -10.5     25.7
  SINCE JUL 1     17.7                      25.9   -8.2     27.5
  SNOW DEPTH       1

DEGREE DAYS
 HEATING
  YESTERDAY       36                        51    -15       38
  MONTH TO DATE 1025                       967     58     1065
  SINCE DEC 1   2324                      2421    -97     2772
  SINCE JUL 1   4261                      4128    133     4494

 COOLING
  YESTERDAY        0                         0      0        0
  MONTH TO DATE    0                         0      0        0
  SINCE DEC 1      0                         0      0        0
  SINCE JAN 1      0                         0      0        0
..................................................................


WIND (MPH)
  HIGHEST WIND SPEED    MM   HIGHEST WIND DIRECTION    MM
  HIGHEST GUST SPEED    MM   HIGHEST GUST DIRECTION    MM
  AVERAGE WIND SPEED    MM


SKY COVER
  POSSIBLE SUNSHINE  MM
  AVERAGE SKY COVER  MM


WEATHER CONDITIONS
 THE FOLLOWING WEATHER WAS RECORDED YESTERDAY.
  NO SIGNIFICANT WEATHER WAS OBSERVED.


RELATIVE HUMIDITY (PERCENT)
 HIGHEST    MM
 LOWEST     MM
 AVERAGE    MM

..........................................................


THE CHANHASSEN MN CLIMATE NORMALS FOR TODAY
                         NORMAL    RECORD    YEAR
 MAXIMUM TEMPERATURE (F)   23        31      2006
                                             2002
 MINIMUM TEMPERATURE (F)    5       -15      2011
                                             2008


SUNRISE AND SUNSET
JANUARY 20 2015.......SUNRISE   745 AM CST   SUNSET   506 PM CST
JANUARY 21 2015.......SUNRISE   745 AM CST   SUNSET   507 PM CST


-  INDICATES NEGATIVE NUMBERS.
R  INDICATES RECORD WAS SET OR TIED.
MM INDICATES DATA IS MISSING.
T  INDICATES TRACE AMOUNT.




$$
