000
CDUS43 KMPX 270629
CLIMPX


CLIMATE REPORT
NATIONAL WEATHER SERVICE CHANHASSEN MN
1224 AM CST SUN NOV 27 2016


...................................

...THE CHANHASSEN MN CLIMATE SUMMARY FOR NOVEMBER 26 2016...

CLIMATE NORMAL PERIOD 1981 TO 2010
CLIMATE RECORD PERIOD 1995 TO 2016


WEATHER ITEM   OBSERVED TIME   RECORD YEAR NORMAL DEPARTURE LAST
                VALUE   (LST)  VALUE       VALUE  FROM      YEAR
                                                  NORMAL
..................................................................
TEMPERATURE (F)
 YESTERDAY
  MAXIMUM         44        MM  MM      MM  34     10       37
  MINIMUM         24        MM  MM      MM  19      5       23
  AVERAGE         34                        26      8       30

PRECIPITATION (IN)
  YESTERDAY        0.00         MM      MM   0.07  -0.07     0.08
  MONTH TO DATE    1.33                      1.74  -0.41     4.44
  SINCE SEP 1      9.94                      7.68   2.26    10.17
  SINCE JAN 1     37.90                     29.68   8.22    33.15

SNOWFALL (IN)
  YESTERDAY        0.0          MM      MM   0.3   -0.3      0.9
  MONTH TO DATE    5.1                       4.2    0.9      0.9
  SINCE SEP 1      5.1                       4.6    0.5      0.9
  SINCE JUL 1      5.1                       4.6    0.5      0.9
  SNOW DEPTH       T

DEGREE DAYS
 HEATING
  YESTERDAY       31                        39     -8       35
  MONTH TO DATE  586                       810   -224      585
  SINCE SEP 1   1100                      1523   -423     1123
  SINCE JUL 1   1113                      1546   -433     1165

 COOLING
  YESTERDAY        0                         0      0        0
  MONTH TO DATE    0                         0      0        0
  SINCE SEP 1     45                        52     -7      119
  SINCE JAN 1    631                       605     26      551
..................................................................


WIND (MPH)
  HIGHEST WIND SPEED    MM   HIGHEST WIND DIRECTION    MM
  HIGHEST GUST SPEED    MM   HIGHEST GUST DIRECTION    MM
  AVERAGE WIND SPEED    MM


SKY COVER
  POSSIBLE SUNSHINE  MM
  AVERAGE SKY COVER  MM


WEATHER CONDITIONS
 THE FOLLOWING WEATHER WAS RECORDED YESTERDAY.
  NO SIGNIFICANT WEATHER WAS OBSERVED.


RELATIVE HUMIDITY (PERCENT)
 HIGHEST    MM
 LOWEST     MM
 AVERAGE    MM

..........................................................


THE CHANHASSEN MN CLIMATE NORMALS FOR TODAY
                         NORMAL    RECORD    YEAR
 MAXIMUM TEMPERATURE (F)   33        MM        MM
 MINIMUM TEMPERATURE (F)   19        MM        MM


SUNRISE AND SUNSET
NOVEMBER 27 2016......SUNRISE   728 AM CST   SUNSET   436 PM CST
NOVEMBER 28 2016......SUNRISE   729 AM CST   SUNSET   436 PM CST


-  INDICATES NEGATIVE NUMBERS.
R  INDICATES RECORD WAS SET OR TIED.
MM INDICATES DATA IS MISSING.
T  INDICATES TRACE AMOUNT.




$$
