000
CDUS43 KMPX 300903
CLIMPX


CLIMATE REPORT
NATIONAL WEATHER SERVICE CHANHASSEN MN
302 AM CST THU NOV 30 2017


...................................

...THE CHANHASSEN MN CLIMATE SUMMARY FOR NOVEMBER 29 2017...

CLIMATE NORMAL PERIOD 1981 TO 2010
CLIMATE RECORD PERIOD 1995 TO 2017


WEATHER ITEM   OBSERVED TIME   RECORD YEAR NORMAL DEPARTURE LAST
                VALUE   (LST)  VALUE       VALUE  FROM      YEAR
                                                  NORMAL
..................................................................
TEMPERATURE (F)
 YESTERDAY
  MAXIMUM         45        MM  MM      MM  32     13       36
  MINIMUM         21        MM  MM      MM  17      4       33
  AVERAGE         33                        25      8       35

PRECIPITATION (IN)
  YESTERDAY        0.00         MM      MM   0.05  -0.05     0.03
  MONTH TO DATE    0.24                      1.91  -1.67     1.65
  SINCE SEP 1      7.68                      7.85  -0.17    10.26
  SINCE JAN 1     37.22                     29.85   7.37    38.22

SNOWFALL (IN)
  YESTERDAY        0.0          MM      MM   0.3   -0.3       T
  MONTH TO DATE    1.1                       5.1   -4.0      5.1
  SINCE SEP 1      1.8                       5.5   -3.7      5.1
  SINCE JUL 1      1.8                       5.5   -3.7      5.1
  SNOW DEPTH       0

DEGREE DAYS
 HEATING
  YESTERDAY       32                        40     -8       30
  MONTH TO DATE  952                       929     23      666
  SINCE SEP 1   1563                      1642    -79     1180
  SINCE JUL 1   1584                      1665    -81     1193

 COOLING
  YESTERDAY        0                         0      0        0
  MONTH TO DATE    0                         0      0        0
  SINCE SEP 1     80                        52     28       45
  SINCE JAN 1    478                       605   -127      631
..................................................................


WIND (MPH)
  HIGHEST WIND SPEED    MM   HIGHEST WIND DIRECTION    MM
  HIGHEST GUST SPEED    MM   HIGHEST GUST DIRECTION    MM
  AVERAGE WIND SPEED    MM


SKY COVER
  POSSIBLE SUNSHINE  MM
  AVERAGE SKY COVER  MM


WEATHER CONDITIONS
 THE FOLLOWING WEATHER WAS RECORDED YESTERDAY.
  NO SIGNIFICANT WEATHER WAS OBSERVED.


RELATIVE HUMIDITY (PERCENT)
 HIGHEST    MM
 LOWEST     MM
 AVERAGE    MM

..........................................................


THE CHANHASSEN MN CLIMATE NORMALS FOR TODAY
                         NORMAL    RECORD    YEAR
 MAXIMUM TEMPERATURE (F)   31        MM        MM
 MINIMUM TEMPERATURE (F)   17        MM        MM


SUNRISE AND SUNSET
NOVEMBER 30 2017......SUNRISE   731 AM CST   SUNSET   435 PM CST
DECEMBER  1 2017......SUNRISE   732 AM CST   SUNSET   435 PM CST


-  INDICATES NEGATIVE NUMBERS.
R  INDICATES RECORD WAS SET OR TIED.
MM INDICATES DATA IS MISSING.
T  INDICATES TRACE AMOUNT.




$$
