000
CDUS43 KMPX 182147
CLIMPX


CLIMATE REPORT
NATIONAL WEATHER SERVICE CHANHASSEN MN
447 PM CDT TUE APR 18 2017


...................................

...THE CHANHASSEN MN CLIMATE SUMMARY FOR APRIL 18 2017...
VALID TODAY AS OF 0400 PM LOCAL TIME.

CLIMATE NORMAL PERIOD 1981 TO 2010
CLIMATE RECORD PERIOD 1995 TO 2017


WEATHER ITEM   OBSERVED TIME   RECORD YEAR NORMAL DEPARTURE LAST
                VALUE   (LST)  VALUE       VALUE  FROM      YEAR
                                                  NORMAL
..................................................................
TEMPERATURE (F)
 TODAY
  MAXIMUM         62        MM  MM      MM  59      3       77
  MINIMUM         49        MM  MM          37     12       50
  AVERAGE         56                        48      8       64

PRECIPITATION (IN)
  TODAY            0.21         MM      MM   0.10   0.11     0.03
  MONTH TO DATE    2.42                      1.73   0.69     0.15
  SINCE MAR 1      3.16                      3.51  -0.35     1.57
  SINCE JAN 1      4.76                      5.32  -0.56     3.06

SNOWFALL (IN)
  TODAY            0.0          MM      MM   0.1   -0.1      0.0
  MONTH TO DATE    0.6                       2.7   -2.1      0.5
  SINCE MAR 1      6.1                      13.5   -7.4      5.6
  SINCE JUL 1     38.5                      53.2  -14.7     35.5
  SNOW DEPTH       0

DEGREE DAYS
 HEATING
  TODAY            9                        17     -8        1
  MONTH TO DATE  274                       387   -113      366
  SINCE MAR 1   1288                      1433   -145     1159
  SINCE JUL 1   6357                      7448  -1091     6374

 COOLING
  TODAY            0                         0      0        0
  MONTH TO DATE    0                         0      0        7
  SINCE MAR 1      0                         0      0        7
  SINCE JAN 1      0                         0      0        7
..................................................................


WIND (MPH)
  HIGHEST WIND SPEED    MM   HIGHEST WIND DIRECTION    MM
  HIGHEST GUST SPEED    MM   HIGHEST GUST DIRECTION    MM
  AVERAGE WIND SPEED    MM


SKY COVER
  POSSIBLE SUNSHINE  MM
  AVERAGE SKY COVER  MM


WEATHER CONDITIONS
 THE FOLLOWING WEATHER WAS RECORDED TODAY.
  NO SIGNIFICANT WEATHER WAS OBSERVED.


RELATIVE HUMIDITY (PERCENT)
 HIGHEST    MM
 LOWEST     MM
 AVERAGE    MM

..........................................................


THE CHANHASSEN MN CLIMATE NORMALS FOR TOMORROW
                         NORMAL    RECORD    YEAR
 MAXIMUM TEMPERATURE (F)   59        MM        MM
 MINIMUM TEMPERATURE (F)   38        MM        MM


SUNRISE AND SUNSET
APRIL 18 2017.........SUNRISE   624 AM CDT   SUNSET   804 PM CDT
APRIL 19 2017.........SUNRISE   622 AM CDT   SUNSET   805 PM CDT


-  INDICATES NEGATIVE NUMBERS.
R  INDICATES RECORD WAS SET OR TIED.
MM INDICATES DATA IS MISSING.
T  INDICATES TRACE AMOUNT.




$$
