000
CDUS43 KMPX 160714
CLIMPX


CLIMATE REPORT
NATIONAL WEATHER SERVICE CHANHASSEN MN
113 AM CST TUE DEC 16 2014


...................................

...THE CHANHASSEN MN CLIMATE SUMMARY FOR DECEMBER 15 2014...

CLIMATE NORMAL PERIOD 1981 TO 2010
CLIMATE RECORD PERIOD 1995 TO 2014


WEATHER ITEM   OBSERVED TIME   RECORD YEAR NORMAL DEPARTURE LAST
                VALUE   (LST)  VALUE       VALUE  FROM      YEAR
                                                  NORMAL
..................................................................
TEMPERATURE (F)
 YESTERDAY
  MAXIMUM         50R       MM  46    2001  25     25        2
  MINIMUM         27        MM -12    2008  10     17       -3
  AVERAGE         39                        18     21        0

PRECIPITATION (IN)
  YESTERDAY        0.29R         T    1999   0.03   0.26     0.00
                                      1999
                                      2011
  MONTH TO DATE    0.30                      0.62  -0.32     0.97
  SINCE DEC 1      0.30                      0.62  -0.32     0.97
  SINCE JAN 1     35.76                     30.53   5.23    34.79

SNOWFALL (IN)
  YESTERDAY        0.2           1.5  2005   0.5   -0.3      0.0
  MONTH TO DATE    0.3                       6.7   -6.4     10.4
  SINCE DEC 1      0.3                       6.7   -6.4     10.4
  SINCE JUL 1      8.4                      12.5   -4.1     12.2
  SNOW DEPTH       0

DEGREE DAYS
 HEATING
  YESTERDAY       26                        47    -21       65
  MONTH TO DATE  585                       667    -82      839
  SINCE DEC 1    585                       667    -82      839
  SINCE JUL 1   2522                      2374    148     2561

 COOLING
  YESTERDAY        0                         0      0        0
  MONTH TO DATE    0                         0      0        0
  SINCE DEC 1      0                         0      0        0
  SINCE JAN 1    514                       605    -91      667
..................................................................


WIND (MPH)
  HIGHEST WIND SPEED    MM   HIGHEST WIND DIRECTION    MM
  HIGHEST GUST SPEED    MM   HIGHEST GUST DIRECTION    MM
  AVERAGE WIND SPEED    MM


SKY COVER
  POSSIBLE SUNSHINE  MM
  AVERAGE SKY COVER  MM


WEATHER CONDITIONS
 THE FOLLOWING WEATHER WAS RECORDED YESTERDAY.
  NO SIGNIFICANT WEATHER WAS OBSERVED.


RELATIVE HUMIDITY (PERCENT)
 HIGHEST    MM
 LOWEST     MM
 AVERAGE    MM

..........................................................


THE CHANHASSEN MN CLIMATE NORMALS FOR TODAY
                         NORMAL    RECORD    YEAR
 MAXIMUM TEMPERATURE (F)   25        46      2006
 MINIMUM TEMPERATURE (F)   10       -14      2008


SUNRISE AND SUNSET
DECEMBER 16 2014......SUNRISE   746 AM CST   SUNSET   434 PM CST
DECEMBER 17 2014......SUNRISE   746 AM CST   SUNSET   434 PM CST


-  INDICATES NEGATIVE NUMBERS.
R  INDICATES RECORD WAS SET OR TIED.
MM INDICATES DATA IS MISSING.
T  INDICATES TRACE AMOUNT.




$$
