000
CDUS43 KMPX 230625
CLIMPX


CLIMATE REPORT
NATIONAL WEATHER SERVICE CHANHASSEN MN
125 AM CDT WED JUL 23 2014


...................................

...THE CHANHASSEN MN CLIMATE SUMMARY FOR JULY 22 2014...

CLIMATE NORMAL PERIOD 1981 TO 2010
CLIMATE RECORD PERIOD 1995 TO 2014


WEATHER ITEM   OBSERVED NORMAL DEPARTURE LAST
                VALUE   VALUE  FROM      YEAR
                               NORMAL
...............................................
TEMPERATURE (F)
 YESTERDAY
  MAXIMUM         81     82     -1       84
  MINIMUM         67     62      5       65
  AVERAGE         74     72      2       75

PRECIPITATION (IN)
  YESTERDAY        0.00   0.11  -0.11     0.00
  MONTH TO DATE    2.81   2.56   0.25     4.53
  SINCE JUN 1     13.23   6.58   6.65    10.81
  SINCE JAN 1     29.13  16.83  12.30    26.31

SNOWFALL (IN)
  YESTERDAY        0.0    0.0    0.0      0.0
  MONTH TO DATE    0.0    0.0    0.0      0.0
  SINCE JUN 1      0.0    0.0    0.0      0.0
  SINCE JUL 1      0.0    0.0    0.0      0.0
  SNOW DEPTH       0

DEGREE DAYS
 HEATING
  YESTERDAY        0      0      0        0
  MONTH TO DATE   13      0     13        0
  SINCE JUN 1     46     49     -3       62
  SINCE JUL 1     13      0     13        0

 COOLING
  YESTERDAY        9      7      2       10
  MONTH TO DATE   99    158    -59      225
  SINCE JUN 1    211    285    -74      337
  SINCE JAN 1    248    318    -70      360
...............................................







THE CHANHASSEN MN CLIMATE NORMALS FOR TODAY
                         NORMAL
 MAXIMUM TEMPERATURE (F)   82
 MINIMUM TEMPERATURE (F)   62



-  INDICATES NEGATIVE NUMBERS.
R  INDICATES RECORD WAS SET OR TIED.
MM INDICATES DATA IS MISSING.
T  INDICATES TRACE AMOUNT.




$$
