828
CDUS43 KMPX 110629
CLIMPX


CLIMATE REPORT
NATIONAL WEATHER SERVICE CHANHASSEN MN
1228 AM CST WED JAN 11 2017


...................................

...THE CHANHASSEN MN CLIMATE SUMMARY FOR JANUARY 10 2017...

CLIMATE NORMAL PERIOD 1981 TO 2010
CLIMATE RECORD PERIOD 1995 TO 2017


WEATHER ITEM   OBSERVED TIME   RECORD YEAR NORMAL DEPARTURE LAST
                VALUE   (LST)  VALUE       VALUE  FROM      YEAR
                                                  NORMAL
..................................................................
TEMPERATURE (F)
 YESTERDAY
  MAXIMUM         26        MM  52    2012  23      3       -3
  MINIMUM          2        MM -13    2016   5     -3      -13
  AVERAGE         14                        14      0       -8

PRECIPITATION (IN)
  YESTERDAY        0.19R         T    2003   0.03   0.16     0.00
                                      2003
                                      2014
  MONTH TO DATE    0.27                      0.31  -0.04     0.20
  SINCE DEC 1      2.52                      1.56   0.96     2.17
  SINCE JAN 1      0.27                      0.31  -0.04     0.20

SNOWFALL (IN)
  YESTERDAY        2.0           2.7  2011   0.3    1.7      0.0
  MONTH TO DATE    2.8                       3.3   -0.5      2.4
  SINCE DEC 1     21.2                      17.2    4.0     11.7
  SINCE JUL 1     26.3                      23.0    3.3     14.7
  SNOW DEPTH       3

DEGREE DAYS
 HEATING
  YESTERDAY       51                        51      0       73
  MONTH TO DATE  556                       508     48      468
  SINCE DEC 1   1988                      1962     26     1596
  SINCE JUL 1   3211                      3669   -458     2928

 COOLING
  YESTERDAY        0                         0      0        0
  MONTH TO DATE    0                         0      0        0
  SINCE DEC 1      0                         0      0        0
  SINCE JAN 1      0                         0      0        0
..................................................................


WIND (MPH)
  HIGHEST WIND SPEED    MM   HIGHEST WIND DIRECTION    MM
  HIGHEST GUST SPEED    MM   HIGHEST GUST DIRECTION    MM
  AVERAGE WIND SPEED    MM


SKY COVER
  POSSIBLE SUNSHINE  MM
  AVERAGE SKY COVER  MM


WEATHER CONDITIONS
 THE FOLLOWING WEATHER WAS RECORDED YESTERDAY.
  NO SIGNIFICANT WEATHER WAS OBSERVED.


RELATIVE HUMIDITY (PERCENT)
 HIGHEST    MM
 LOWEST     MM
 AVERAGE    MM

..........................................................


THE CHANHASSEN MN CLIMATE NORMALS FOR TODAY
                         NORMAL    RECORD    YEAR
 MAXIMUM TEMPERATURE (F)   23        44      2002
 MINIMUM TEMPERATURE (F)    5       -12      2016


SUNRISE AND SUNSET
JANUARY 11 2017.......SUNRISE   750 AM CST   SUNSET   455 PM CST
JANUARY 12 2017.......SUNRISE   750 AM CST   SUNSET   456 PM CST


-  INDICATES NEGATIVE NUMBERS.
R  INDICATES RECORD WAS SET OR TIED.
MM INDICATES DATA IS MISSING.
T  INDICATES TRACE AMOUNT.




$$
