000
CDUS43 KMPX 220722
CLIMPX


CLIMATE REPORT
NATIONAL WEATHER SERVICE CHANHASSEN MN
121 AM CST SAT NOV 22 2014


...................................

...THE CHANHASSEN MN CLIMATE SUMMARY FOR NOVEMBER 21 2014...

CLIMATE NORMAL PERIOD 1981 TO 2010
CLIMATE RECORD PERIOD 1995 TO 2014


WEATHER ITEM   OBSERVED NORMAL DEPARTURE LAST
                VALUE   VALUE  FROM      YEAR
                               NORMAL
...............................................
TEMPERATURE (F)
 YESTERDAY
  MAXIMUM         32     37     -5       37
  MINIMUM          0     22    -22       22
  AVERAGE         16     29    -13       30

PRECIPITATION (IN)
  YESTERDAY        0.00   0.07  -0.07     0.01
  MONTH TO DATE    0.46   1.43  -0.97     0.51
  SINCE SEP 1      2.68   7.37  -4.69     5.61
  SINCE JAN 1     35.19  29.37   5.82    33.82

SNOWFALL (IN)
  YESTERDAY        0.0    0.3   -0.3      0.2
  MONTH TO DATE    4.6    2.9    1.7      1.8
  SINCE SEP 1      4.6    3.3    1.3      1.8
  SINCE JUL 1      4.6    3.3    1.3      1.8
  SNOW DEPTH       3

DEGREE DAYS
 HEATING
  YESTERDAY       49     36     13       35
  MONTH TO DATE  824    623    201      621
  SINCE SEP 1   1525   1336    189     1300
  SINCE JUL 1   1541   1359    182     1321

 COOLING
  YESTERDAY        0      0      0        0
  MONTH TO DATE    0      0      0        0
  SINCE SEP 1     35     52    -17       88
  SINCE JAN 1    514    605    -91      667
...............................................







THE CHANHASSEN MN CLIMATE NORMALS FOR TODAY
                         NORMAL
 MAXIMUM TEMPERATURE (F)   36
 MINIMUM TEMPERATURE (F)   22



-  INDICATES NEGATIVE NUMBERS.
R  INDICATES RECORD WAS SET OR TIED.
MM INDICATES DATA IS MISSING.
T  INDICATES TRACE AMOUNT.




$$
