000
CDUS43 KMPX 121008
CLIMPX


CLIMATE REPORT
NATIONAL WEATHER SERVICE CHANHASSEN MN
408 AM CST FRI DEC 12 2014


...................................

...THE CHANHASSEN MN CLIMATE SUMMARY FOR DECEMBER 11 2014...

CLIMATE NORMAL PERIOD 1981 TO 2010
CLIMATE RECORD PERIOD 1995 TO 2014


WEATHER ITEM   OBSERVED TIME   RECORD YEAR NORMAL DEPARTURE LAST
                VALUE   (LST)  VALUE       VALUE  FROM      YEAR
                                                  NORMAL
..................................................................
TEMPERATURE (F)
 YESTERDAY
  MAXIMUM         31        MM  47    2001  27      4        3
  MINIMUM         26        MM -10    2013  12     14      -10
  AVERAGE         29                        19     10       -3

PRECIPITATION (IN)
  YESTERDAY        0.00          0.97 2010   0.04  -0.04     0.00
  MONTH TO DATE    0.01                      0.47  -0.46     0.90
  SINCE DEC 1      0.01                      0.47  -0.46     0.90
  SINCE JAN 1     35.47                     30.38   5.09    34.72

SNOWFALL (IN)
  YESTERDAY        0.0          14.1  2010   0.4   -0.4      0.0
  MONTH TO DATE    0.1                       4.7   -4.6      9.2
  SINCE DEC 1      0.1                       4.7   -4.6      9.2
  SINCE JUL 1      8.2                      10.5   -2.3     11.0
  SNOW DEPTH       1

DEGREE DAYS
 HEATING
  YESTERDAY       36                        46    -10       68
  MONTH TO DATE  488                       480      8      606
  SINCE DEC 1    488                       480      8      606
  SINCE JUL 1   2425                      2187    238     2328

 COOLING
  YESTERDAY        0                         0      0        0
  MONTH TO DATE    0                         0      0        0
  SINCE DEC 1      0                         0      0        0
  SINCE JAN 1    514                       605    -91      667
..................................................................


WIND (MPH)
  HIGHEST WIND SPEED    MM   HIGHEST WIND DIRECTION    MM
  HIGHEST GUST SPEED    MM   HIGHEST GUST DIRECTION    MM
  AVERAGE WIND SPEED    MM


SKY COVER
  POSSIBLE SUNSHINE  MM
  AVERAGE SKY COVER  MM


WEATHER CONDITIONS
 THE FOLLOWING WEATHER WAS RECORDED YESTERDAY.
  NO SIGNIFICANT WEATHER WAS OBSERVED.


RELATIVE HUMIDITY (PERCENT)
 HIGHEST    MM
 LOWEST     MM
 AVERAGE    MM

..........................................................


THE CHANHASSEN MN CLIMATE NORMALS FOR TODAY
                         NORMAL    RECORD    YEAR
 MAXIMUM TEMPERATURE (F)   26        47      1999
 MINIMUM TEMPERATURE (F)   11       -15      2000


SUNRISE AND SUNSET
DECEMBER 12 2014......SUNRISE   743 AM CST   SUNSET   433 PM CST
DECEMBER 13 2014......SUNRISE   744 AM CST   SUNSET   433 PM CST


-  INDICATES NEGATIVE NUMBERS.
R  INDICATES RECORD WAS SET OR TIED.
MM INDICATES DATA IS MISSING.
T  INDICATES TRACE AMOUNT.




$$
