000
CDUS43 KMPX 150055
CLIMPX


CLIMATE REPORT
NATIONAL WEATHER SERVICE CHANHASSEN MN
755 PM CDT SUN SEP 14 2014


...................................

...THE CHANHASSEN MN CLIMATE SUMMARY FOR SEPTEMBER 14 2014...
VALID AS OF 0700 PM LOCAL TIME.

CLIMATE NORMAL PERIOD 1981 TO 2010
CLIMATE RECORD PERIOD 1995 TO 2014


WEATHER ITEM   OBSERVED NORMAL DEPARTURE LAST
                VALUE   VALUE  FROM      YEAR
                               NORMAL
...............................................
TEMPERATURE (F)
 TODAY
  MAXIMUM         63     71     -8       70
  MINIMUM         47     52     -5       47
  AVERAGE         55     62     -7       59

PRECIPITATION (IN)
  TODAY            0.00   0.12  -0.12     0.40
  MONTH TO DATE    0.49   1.72  -1.23     0.56
  SINCE SEP 1      0.49   1.72  -1.23     0.56
  SINCE JAN 1     33.00  23.72   9.28    28.77

SNOWFALL (IN)
  TODAY            0.0    0.0    0.0      0.0
  MONTH TO DATE    0.0    0.0    0.0      0.0
  SINCE SEP 1      0.0    0.0    0.0      0.0
  SINCE JUL 1      0.0    0.0    0.0      0.0
  SNOW DEPTH       0

DEGREE DAYS
 HEATING
  TODAY           10      5      5        6
  MONTH TO DATE   84     46     38       28
  SINCE SEP 1     84     46     38       28
  SINCE JUL 1    100     69     31       49

 COOLING
  TODAY            0      2     -2        0
  MONTH TO DATE   19     35    -16       68
  SINCE SEP 1     19     35    -16       68
  SINCE JAN 1    498    588    -90      647
...............................................







THE CHANHASSEN MN CLIMATE NORMALS FOR TOMORROW
                         NORMAL
 MAXIMUM TEMPERATURE (F)   71
 MINIMUM TEMPERATURE (F)   51



-  INDICATES NEGATIVE NUMBERS.
R  INDICATES RECORD WAS SET OR TIED.
MM INDICATES DATA IS MISSING.
T  INDICATES TRACE AMOUNT.




$$
