000
CDUS43 KMPX 160634
CLIMPX


CLIMATE REPORT
NATIONAL WEATHER SERVICE CHANHASSEN MN
1233 AM CST SUN NOV 16 2014


...................................

...THE CHANHASSEN MN CLIMATE SUMMARY FOR NOVEMBER 15 2014...

CLIMATE NORMAL PERIOD 1981 TO 2010
CLIMATE RECORD PERIOD 1995 TO 2014


WEATHER ITEM   OBSERVED NORMAL DEPARTURE LAST
                VALUE   VALUE  FROM      YEAR
                               NORMAL
...............................................
TEMPERATURE (F)
 YESTERDAY
  MAXIMUM         21     41    -20       55
  MINIMUM          1     26    -25       26
  AVERAGE         11     33    -22       41

PRECIPITATION (IN)
  YESTERDAY        0.13   0.07   0.06     0.00
  MONTH TO DATE    0.43   1.02  -0.59     0.37
  SINCE SEP 1      2.65   6.96  -4.31     5.47
  SINCE JAN 1     35.16  28.96   6.20    33.68

SNOWFALL (IN)
  YESTERDAY        1.7    0.1    1.6      0.0
  MONTH TO DATE    4.1    1.6    2.5      1.6
  SINCE SEP 1      4.1    2.0    2.1      1.6
  SINCE JUL 1      4.1    2.0    2.1      1.6
  SNOW DEPTH       2

DEGREE DAYS
 HEATING
  YESTERDAY       54     32     22       24
  MONTH TO DATE  512    418     94      442
  SINCE SEP 1   1213   1131     82     1121
  SINCE JUL 1   1229   1154     75     1142

 COOLING
  YESTERDAY        0      0      0        0
  MONTH TO DATE    0      0      0        0
  SINCE SEP 1     35     52    -17       88
  SINCE JAN 1    514    605    -91      667
...............................................







THE CHANHASSEN MN CLIMATE NORMALS FOR TODAY
                         NORMAL
 MAXIMUM TEMPERATURE (F)   40
 MINIMUM TEMPERATURE (F)   25



-  INDICATES NEGATIVE NUMBERS.
R  INDICATES RECORD WAS SET OR TIED.
MM INDICATES DATA IS MISSING.
T  INDICATES TRACE AMOUNT.




$$
