000
CDUS43 KMPX 212145
CLIMPX


CLIMATE REPORT
NATIONAL WEATHER SERVICE CHANHASSEN MN
439 PM CDT THU MAY 21 2015


...................................

...THE CHANHASSEN MN CLIMATE SUMMARY FOR MAY 21 2015...
VALID AS OF 0400 PM LOCAL TIME.

CLIMATE NORMAL PERIOD 1981 TO 2010
CLIMATE RECORD PERIOD 1995 TO 2015


WEATHER ITEM   OBSERVED TIME   RECORD YEAR NORMAL DEPARTURE LAST
                VALUE   (LST)  VALUE       VALUE  FROM      YEAR
                                                  NORMAL
..................................................................
TEMPERATURE (F)
 TODAY
  MAXIMUM         71        MM  MM      MM  70      1       64
  MINIMUM         40        MM  MM      MM  49     -9       47
  AVERAGE         56                        60     -4       56

PRECIPITATION (IN)
  TODAY            0.00         MM      MM   0.12  -0.12     0.00
  MONTH TO DATE    3.01                      2.45   0.56     3.36
  SINCE MAR 1      6.01                      7.23  -1.22    11.10
  SINCE JAN 1      6.77                      9.04  -2.27    14.01

SNOWFALL (IN)
  TODAY            0.0          MM      MM   0.0    0.0      0.0
  MONTH TO DATE    T                         0.3   -0.3       T
  SINCE MAR 1      9.3                      14.5   -5.2     14.2
  SINCE JUL 1     33.4                      54.2  -20.8     69.5
  SNOW DEPTH       0

DEGREE DAYS
 HEATING
  TODAY            9                         7      2        9
  MONTH TO DATE  196                       193      3      271
  SINCE MAR 1   1672                      1797   -125     2247
  SINCE JUL 1   7930                      7812    118     9130

 COOLING
  TODAY            0                         1     -1        0
  MONTH TO DATE    1                        15    -14        0
  SINCE MAR 1      1                        18    -17        0
  SINCE JAN 1      1                        18    -17        0
..................................................................




SKY COVER
  POSSIBLE SUNSHINE  MM
  AVERAGE SKY COVER  MM


WEATHER CONDITIONS
 THE FOLLOWING WEATHER WAS RECORDED TODAY.
  NO SIGNIFICANT WEATHER WAS OBSERVED.


RELATIVE HUMIDITY (PERCENT)
 HIGHEST    MM
 LOWEST     MM
 AVERAGE    MM

..........................................................


THE CHANHASSEN MN CLIMATE NORMALS FOR TOMORROW
                         NORMAL    RECORD    YEAR
 MAXIMUM TEMPERATURE (F)   70        MM        MM
 MINIMUM TEMPERATURE (F)   50        MM        MM


SUNRISE AND SUNSET
MAY 21 2015...........SUNRISE   540 AM CDT   SUNSET   843 PM CDT
MAY 22 2015...........SUNRISE   539 AM CDT   SUNSET   844 PM CDT


-  INDICATES NEGATIVE NUMBERS.
R  INDICATES RECORD WAS SET OR TIED.
MM INDICATES DATA IS MISSING.
T  INDICATES TRACE AMOUNT.




$$
